156.253.175.114 - - [15/Mar/2025:19:01:47 +0300] "GET /contact?f=/home/digitalh/public_html/composer.json&a=bj HTTP/1.1" 200 7103 "https://digitalhubbd.com/contact" "Mozilla/5.0 (Macintosh; Intel Mac OS X 12_5) AppleWebKit/537.36 (KHTML, like Gecko) Chrome/114.0.0.0 YaBrowser/22.7.0 Yowser/2.5 Safari/537.36"
156.253.175.114 - - [15/Mar/2025:19:01:56 +0300] "POST /contact?f=/home/digitalh/public_html/package-lock.json&a=bj HTTP/1.1" 419 2951 "https://digitalhubbd.com/contact?f=/home/digitalh/public_html/package-lock.json&a=bj" "Mozilla/5.0 (Macintosh; Intel Mac OS X 12_5) AppleWebKit/537.36 (KHTML, like Gecko) Chrome/114.0.0.0 YaBrowser/22.7.0 Yowser/2.5 Safari/537.36"
66.249.66.36 - - [15/Mar/2025:19:14:20 +0300] "GET /shopdetail/11877103 HTTP/1.1" 200 18800 "-" "Mozilla/5.0 (Linux; Android 6.0.1; Nexus 5X Build/MMB29P) AppleWebKit/537.36 (KHTML, like Gecko) Chrome/133.0.6943.141 Mobile Safari/537.36 (compatible; GoogleOther)"
156.253.175.114 - - [15/Mar/2025:19:01:36 +0300] "GET /contact HTTP/1.1" 200 8499 "-" "Mozilla/5.0 (Macintosh; Intel Mac OS X 12_5) AppleWebKit/537.36 (KHTML, like Gecko) Chrome/114.0.0.0 YaBrowser/22.7.0 Yowser/2.5 Safari/537.36"
156.253.175.114 - - [15/Mar/2025:19:01:38 +0300] "GET /contact?d=/home/digitalh/public_html/app HTTP/1.1" 200 7189 "https://digitalhubbd.com/contact" "Mozilla/5.0 (Macintosh; Intel Mac OS X 12_5) AppleWebKit/537.36 (KHTML, like Gecko) Chrome/114.0.0.0 YaBrowser/22.7.0 Yowser/2.5 Safari/537.36"
156.253.175.114 - - [15/Mar/2025:19:01:39 +0300] "GET /contact?d=/home/digitalh/ HTTP/1.1" 200 9561 "https://digitalhubbd.com/contact" "Mozilla/5.0 (Macintosh; Intel Mac OS X 12_5) AppleWebKit/537.36 (KHTML, like Gecko) Chrome/114.0.0.0 YaBrowser/22.7.0 Yowser/2.5 Safari/537.36"
156.253.175.114 - - [15/Mar/2025:19:01:54 +0300] "GET /contact?d=/home/digitalh/public_html/database HTTP/1.1" 200 6989 "https://digitalhubbd.com/contact" "Mozilla/5.0 (Macintosh; Intel Mac OS X 12_5) AppleWebKit/537.36 (KHTML, like Gecko) Chrome/114.0.0.0 YaBrowser/22.7.0 Yowser/2.5 Safari/537.36"
156.253.171.140 - - [15/Mar/2025:19:01:56 +0300] "POST /contact?f=/home/digitalh/public_html/package-lock.json&a=bj HTTP/1.1" 419 2951 "https://digitalhubbd.com/contact?f=/home/digitalh/public_html/package-lock.json&a=bj" "Mozilla/5.0 (Macintosh; Intel Mac OS X 12_5) AppleWebKit/537.36 (KHTML, like Gecko) Chrome/114.0.0.0 YaBrowser/22.7.0 Yowser/2.5 Safari/537.36"
156.253.167.205 - - [15/Mar/2025:19:01:57 +0300] "POST /contact?f=/home/digitalh/public_html/package-lock.json&a=bj HTTP/1.1" 419 2951 "https://digitalhubbd.com/contact?f=/home/digitalh/public_html/package-lock.json&a=bj" "Mozilla/5.0 (Macintosh; Intel Mac OS X 12_5) AppleWebKit/537.36 (KHTML, like Gecko) Chrome/114.0.0.0 YaBrowser/22.7.0 Yowser/2.5 Safari/537.36"
66.249.66.35 - - [15/Mar/2025:19:03:10 +0300] "GET /shopdetail/13909592 HTTP/1.1" 200 19576 "-" "Mozilla/5.0 (Linux; Android 6.0.1; Nexus 5X Build/MMB29P) AppleWebKit/537.36 (KHTML, like Gecko) Chrome/133.0.6943.141 Mobile Safari/537.36 (compatible; GoogleOther)"
156.253.175.114 - - [15/Mar/2025:19:01:40 +0300] "GET /contact?d=/home/digitalh/public_html/.idea HTTP/1.1" 200 7192 "https://digitalhubbd.com/contact" "Mozilla/5.0 (Macintosh; Intel Mac OS X 12_5) AppleWebKit/537.36 (KHTML, like Gecko) Chrome/114.0.0.0 YaBrowser/22.7.0 Yowser/2.5 Safari/537.36"
156.253.175.114 - - [15/Mar/2025:19:01:44 +0300] "GET /contact?f=/home/digitalh/public_html/package-lock.json&a=bj HTTP/1.1" 200 6606 "https://digitalhubbd.com/contact" "Mozilla/5.0 (Macintosh; Intel Mac OS X 12_5) AppleWebKit/537.36 (KHTML, like Gecko) Chrome/114.0.0.0 YaBrowser/22.7.0 Yowser/2.5 Safari/537.36"
156.253.175.114 - - [15/Mar/2025:19:01:47 +0300] "GET /contact?f=/home/digitalh/public_html/laravel10-digitalteam.zip&a=bj HTTP/1.1" 200 13181091 "https://digitalhubbd.com/contact" "Mozilla/5.0 (Macintosh; Intel Mac OS X 12_5) AppleWebKit/537.36 (KHTML, like Gecko) Chrome/114.0.0.0 YaBrowser/22.7.0 Yowser/2.5 Safari/537.36"
156.253.175.114 - - [15/Mar/2025:19:01:55 +0300] "GET /contact?d=/home/digitalh/public_html/resources HTTP/1.1" 200 6865 "https://digitalhubbd.com/contact" "Mozilla/5.0 (Macintosh; Intel Mac OS X 12_5) AppleWebKit/537.36 (KHTML, like Gecko) Chrome/114.0.0.0 YaBrowser/22.7.0 Yowser/2.5 Safari/537.36"
156.253.166.79 - - [15/Mar/2025:19:01:57 +0300] "POST /contact?f=/home/digitalh/public_html/package-lock.json&a=bj HTTP/1.1" 419 2951 "https://digitalhubbd.com/contact?f=/home/digitalh/public_html/package-lock.json&a=bj" "Mozilla/5.0 (Macintosh; Intel Mac OS X 12_5) AppleWebKit/537.36 (KHTML, like Gecko) Chrome/114.0.0.0 YaBrowser/22.7.0 Yowser/2.5 Safari/537.36"
66.249.66.35 - - [15/Mar/2025:19:07:10 +0300] "GET /shopdetail/11902769 HTTP/1.1" 200 19141 "-" "Mozilla/5.0 (Linux; Android 6.0.1; Nexus 5X Build/MMB29P) AppleWebKit/537.36 (KHTML, like Gecko) Chrome/133.0.6943.141 Mobile Safari/537.36 (compatible; GoogleOther)"
66.249.66.36 - - [15/Mar/2025:19:13:32 +0300] "GET /shopdetail/12064125 HTTP/1.1" 200 18639 "-" "Mozilla/5.0 (Linux; Android 6.0.1; Nexus 5X Build/MMB29P) AppleWebKit/537.36 (KHTML, like Gecko) Chrome/133.0.6943.141 Mobile Safari/537.36 (compatible; GoogleOther)"
156.253.175.114 - - [15/Mar/2025:19:01:37 +0300] "GET /contact?d=/ HTTP/1.1" 500 0 "https://digitalhubbd.com/contact" "Mozilla/5.0 (Macintosh; Intel Mac OS X 12_5) AppleWebKit/537.36 (KHTML, like Gecko) Chrome/114.0.0.0 YaBrowser/22.7.0 Yowser/2.5 Safari/537.36"
156.253.175.114 - - [15/Mar/2025:19:01:39 +0300] "GET /contact?d=/home/digitalh/public_html HTTP/1.1" 200 8502 "https://digitalhubbd.com/contact" "Mozilla/5.0 (Macintosh; Intel Mac OS X 12_5) AppleWebKit/537.36 (KHTML, like Gecko) Chrome/114.0.0.0 YaBrowser/22.7.0 Yowser/2.5 Safari/537.36"
66.249.66.37 - - [15/Mar/2025:19:15:56 +0300] "GET /shopdetail/9929192 HTTP/1.1" 200 18123 "-" "Mozilla/5.0 (Linux; Android 6.0.1; Nexus 5X Build/MMB29P) AppleWebKit/537.36 (KHTML, like Gecko) Chrome/133.0.6943.141 Mobile Safari/537.36 (compatible; GoogleOther)"
156.253.175.114 - - [15/Mar/2025:19:01:38 +0300] "GET /contact?d=/home/ HTTP/1.1" 200 6696 "https://digitalhubbd.com/contact" "Mozilla/5.0 (Macintosh; Intel Mac OS X 12_5) AppleWebKit/537.36 (KHTML, like Gecko) Chrome/114.0.0.0 YaBrowser/22.7.0 Yowser/2.5 Safari/537.36"
156.253.175.114 - - [15/Mar/2025:19:01:43 +0300] "GET /contact HTTP/1.1" 200 8501 "https://digitalhubbd.com/contact" "Mozilla/5.0 (Macintosh; Intel Mac OS X 12_5) AppleWebKit/537.36 (KHTML, like Gecko) Chrome/114.0.0.0 YaBrowser/22.7.0 Yowser/2.5 Safari/537.36"
156.253.175.114 - - [15/Mar/2025:19:01:46 +0300] "GET /contact?f=/home/digitalh/public_html/package.json&a=bj HTTP/1.1" 200 6534 "https://digitalhubbd.com/contact" "Mozilla/5.0 (Macintosh; Intel Mac OS X 12_5) AppleWebKit/537.36 (KHTML, like Gecko) Chrome/114.0.0.0 YaBrowser/22.7.0 Yowser/2.5 Safari/537.36"
66.249.66.35 - - [15/Mar/2025:19:03:59 +0300] "GET /shopdetail/10992458 HTTP/1.1" 200 19070 "-" "Mozilla/5.0 (Linux; Android 6.0.1; Nexus 5X Build/MMB29P) AppleWebKit/537.36 (KHTML, like Gecko) Chrome/133.0.6943.141 Mobile Safari/537.36 (compatible; GoogleOther)"
66.249.66.37 - - [15/Mar/2025:19:09:32 +0300] "GET /shopdetail/13886358 HTTP/1.1" 200 18730 "-" "Mozilla/5.0 (Linux; Android 6.0.1; Nexus 5X Build/MMB29P) AppleWebKit/537.36 (KHTML, like Gecko) Chrome/133.0.6943.141 Mobile Safari/537.36 (compatible; GoogleOther)"
156.253.175.114 - - [15/Mar/2025:19:01:40 +0300] "GET /contact?d=/home/digitalh/public_html/tests HTTP/1.1" 200 7013 "https://digitalhubbd.com/contact" "Mozilla/5.0 (Macintosh; Intel Mac OS X 12_5) AppleWebKit/537.36 (KHTML, like Gecko) Chrome/114.0.0.0 YaBrowser/22.7.0 Yowser/2.5 Safari/537.36"
156.253.175.114 - - [15/Mar/2025:19:01:41 +0300] "GET /contact?d=/home/digitalh/public_html/ HTTP/1.1" 200 8502 "https://digitalhubbd.com/contact" "Mozilla/5.0 (Macintosh; Intel Mac OS X 12_5) AppleWebKit/537.36 (KHTML, like Gecko) Chrome/114.0.0.0 YaBrowser/22.7.0 Yowser/2.5 Safari/537.36"
156.253.175.114 - - [15/Mar/2025:19:01:42 +0300] "GET /contact?d=/home/digitalh/public_html/.well-known HTTP/1.1" 200 6755 "https://digitalhubbd.com/contact" "Mozilla/5.0 (Macintosh; Intel Mac OS X 12_5) AppleWebKit/537.36 (KHTML, like Gecko) Chrome/114.0.0.0 YaBrowser/22.7.0 Yowser/2.5 Safari/537.36"
156.253.175.114 - - [15/Mar/2025:19:01:45 +0300] "GET /contact?d=/home/digitalh/public_html/laravel10-digitalteam HTTP/1.1" 200 6903 "https://digitalhubbd.com/contact" "Mozilla/5.0 (Macintosh; Intel Mac OS X 12_5) AppleWebKit/537.36 (KHTML, like Gecko) Chrome/114.0.0.0 YaBrowser/22.7.0 Yowser/2.5 Safari/537.36"
156.253.175.114 - - [15/Mar/2025:19:01:46 +0300] "GET /contact?f=/home/digitalh/public_html/composer.lock&a=bj HTTP/1.1" 200 43403 "https://digitalhubbd.com/contact" "Mozilla/5.0 (Macintosh; Intel Mac OS X 12_5) AppleWebKit/537.36 (KHTML, like Gecko) Chrome/114.0.0.0 YaBrowser/22.7.0 Yowser/2.5 Safari/537.36"
66.249.66.35 - - [15/Mar/2025:19:11:08 +0300] "GET /shopdetail/10896925 HTTP/1.1" 200 17915 "-" "Mozilla/5.0 (Linux; Android 6.0.1; Nexus 5X Build/MMB29P) AppleWebKit/537.36 (KHTML, like Gecko) Chrome/133.0.6943.141 Mobile Safari/537.36 (compatible; GoogleOther)"
66.249.66.36 - - [15/Mar/2025:19:27:31 +0300] "POST /get-message-notify HTTP/1.1" 200 18048 "https://digitalhubbd.com/shopdetail/11823414" "Mozilla/5.0 (Linux; Android 6.0.1; Nexus 5X Build/MMB29P) AppleWebKit/537.36 (KHTML, like Gecko) Chrome/133.0.6943.141 Mobile Safari/537.36 (compatible; Googlebot/2.1; +http://www.google.com/bot.html)"
66.249.66.35 - - [15/Mar/2025:19:28:55 +0300] "GET /shopdetail/8539403 HTTP/1.1" 200 18098 "-" "Mozilla/5.0 (Linux; Android 6.0.1; Nexus 5X Build/MMB29P) AppleWebKit/537.36 (KHTML, like Gecko) Chrome/133.0.6943.141 Mobile Safari/537.36 (compatible; GoogleOther)"
66.249.66.36 - - [15/Mar/2025:19:30:04 +0300] "GET /shopdetail/10289292 HTTP/1.1" 200 18859 "-" "Mozilla/5.0 (Linux; Android 6.0.1; Nexus 5X Build/MMB29P) AppleWebKit/537.36 (KHTML, like Gecko) Chrome/133.0.6943.141 Mobile Safari/537.36 (compatible; GoogleOther)"
66.249.66.35 - - [15/Mar/2025:19:20:39 +0300] "POST /get-message-notify HTTP/1.1" 200 18048 "https://digitalhubbd.com/shopdetail/11902769" "Mozilla/5.0 (Linux; Android 6.0.1; Nexus 5X Build/MMB29P) AppleWebKit/537.36 (KHTML, like Gecko) Chrome/133.0.6943.141 Mobile Safari/537.36 (compatible; Googlebot/2.1; +http://www.google.com/bot.html)"
66.249.66.37 - - [15/Mar/2025:19:28:04 +0300] "GET /shopdetail/8710347 HTTP/1.1" 200 19600 "-" "Mozilla/5.0 (Linux; Android 6.0.1; Nexus 5X Build/MMB29P) AppleWebKit/537.36 (KHTML, like Gecko) Chrome/133.0.6943.141 Mobile Safari/537.36 (compatible; Googlebot/2.1; +http://www.google.com/bot.html)"
66.249.66.36 - - [15/Mar/2025:19:16:45 +0300] "POST /get-message-notify HTTP/1.1" 200 18048 "https://digitalhubbd.com/shopdetail/3475869" "Mozilla/5.0 (Linux; Android 6.0.1; Nexus 5X Build/MMB29P) AppleWebKit/537.36 (KHTML, like Gecko) Chrome/133.0.6943.141 Mobile Safari/537.36 (compatible; Googlebot/2.1; +http://www.google.com/bot.html)"
66.249.66.35 - - [15/Mar/2025:19:20:27 +0300] "GET /shopdetail/10595369 HTTP/1.1" 200 19619 "-" "Mozilla/5.0 (Linux; Android 6.0.1; Nexus 5X Build/MMB29P) AppleWebKit/537.36 (KHTML, like Gecko) Chrome/133.0.6943.141 Mobile Safari/537.36 (compatible; GoogleOther)"
66.249.66.37 - - [15/Mar/2025:19:32:09 +0300] "GET /shopdetail/13249503 HTTP/1.1" 200 18812 "-" "Mozilla/5.0 (Linux; Android 6.0.1; Nexus 5X Build/MMB29P) AppleWebKit/537.36 (KHTML, like Gecko) Chrome/133.0.6943.141 Mobile Safari/537.36 (compatible; GoogleOther)"
66.249.66.35 - - [15/Mar/2025:19:19:25 +0300] "GET /shopdetail/11999714 HTTP/1.1" 200 18061 "-" "Mozilla/5.0 (Linux; Android 6.0.1; Nexus 5X Build/MMB29P) AppleWebKit/537.36 (KHTML, like Gecko) Chrome/133.0.6943.141 Mobile Safari/537.36 (compatible; GoogleOther)"
66.249.66.36 - - [15/Mar/2025:19:22:53 +0300] "GET / HTTP/1.1" 200 18268 "-" "Mozilla/5.0 (Linux; Android 6.0.1; Nexus 5X Build/MMB29P) AppleWebKit/537.36 (KHTML, like Gecko) Chrome/133.0.6943.141 Mobile Safari/537.36 (compatible; Googlebot/2.1; +http://www.google.com/bot.html)"
66.249.66.35 - - [15/Mar/2025:19:23:28 +0300] "GET /shopdetail/11217170 HTTP/1.1" 200 18824 "-" "Mozilla/5.0 (Linux; Android 6.0.1; Nexus 5X Build/MMB29P) AppleWebKit/537.36 (KHTML, like Gecko) Chrome/133.0.6943.141 Mobile Safari/537.36 (compatible; GoogleOther)"
66.249.66.35 - - [15/Mar/2025:19:27:53 +0300] "GET /shopdetail/7922014 HTTP/1.1" 200 18201 "-" "Mozilla/5.0 (Linux; Android 6.0.1; Nexus 5X Build/MMB29P) AppleWebKit/537.36 (KHTML, like Gecko) Chrome/133.0.6943.141 Mobile Safari/537.36 (compatible; GoogleOther)"
66.249.66.35 - - [15/Mar/2025:19:30:21 +0300] "GET /shopdetail/13613181 HTTP/1.1" 200 20251 "-" "Mozilla/5.0 (Linux; Android 6.0.1; Nexus 5X Build/MMB29P) AppleWebKit/537.36 (KHTML, like Gecko) Chrome/133.0.6943.141 Mobile Safari/537.36 (compatible; Googlebot/2.1; +http://www.google.com/bot.html)"
66.249.66.36 - - [15/Mar/2025:19:21:29 +0300] "GET /shopdetail/13899036 HTTP/1.1" 200 18280 "-" "Mozilla/5.0 (Linux; Android 6.0.1; Nexus 5X Build/MMB29P) AppleWebKit/537.36 (KHTML, like Gecko) Chrome/133.0.6943.141 Mobile Safari/537.36 (compatible; GoogleOther)"
66.249.66.36 - - [15/Mar/2025:19:23:26 +0300] "POST /get-message-notify HTTP/1.1" 200 18048 "https://digitalhubbd.com/shopdetail/12399192" "Mozilla/5.0 (Linux; Android 6.0.1; Nexus 5X Build/MMB29P) AppleWebKit/537.36 (KHTML, like Gecko) Chrome/133.0.6943.141 Mobile Safari/537.36 (compatible; Googlebot/2.1; +http://www.google.com/bot.html)"
66.249.66.36 - - [15/Mar/2025:19:24:30 +0300] "GET /shopdetail/16588703 HTTP/1.1" 200 20367 "-" "Mozilla/5.0 (Linux; Android 6.0.1; Nexus 5X Build/MMB29P) AppleWebKit/537.36 (KHTML, like Gecko) Chrome/133.0.6943.141 Mobile Safari/537.36 (compatible; GoogleOther)"
66.249.66.37 - - [15/Mar/2025:19:24:18 +0300] "POST /get-message-notify HTTP/1.1" 200 18050 "https://digitalhubbd.com/shopdetail/11161803" "Mozilla/5.0 (Linux; Android 6.0.1; Nexus 5X Build/MMB29P) AppleWebKit/537.36 (KHTML, like Gecko) Chrome/133.0.6943.141 Mobile Safari/537.36 (compatible; Googlebot/2.1; +http://www.google.com/bot.html)"
66.249.66.37 - - [15/Mar/2025:19:26:06 +0300] "GET / HTTP/1.1" 200 18268 "-" "Mozilla/5.0 (Linux; Android 6.0.1; Nexus 5X Build/MMB29P) AppleWebKit/537.36 (KHTML, like Gecko) Chrome/133.0.6943.141 Mobile Safari/537.36 (compatible; Googlebot/2.1; +http://www.google.com/bot.html)"
66.249.66.37 - - [15/Mar/2025:19:43:54 +0300] "POST /get-message-notify HTTP/1.1" 200 18048 "https://digitalhubbd.com/shopdetail/16588703" "Mozilla/5.0 (Linux; Android 6.0.1; Nexus 5X Build/MMB29P) AppleWebKit/537.36 (KHTML, like Gecko) Chrome/133.0.6943.141 Mobile Safari/537.36 (compatible; Googlebot/2.1; +http://www.google.com/bot.html)"
66.249.66.35 - - [15/Mar/2025:19:37:13 +0300] "GET /shopdetail/7970892 HTTP/1.1" 200 18331 "-" "Mozilla/5.0 (Linux; Android 6.0.1; Nexus 5X Build/MMB29P) AppleWebKit/537.36 (KHTML, like Gecko) Chrome/133.0.6943.141 Mobile Safari/537.36 (compatible; GoogleOther)"
66.249.66.37 - - [15/Mar/2025:19:39:18 +0300] "GET /shopdetail/9782514 HTTP/1.1" 200 18506 "-" "Mozilla/5.0 (Linux; Android 6.0.1; Nexus 5X Build/MMB29P) AppleWebKit/537.36 (KHTML, like Gecko) Chrome/133.0.6943.141 Mobile Safari/537.36 (compatible; Googlebot/2.1; +http://www.google.com/bot.html)"
66.249.66.37 - - [15/Mar/2025:19:46:22 +0300] "GET /shopdetail/15120792 HTTP/1.1" 200 19312 "-" "Mozilla/5.0 (Linux; Android 6.0.1; Nexus 5X Build/MMB29P) AppleWebKit/537.36 (KHTML, like Gecko) Chrome/133.0.6943.141 Mobile Safari/537.36 (compatible; GoogleOther)"
66.249.66.35 - - [15/Mar/2025:19:33:44 +0300] "GET /shopdetail/8350314 HTTP/1.1" 200 18436 "-" "Mozilla/5.0 (Linux; Android 6.0.1; Nexus 5X Build/MMB29P) AppleWebKit/537.36 (KHTML, like Gecko) Chrome/133.0.6943.141 Mobile Safari/537.36 (compatible; Googlebot/2.1; +http://www.google.com/bot.html)"
66.249.66.36 - - [15/Mar/2025:19:47:55 +0300] "POST /get-message-notify HTTP/1.1" 200 18048 "https://digitalhubbd.com/shopdetail/14887414" "Mozilla/5.0 (Linux; Android 6.0.1; Nexus 5X Build/MMB29P) AppleWebKit/537.36 (KHTML, like Gecko) Chrome/133.0.6943.141 Mobile Safari/537.36 (compatible; Googlebot/2.1; +http://www.google.com/bot.html)"
66.249.66.37 - - [15/Mar/2025:19:35:09 +0300] "GET /shopdetail/7498736 HTTP/1.1" 200 18419 "-" "Mozilla/5.0 (Linux; Android 6.0.1; Nexus 5X Build/MMB29P) AppleWebKit/537.36 (KHTML, like Gecko) Chrome/133.0.6943.141 Mobile Safari/537.36 (compatible; GoogleOther)"
66.249.66.36 - - [15/Mar/2025:19:33:22 +0300] "GET /shopdetail/11052381 HTTP/1.1" 200 18339 "-" "Mozilla/5.0 (Linux; Android 6.0.1; Nexus 5X Build/MMB29P) AppleWebKit/537.36 (KHTML, like Gecko) Chrome/133.0.6943.141 Mobile Safari/537.36 (compatible; Googlebot/2.1; +http://www.google.com/bot.html)"
66.249.66.36 - - [15/Mar/2025:19:35:18 +0300] "GET /shopdetail/13339447 HTTP/1.1" 200 19343 "-" "Mozilla/5.0 (Linux; Android 6.0.1; Nexus 5X Build/MMB29P) AppleWebKit/537.36 (KHTML, like Gecko) Chrome/133.0.6943.141 Mobile Safari/537.36 (compatible; GoogleOther)"
66.249.66.36 - - [15/Mar/2025:19:37:23 +0300] "GET /shopdetail/12240469 HTTP/1.1" 200 18809 "-" "Mozilla/5.0 (Linux; Android 6.0.1; Nexus 5X Build/MMB29P) AppleWebKit/537.36 (KHTML, like Gecko) Chrome/133.0.6943.141 Mobile Safari/537.36 (compatible; Googlebot/2.1; +http://www.google.com/bot.html)"
66.249.66.37 - - [15/Mar/2025:19:40:24 +0300] "GET /shopdetail/28652914 HTTP/1.1" 200 19134 "-" "Mozilla/5.0 (Linux; Android 6.0.1; Nexus 5X Build/MMB29P) AppleWebKit/537.36 (KHTML, like Gecko) Chrome/133.0.6943.141 Mobile Safari/537.36 (compatible; Googlebot/2.1; +http://www.google.com/bot.html)"
66.249.66.37 - - [15/Mar/2025:19:47:23 +0300] "GET /shopdetail/10243092 HTTP/1.1" 200 18395 "-" "Mozilla/5.0 (Linux; Android 6.0.1; Nexus 5X Build/MMB29P) AppleWebKit/537.36 (KHTML, like Gecko) Chrome/133.0.6943.141 Mobile Safari/537.36 (compatible; GoogleOther)"
66.249.66.35 - - [15/Mar/2025:19:35:12 +0300] "GET /shopdetail/27717181 HTTP/1.1" 200 19102 "-" "Mozilla/5.0 (Linux; Android 6.0.1; Nexus 5X Build/MMB29P) AppleWebKit/537.36 (KHTML, like Gecko) Chrome/133.0.6943.141 Mobile Safari/537.36 (compatible; Googlebot/2.1; +http://www.google.com/bot.html)"
114.119.151.119 - - [15/Mar/2025:19:36:34 +0300] "GET /language/set-locale/1/portfolio-bracket-paper-design HTTP/1.1" 403 0 "https://digitalhubbd.com/portfolio/paper-design" "Mozilla/5.0 (Linux; Android 7.0;) AppleWebKit/537.36 (KHTML, like Gecko) Mobile Safari/537.36 (compatible; PetalBot;+https://webmaster.petalsearch.com/site/petalbot)"
66.249.66.35 - - [15/Mar/2025:19:40:27 +0300] "GET /shopdetail/26679070 HTTP/1.1" 200 18533 "-" "Mozilla/5.0 (Linux; Android 6.0.1; Nexus 5X Build/MMB29P) AppleWebKit/537.36 (KHTML, like Gecko) Chrome/133.0.6943.141 Mobile Safari/537.36 (compatible; GoogleOther)"
66.249.66.36 - - [15/Mar/2025:19:36:45 +0300] "GET /shopdetail/26000114 HTTP/1.1" 200 24855 "-" "Mozilla/5.0 (Linux; Android 6.0.1; Nexus 5X Build/MMB29P) AppleWebKit/537.36 (KHTML, like Gecko) Chrome/133.0.6943.141 Mobile Safari/537.36 (compatible; Googlebot/2.1; +http://www.google.com/bot.html)"
66.249.66.36 - - [15/Mar/2025:19:38:22 +0300] "GET /shopdetail/7351070 HTTP/1.1" 200 18869 "-" "Mozilla/5.0 (Linux; Android 6.0.1; Nexus 5X Build/MMB29P) AppleWebKit/537.36 (KHTML, like Gecko) Chrome/133.0.6943.141 Mobile Safari/537.36 (compatible; GoogleOther)"
66.249.66.36 - - [15/Mar/2025:19:44:23 +0300] "GET /shopdetail/13252392 HTTP/1.1" 200 18687 "-" "Mozilla/5.0 (Linux; Android 6.0.1; Nexus 5X Build/MMB29P) AppleWebKit/537.36 (KHTML, like Gecko) Chrome/133.0.6943.141 Mobile Safari/537.36 (compatible; GoogleOther)"
66.249.66.36 - - [15/Mar/2025:19:54:58 +0300] "GET /shopdetail/8758003 HTTP/1.1" 200 18729 "-" "Mozilla/5.0 (Linux; Android 6.0.1; Nexus 5X Build/MMB29P) AppleWebKit/537.36 (KHTML, like Gecko) Chrome/133.0.6943.141 Mobile Safari/537.36 (compatible; GoogleOther)"
66.249.66.35 - - [15/Mar/2025:20:04:36 +0300] "GET /shopdetail/27350114 HTTP/1.1" 200 18658 "-" "Mozilla/5.0 (Linux; Android 6.0.1; Nexus 5X Build/MMB29P) AppleWebKit/537.36 (KHTML, like Gecko) Chrome/133.0.6943.141 Mobile Safari/537.36 (compatible; GoogleOther)"
66.249.66.37 - - [15/Mar/2025:19:52:53 +0300] "GET /shopdetail/9970847 HTTP/1.1" 200 17837 "-" "Mozilla/5.0 (Linux; Android 6.0.1; Nexus 5X Build/MMB29P) AppleWebKit/537.36 (KHTML, like Gecko) Chrome/133.0.6943.141 Mobile Safari/537.36 (compatible; GoogleOther)"
66.249.66.37 - - [15/Mar/2025:19:51:42 +0300] "GET /shopdetail/14796214 HTTP/1.1" 200 19651 "-" "Mozilla/5.0 (Linux; Android 6.0.1; Nexus 5X Build/MMB29P) AppleWebKit/537.36 (KHTML, like Gecko) Chrome/133.0.6943.141 Mobile Safari/537.36 (compatible; GoogleOther)"
66.249.66.36 - - [15/Mar/2025:19:50:40 +0300] "GET /shopdetail/12447370 HTTP/1.1" 200 17878 "-" "Mozilla/5.0 (Linux; Android 6.0.1; Nexus 5X Build/MMB29P) AppleWebKit/537.36 (KHTML, like Gecko) Chrome/133.0.6943.141 Mobile Safari/537.36 (compatible; GoogleOther)"
66.249.66.36 - - [15/Mar/2025:19:56:29 +0300] "POST /get-message-notify HTTP/1.1" 200 18048 "https://digitalhubbd.com/shopdetail/10243092" "Mozilla/5.0 (Linux; Android 6.0.1; Nexus 5X Build/MMB29P) AppleWebKit/537.36 (KHTML, like Gecko) Chrome/133.0.6943.141 Mobile Safari/537.36 (compatible; Googlebot/2.1; +http://www.google.com/bot.html)"
66.249.66.37 - - [15/Mar/2025:19:59:53 +0300] "GET /shopdetail/5100547 HTTP/1.1" 200 18858 "-" "Mozilla/5.0 (Linux; Android 6.0.1; Nexus 5X Build/MMB29P) AppleWebKit/537.36 (KHTML, like Gecko) Chrome/133.0.6943.141 Mobile Safari/537.36 (compatible; GoogleOther)"
66.249.66.35 - - [15/Mar/2025:19:57:23 +0300] "GET /shopdetail/8471347 HTTP/1.1" 200 19055 "-" "Mozilla/5.0 (Linux; Android 6.0.1; Nexus 5X Build/MMB29P) AppleWebKit/537.36 (KHTML, like Gecko) Chrome/133.0.6943.141 Mobile Safari/537.36 (compatible; GoogleOther)"
66.249.66.36 - - [15/Mar/2025:19:58:59 +0300] "POST /get-message-notify HTTP/1.1" 200 18048 "https://digitalhubbd.com/shopdetail/7351070" "Mozilla/5.0 (Linux; Android 6.0.1; Nexus 5X Build/MMB29P) AppleWebKit/537.36 (KHTML, like Gecko) Chrome/133.0.6943.141 Mobile Safari/537.36 (compatible; Googlebot/2.1; +http://www.google.com/bot.html)"
66.249.66.36 - - [15/Mar/2025:20:07:26 +0300] "GET /shopdetail/8762381 HTTP/1.1" 200 18508 "-" "Mozilla/5.0 (Linux; Android 6.0.1; Nexus 5X Build/MMB29P) AppleWebKit/537.36 (KHTML, like Gecko) Chrome/133.0.6943.141 Mobile Safari/537.36 (compatible; GoogleOther)"
66.249.66.36 - - [15/Mar/2025:20:13:27 +0300] "GET /shopdetail/8889603 HTTP/1.1" 200 18608 "-" "Mozilla/5.0 (Linux; Android 6.0.1; Nexus 5X Build/MMB29P) AppleWebKit/537.36 (KHTML, like Gecko) Chrome/133.0.6943.141 Mobile Safari/537.36 (compatible; GoogleOther)"
66.249.66.37 - - [15/Mar/2025:20:08:27 +0300] "GET /shopdetail/8796570 HTTP/1.1" 200 18346 "-" "Mozilla/5.0 (Linux; Android 6.0.1; Nexus 5X Build/MMB29P) AppleWebKit/537.36 (KHTML, like Gecko) Chrome/133.0.6943.141 Mobile Safari/537.36 (compatible; GoogleOther)"
208.100.26.246 - - [15/Mar/2025:20:12:41 +0300] "GET / HTTP/1.1" 200 16866 "-" "Mozilla/5.0 (Windows NT 10.0; Win64; x64) AppleWebKit/537.36 (KHTML, like Gecko) Chrome/84.0.4112.0 Safari/537.36"
66.249.66.35 - - [15/Mar/2025:20:11:28 +0300] "GET /shopdetail/29402781 HTTP/1.1" 200 25017 "-" "Mozilla/5.0 (Linux; Android 6.0.1; Nexus 5X Build/MMB29P) AppleWebKit/537.36 (KHTML, like Gecko) Chrome/133.0.6943.141 Mobile Safari/537.36 (compatible; GoogleOther)"
66.249.66.36 - - [15/Mar/2025:20:10:25 +0300] "GET /shopdetail/8780669 HTTP/1.1" 200 17837 "-" "Mozilla/5.0 (Linux; Android 6.0.1; Nexus 5X Build/MMB29P) AppleWebKit/537.36 (KHTML, like Gecko) Chrome/133.0.6943.141 Mobile Safari/537.36 (compatible; GoogleOther)"
66.249.66.35 - - [15/Mar/2025:20:15:25 +0300] "GET /shopdetail/8437514 HTTP/1.1" 200 18919 "-" "Mozilla/5.0 (Linux; Android 6.0.1; Nexus 5X Build/MMB29P) AppleWebKit/537.36 (KHTML, like Gecko) Chrome/133.0.6943.141 Mobile Safari/537.36 (compatible; GoogleOther)"
66.249.66.35 - - [15/Mar/2025:20:17:28 +0300] "GET /shopdetail/28660158 HTTP/1.1" 200 19599 "-" "Mozilla/5.0 (Linux; Android 6.0.1; Nexus 5X Build/MMB29P) AppleWebKit/537.36 (KHTML, like Gecko) Chrome/133.0.6943.141 Mobile Safari/537.36 (compatible; GoogleOther)"
66.249.66.37 - - [15/Mar/2025:20:19:28 +0300] "GET /shopdetail/8578781 HTTP/1.1" 200 18747 "-" "Mozilla/5.0 (Linux; Android 6.0.1; Nexus 5X Build/MMB29P) AppleWebKit/537.36 (KHTML, like Gecko) Chrome/133.0.6943.141 Mobile Safari/537.36 (compatible; GoogleOther)"
66.249.66.35 - - [15/Mar/2025:20:20:28 +0300] "GET /shopdetail/7883070 HTTP/1.1" 200 19878 "-" "Mozilla/5.0 (Linux; Android 6.0.1; Nexus 5X Build/MMB29P) AppleWebKit/537.36 (KHTML, like Gecko) Chrome/133.0.6943.141 Mobile Safari/537.36 (compatible; GoogleOther)"
66.249.66.35 - - [15/Mar/2025:20:18:48 +0300] "POST /get-message-notify HTTP/1.1" 200 18048 "https://digitalhubbd.com/shopdetail/11030614" "Mozilla/5.0 (Linux; Android 6.0.1; Nexus 5X Build/MMB29P) AppleWebKit/537.36 (KHTML, like Gecko) Chrome/133.0.6943.141 Mobile Safari/537.36 (compatible; Googlebot/2.1; +http://www.google.com/bot.html)"
66.249.66.36 - - [15/Mar/2025:20:21:56 +0300] "GET /shopdetail/28481703 HTTP/1.1" 200 19845 "-" "Mozilla/5.0 (Linux; Android 6.0.1; Nexus 5X Build/MMB29P) AppleWebKit/537.36 (KHTML, like Gecko) Chrome/133.0.6943.141 Mobile Safari/537.36 (compatible; GoogleOther)"
66.249.66.37 - - [15/Mar/2025:20:16:26 +0300] "GET /shopdetail/28396370 HTTP/1.1" 200 19480 "-" "Mozilla/5.0 (Linux; Android 6.0.1; Nexus 5X Build/MMB29P) AppleWebKit/537.36 (KHTML, like Gecko) Chrome/133.0.6943.141 Mobile Safari/537.36 (compatible; GoogleOther)"
66.249.66.35 - - [15/Mar/2025:20:28:10 +0300] "GET /shopdetail/9077270 HTTP/1.1" 200 20916 "-" "Mozilla/5.0 (Linux; Android 6.0.1; Nexus 5X Build/MMB29P) AppleWebKit/537.36 (KHTML, like Gecko) Chrome/133.0.6943.141 Mobile Safari/537.36 (compatible; GoogleOther)"
66.249.66.36 - - [15/Mar/2025:20:33:14 +0300] "GET /shopdetail/11048303 HTTP/1.1" 200 18410 "-" "Mozilla/5.0 (Linux; Android 6.0.1; Nexus 5X Build/MMB29P) AppleWebKit/537.36 (KHTML, like Gecko) Chrome/133.0.6943.141 Mobile Safari/537.36 (compatible; GoogleOther)"
66.249.66.36 - - [15/Mar/2025:20:24:58 +0300] "GET /shopdetail/29025470 HTTP/1.1" 200 19161 "-" "Mozilla/5.0 (Linux; Android 6.0.1; Nexus 5X Build/MMB29P) AppleWebKit/537.36 (KHTML, like Gecko) Chrome/133.0.6943.141 Mobile Safari/537.36 (compatible; GoogleOther)"
66.249.66.35 - - [15/Mar/2025:20:38:20 +0300] "GET /shopdetail/10157403 HTTP/1.1" 200 19307 "-" "Mozilla/5.0 (Linux; Android 6.0.1; Nexus 5X Build/MMB29P) AppleWebKit/537.36 (KHTML, like Gecko) Chrome/133.0.6943.141 Mobile Safari/537.36 (compatible; GoogleOther)"
66.249.66.35 - - [15/Mar/2025:20:38:04 +0300] "POST /get-message-notify HTTP/1.1" 200 18048 "https://digitalhubbd.com/shopdetail/27350114" "Mozilla/5.0 (Linux; Android 6.0.1; Nexus 5X Build/MMB29P) AppleWebKit/537.36 (KHTML, like Gecko) Chrome/133.0.6943.141 Mobile Safari/537.36 (compatible; Googlebot/2.1; +http://www.google.com/bot.html)"
66.249.66.35 - - [15/Mar/2025:20:39:21 +0300] "GET /shopdetail/10279147 HTTP/1.1" 200 19944 "-" "Mozilla/5.0 (Linux; Android 6.0.1; Nexus 5X Build/MMB29P) AppleWebKit/537.36 (KHTML, like Gecko) Chrome/133.0.6943.141 Mobile Safari/537.36 (compatible; GoogleOther)"
66.249.66.37 - - [15/Mar/2025:20:34:23 +0300] "GET /shopdetail/10266914 HTTP/1.1" 200 18085 "-" "Mozilla/5.0 (Linux; Android 6.0.1; Nexus 5X Build/MMB29P) AppleWebKit/537.36 (KHTML, like Gecko) Chrome/133.0.6943.141 Mobile Safari/537.36 (compatible; GoogleOther)"
66.249.66.37 - - [15/Mar/2025:20:37:05 +0300] "GET /shopdetail/27350114 HTTP/1.1" 200 18658 "-" "Mozilla/5.0 (Linux; Android 6.0.1; Nexus 5X Build/MMB29P) AppleWebKit/537.36 (KHTML, like Gecko) Chrome/133.0.6943.141 Mobile Safari/537.36 (compatible; Googlebot/2.1; +http://www.google.com/bot.html)"
66.249.66.36 - - [15/Mar/2025:20:25:25 +0300] "GET /feature/shoplist/index.html HTTP/1.1" 200 18521 "-" "Mozilla/5.0 (Linux; Android 6.0.1; Nexus 5X Build/MMB29P) AppleWebKit/537.36 (KHTML, like Gecko) Chrome/133.0.6943.141 Mobile Safari/537.36 (compatible; Googlebot/2.1; +http://www.google.com/bot.html)"
66.249.66.36 - - [15/Mar/2025:20:30:19 +0300] "GET /shopdetail/10629292 HTTP/1.1" 200 17873 "-" "Mozilla/5.0 (Linux; Android 6.0.1; Nexus 5X Build/MMB29P) AppleWebKit/537.36 (KHTML, like Gecko) Chrome/133.0.6943.141 Mobile Safari/537.36 (compatible; GoogleOther)"
66.249.66.36 - - [15/Mar/2025:20:50:33 +0300] "GET /shopdetail/10062447 HTTP/1.1" 200 18619 "-" "Mozilla/5.0 (Linux; Android 6.0.1; Nexus 5X Build/MMB29P) AppleWebKit/537.36 (KHTML, like Gecko) Chrome/133.0.6943.141 Mobile Safari/537.36 (compatible; GoogleOther)"
66.249.66.35 - - [15/Mar/2025:20:53:25 +0300] "POST /get-message-notify HTTP/1.1" 200 18048 "https://digitalhubbd.com/shopdetail/9201570" "Mozilla/5.0 (Linux; Android 6.0.1; Nexus 5X Build/MMB29P) AppleWebKit/537.36 (KHTML, like Gecko) Chrome/133.0.6943.141 Mobile Safari/537.36 (compatible; Googlebot/2.1; +http://www.google.com/bot.html)"
66.249.66.37 - - [15/Mar/2025:20:42:29 +0300] "GET /shopdetail/9954647 HTTP/1.1" 200 18915 "-" "Mozilla/5.0 (Linux; Android 6.0.1; Nexus 5X Build/MMB29P) AppleWebKit/537.36 (KHTML, like Gecko) Chrome/133.0.6943.141 Mobile Safari/537.36 (compatible; GoogleOther)"
66.249.66.37 - - [15/Mar/2025:20:43:31 +0300] "GET /shopdetail/27565169 HTTP/1.1" 200 18959 "-" "Mozilla/5.0 (Linux; Android 6.0.1; Nexus 5X Build/MMB29P) AppleWebKit/537.36 (KHTML, like Gecko) Chrome/133.0.6943.141 Mobile Safari/537.36 (compatible; GoogleOther)"
66.249.66.35 - - [15/Mar/2025:20:53:03 +0300] "GET /shopdetail/10196203 HTTP/1.1" 200 19097 "-" "Mozilla/5.0 (Linux; Android 6.0.1; Nexus 5X Build/MMB29P) AppleWebKit/537.36 (KHTML, like Gecko) Chrome/133.0.6943.141 Mobile Safari/537.36 (compatible; GoogleOther)"
66.249.66.36 - - [15/Mar/2025:20:48:35 +0300] "GET /shopdetail/12075603 HTTP/1.1" 200 19969 "-" "Mozilla/5.0 (Linux; Android 6.0.1; Nexus 5X Build/MMB29P) AppleWebKit/537.36 (KHTML, like Gecko) Chrome/133.0.6943.141 Mobile Safari/537.36 (compatible; GoogleOther)"
66.249.66.36 - - [15/Mar/2025:20:46:40 +0300] "GET /shopdetail/14956781 HTTP/1.1" 200 19414 "-" "Mozilla/5.0 (Linux; Android 6.0.1; Nexus 5X Build/MMB29P) AppleWebKit/537.36 (KHTML, like Gecko) Chrome/133.0.6943.141 Mobile Safari/537.36 (compatible; GoogleOther)"
66.249.66.35 - - [15/Mar/2025:20:51:35 +0300] "GET /shopdetail/10019703 HTTP/1.1" 200 19076 "-" "Mozilla/5.0 (Linux; Android 6.0.1; Nexus 5X Build/MMB29P) AppleWebKit/537.36 (KHTML, like Gecko) Chrome/133.0.6943.141 Mobile Safari/537.36 (compatible; GoogleOther)"
66.249.66.37 - - [15/Mar/2025:21:00:26 +0300] "GET /shopdetail/12851092 HTTP/1.1" 200 18878 "-" "Mozilla/5.0 (Linux; Android 6.0.1; Nexus 5X Build/MMB29P) AppleWebKit/537.36 (KHTML, like Gecko) Chrome/133.0.6943.141 Mobile Safari/537.36 (compatible; GoogleOther)"
66.249.66.35 - - [15/Mar/2025:21:07:21 +0300] "GET /shopdetail/10006869 HTTP/1.1" 200 18705 "-" "Mozilla/5.0 (Linux; Android 6.0.1; Nexus 5X Build/MMB29P) AppleWebKit/537.36 (KHTML, like Gecko) Chrome/133.0.6943.141 Mobile Safari/537.36 (compatible; GoogleOther)"
66.249.66.37 - - [15/Mar/2025:21:08:24 +0300] "GET /shopdetail/11662681 HTTP/1.1" 200 18429 "-" "Mozilla/5.0 (Linux; Android 6.0.1; Nexus 5X Build/MMB29P) AppleWebKit/537.36 (KHTML, like Gecko) Chrome/133.0.6943.141 Mobile Safari/537.36 (compatible; GoogleOther)"
66.249.66.36 - - [15/Mar/2025:21:11:43 +0300] "GET /shopdetail/31192525 HTTP/1.1" 200 21010 "-" "Mozilla/5.0 (Linux; Android 6.0.1; Nexus 5X Build/MMB29P) AppleWebKit/537.36 (KHTML, like Gecko) Chrome/133.0.6943.141 Mobile Safari/537.36 (compatible; GoogleOther)"
66.249.66.36 - - [15/Mar/2025:20:59:18 +0300] "GET /shopdetail/15274581 HTTP/1.1" 200 18241 "-" "Mozilla/5.0 (Linux; Android 6.0.1; Nexus 5X Build/MMB29P) AppleWebKit/537.36 (KHTML, like Gecko) Chrome/133.0.6943.141 Mobile Safari/537.36 (compatible; GoogleOther)"
96.62.105.22 - - [15/Mar/2025:21:02:07 +0300] "GET /language/set-locale/1/about HTTP/1.1" 200 3515 "-" "Mozilla/5.0 (Windows NT 5.1) AppleWebKit/535.1 (KHTML, like Gecko) Chrome/14.0.809.0 Safari/535.1"
66.249.66.35 - - [15/Mar/2025:21:09:39 +0300] "GET /shopdetail/9608458 HTTP/1.1" 200 19586 "-" "Mozilla/5.0 (Linux; Android 6.0.1; Nexus 5X Build/MMB29P) AppleWebKit/537.36 (KHTML, like Gecko) Chrome/133.0.6943.141 Mobile Safari/537.36 (compatible; GoogleOther)"
66.249.66.35 - - [15/Mar/2025:20:57:17 +0300] "GET /shopdetail/10840703 HTTP/1.1" 200 18835 "-" "Mozilla/5.0 (Linux; Android 6.0.1; Nexus 5X Build/MMB29P) AppleWebKit/537.36 (KHTML, like Gecko) Chrome/133.0.6943.141 Mobile Safari/537.36 (compatible; GoogleOther)"
66.249.66.37 - - [15/Mar/2025:21:01:21 +0300] "GET /shopdetail/11063292 HTTP/1.1" 200 17928 "-" "Mozilla/5.0 (Linux; Android 6.0.1; Nexus 5X Build/MMB29P) AppleWebKit/537.36 (KHTML, like Gecko) Chrome/133.0.6943.141 Mobile Safari/537.36 (compatible; GoogleOther)"
66.249.66.35 - - [15/Mar/2025:21:16:09 +0300] "GET /shopdetail/27620247 HTTP/1.1" 200 19101 "-" "Mozilla/5.0 (Linux; Android 6.0.1; Nexus 5X Build/MMB29P) AppleWebKit/537.36 (KHTML, like Gecko) Chrome/133.0.6943.141 Mobile Safari/537.36 (compatible; GoogleOther)"
66.249.66.36 - - [15/Mar/2025:21:19:23 +0300] "GET /shopdetail/10698403 HTTP/1.1" 200 19947 "-" "Mozilla/5.0 (Linux; Android 6.0.1; Nexus 5X Build/MMB29P) AppleWebKit/537.36 (KHTML, like Gecko) Chrome/133.0.6943.141 Mobile Safari/537.36 (compatible; GoogleOther)"
66.249.66.36 - - [15/Mar/2025:21:24:11 +0300] "GET /shopdetail/28553725 HTTP/1.1" 200 20971 "-" "Mozilla/5.0 (Linux; Android 6.0.1; Nexus 5X Build/MMB29P) AppleWebKit/537.36 (KHTML, like Gecko) Chrome/133.0.6943.141 Mobile Safari/537.36 (compatible; GoogleOther)"
64.124.8.150 - - [15/Mar/2025:21:29:52 +0300] "GET /robots.txt HTTP/2" 200 138 "-" "Mozilla/5.0 (compatible; ImagesiftBot; +imagesift.com)"
64.124.8.150 - - [15/Mar/2025:21:29:52 +0300] "GET /portfolio/card-mockup HTTP/2" 200 8534 "-" "Mozilla/5.0 (compatible; ImagesiftBot; +imagesift.com)"
66.249.66.35 - - [15/Mar/2025:21:18:12 +0300] "GET /shopdetail/28652181 HTTP/1.1" 200 18892 "-" "Mozilla/5.0 (Linux; Android 6.0.1; Nexus 5X Build/MMB29P) AppleWebKit/537.36 (KHTML, like Gecko) Chrome/133.0.6943.141 Mobile Safari/537.36 (compatible; GoogleOther)"
66.249.66.35 - - [15/Mar/2025:21:19:45 +0300] "GET /pcmypage?callback=product/detail/28056845 HTTP/1.1" 200 18745 "-" "Mozilla/5.0 (Linux; Android 6.0.1; Nexus 5X Build/MMB29P) AppleWebKit/537.36 (KHTML, like Gecko) Chrome/133.0.6943.141 Mobile Safari/537.36 (compatible; GoogleOther)"
66.249.66.36 - - [15/Mar/2025:21:19:02 +0300] "GET /shopdetail/16631270 HTTP/1.1" 200 19372 "-" "Mozilla/5.0 (Linux; Android 6.0.1; Nexus 5X Build/MMB29P) AppleWebKit/537.36 (KHTML, like Gecko) Chrome/133.0.6943.141 Mobile Safari/537.36 (compatible; GoogleOther)"
66.249.66.36 - - [15/Mar/2025:21:22:15 +0300] "GET /shopdetail/12575925 HTTP/1.1" 200 18858 "-" "Mozilla/5.0 (Linux; Android 6.0.1; Nexus 5X Build/MMB29P) AppleWebKit/537.36 (KHTML, like Gecko) Chrome/133.0.6943.141 Mobile Safari/537.36 (compatible; GoogleOther)"
66.249.66.35 - - [15/Mar/2025:21:24:34 +0300] "GET /shopdetail/10315903 HTTP/1.1" 200 19741 "-" "Mozilla/5.0 (Linux; Android 6.0.1; Nexus 5X Build/MMB29P) AppleWebKit/537.36 (KHTML, like Gecko) Chrome/133.0.6943.141 Mobile Safari/537.36 (compatible; GoogleOther)"
66.249.66.36 - - [15/Mar/2025:21:17:23 +0300] "GET /shopdetail/31154970 HTTP/1.1" 200 19228 "-" "Mozilla/5.0 (Linux; Android 6.0.1; Nexus 5X Build/MMB29P) AppleWebKit/537.36 (KHTML, like Gecko) Chrome/133.0.6943.141 Mobile Safari/537.36 (compatible; GoogleOther)"
66.249.66.36 - - [15/Mar/2025:21:18:51 +0300] "GET /careers HTTP/1.1" 200 19046 "-" "Mozilla/5.0 (Linux; Android 6.0.1; Nexus 5X Build/MMB29P) AppleWebKit/537.36 (KHTML, like Gecko) Chrome/133.0.6943.141 Mobile Safari/537.36 (compatible; Googlebot/2.1; +http://www.google.com/bot.html)"
66.249.66.37 - - [15/Mar/2025:21:20:12 +0300] "GET /shopdetail/17216525 HTTP/1.1" 200 19348 "-" "Mozilla/5.0 (Linux; Android 6.0.1; Nexus 5X Build/MMB29P) AppleWebKit/537.36 (KHTML, like Gecko) Chrome/133.0.6943.141 Mobile Safari/537.36 (compatible; GoogleOther)"
66.249.66.36 - - [15/Mar/2025:21:21:01 +0300] "GET /shopdetail/29500369 HTTP/1.1" 200 23121 "-" "Mozilla/5.0 (Linux; Android 6.0.1; Nexus 5X Build/MMB29P) AppleWebKit/537.36 (KHTML, like Gecko) Chrome/133.0.6943.141 Mobile Safari/537.36 (compatible; GoogleOther)"
66.249.66.36 - - [15/Mar/2025:21:21:24 +0300] "GET /shopdetail/11445014 HTTP/1.1" 200 18320 "-" "Mozilla/5.0 (Linux; Android 6.0.1; Nexus 5X Build/MMB29P) AppleWebKit/537.36 (KHTML, like Gecko) Chrome/133.0.6943.141 Mobile Safari/537.36 (compatible; GoogleOther)"
66.249.66.35 - - [15/Mar/2025:21:25:07 +0300] "GET /shopdetail/15984792 HTTP/1.1" 200 19156 "-" "Mozilla/5.0 (Linux; Android 6.0.1; Nexus 5X Build/MMB29P) AppleWebKit/537.36 (KHTML, like Gecko) Chrome/133.0.6943.141 Mobile Safari/537.36 (compatible; GoogleOther)"
66.249.66.37 - - [15/Mar/2025:21:29:33 +0300] "GET /shopdetail/29497192 HTTP/1.1" 200 19947 "-" "Mozilla/5.0 (Linux; Android 6.0.1; Nexus 5X Build/MMB29P) AppleWebKit/537.36 (KHTML, like Gecko) Chrome/133.0.6943.141 Mobile Safari/537.36 (compatible; GoogleOther)"
13.68.200.254 - - [15/Mar/2025:21:17:58 +0300] "GET /wp-content/plugins/hellopress/wp_filemanager.php HTTP/1.1" 401 36 "-" "-"
13.68.200.254 - - [15/Mar/2025:21:17:58 +0300] "GET /admin/function.php HTTP/1.1" 401 36 "-" "-"
13.68.200.254 - - [15/Mar/2025:21:17:58 +0300] "GET /admin.php HTTP/1.1" 401 36 "-" "-"
13.68.200.254 - - [15/Mar/2025:21:17:58 +0300] "GET /config.php HTTP/1.1" 401 36 "-" "-"
13.68.200.254 - - [15/Mar/2025:21:17:58 +0300] "GET /about/function.php HTTP/1.1" 401 36 "-" "-"
13.68.200.254 - - [15/Mar/2025:21:17:59 +0300] "GET /lock.php HTTP/1.1" 401 36 "-" "-"
13.68.200.254 - - [15/Mar/2025:21:17:59 +0300] "GET /simple.php HTTP/1.1" 401 36 "-" "-"
13.68.200.254 - - [15/Mar/2025:21:17:59 +0300] "GET /radio.php HTTP/1.1" 401 36 "-" "-"
13.68.200.254 - - [15/Mar/2025:21:17:59 +0300] "GET /wp-mail.php HTTP/1.1" 401 36 "-" "-"
13.68.200.254 - - [15/Mar/2025:21:17:59 +0300] "GET /wp-content/index.php HTTP/1.1" 401 36 "-" "-"
13.68.200.254 - - [15/Mar/2025:21:18:00 +0300] "GET /alfa.php HTTP/1.1" 401 36 "-" "-"
13.68.200.254 - - [15/Mar/2025:21:18:00 +0300] "GET /wp-content/plugins/index.php HTTP/1.1" 401 36 "-" "-"
13.68.200.254 - - [15/Mar/2025:21:18:00 +0300] "GET /text.php HTTP/1.1" 401 36 "-" "-"
13.68.200.254 - - [15/Mar/2025:21:18:00 +0300] "GET /autoload_classmap.php HTTP/1.1" 401 36 "-" "-"
13.68.200.254 - - [15/Mar/2025:21:18:00 +0300] "GET /wp-includes/autoload_classmap.php HTTP/1.1" 401 36 "-" "-"
13.68.200.254 - - [15/Mar/2025:21:18:00 +0300] "GET /item.php HTTP/1.1" 401 36 "-" "-"
13.68.200.254 - - [15/Mar/2025:21:18:01 +0300] "GET /file.php HTTP/1.1" 401 36 "-" "-"
13.68.200.254 - - [15/Mar/2025:21:18:01 +0300] "GET /wp-includes/blocks/about.php HTTP/1.1" 401 36 "-" "-"
13.68.200.254 - - [15/Mar/2025:21:18:01 +0300] "GET /mah.php HTTP/1.1" 401 36 "-" "-"
13.68.200.254 - - [15/Mar/2025:21:18:01 +0300] "GET /themes/zMousse/otuz1.php HTTP/1.1" 401 36 "-" "-"
13.68.200.254 - - [15/Mar/2025:21:18:01 +0300] "GET /lv.php HTTP/1.1" 401 36 "-" "-"
13.68.200.254 - - [15/Mar/2025:21:18:01 +0300] "GET /inputs.php HTTP/1.1" 401 36 "-" "-"
13.68.200.254 - - [15/Mar/2025:21:18:01 +0300] "GET /wp-content/languages/index.php HTTP/1.1" 401 36 "-" "-"
13.68.200.254 - - [15/Mar/2025:21:18:02 +0300] "GET /wp-admin/includes/index.php HTTP/1.1" 401 36 "-" "-"
13.68.200.254 - - [15/Mar/2025:21:18:02 +0300] "GET /css/index.php HTTP/1.1" 401 36 "-" "-"
66.249.66.37 - - [15/Mar/2025:21:26:18 +0300] "GET /shopdetail/8391769 HTTP/1.1" 200 19299 "-" "Mozilla/5.0 (Linux; Android 6.0.1; Nexus 5X Build/MMB29P) AppleWebKit/537.36 (KHTML, like Gecko) Chrome/133.0.6943.141 Mobile Safari/537.36 (compatible; GoogleOther)"
66.249.66.35 - - [15/Mar/2025:21:14:45 +0300] "GET /shopdetail/17449314 HTTP/1.1" 200 20532 "-" "Mozilla/5.0 (Linux; Android 6.0.1; Nexus 5X Build/MMB29P) AppleWebKit/537.36 (KHTML, like Gecko) Chrome/133.0.6943.141 Mobile Safari/537.36 (compatible; GoogleOther)"
66.249.66.35 - - [15/Mar/2025:21:17:35 +0300] "POST /get-message-notify HTTP/1.1" 200 18048 "https://digitalhubbd.com/shopdetail/8889603" "Mozilla/5.0 (Linux; Android 6.0.1; Nexus 5X Build/MMB29P) AppleWebKit/537.36 (KHTML, like Gecko) Chrome/133.0.6943.141 Mobile Safari/537.36 (compatible; Googlebot/2.1; +http://www.google.com/bot.html)"
66.249.66.36 - - [15/Mar/2025:21:15:14 +0300] "GET /shopdetail/16817281 HTTP/1.1" 200 18562 "-" "Mozilla/5.0 (Linux; Android 6.0.1; Nexus 5X Build/MMB29P) AppleWebKit/537.36 (KHTML, like Gecko) Chrome/133.0.6943.141 Mobile Safari/537.36 (compatible; GoogleOther)"
66.249.66.36 - - [15/Mar/2025:21:16:07 +0300] "GET /shopdetail/15671847 HTTP/1.1" 200 19989 "-" "Mozilla/5.0 (Linux; Android 6.0.1; Nexus 5X Build/MMB29P) AppleWebKit/537.36 (KHTML, like Gecko) Chrome/133.0.6943.141 Mobile Safari/537.36 (compatible; GoogleOther)"
66.249.66.35 - - [15/Mar/2025:21:22:36 +0300] "GET /shopdetail/8951981 HTTP/1.1" 200 19634 "-" "Mozilla/5.0 (Linux; Android 6.0.1; Nexus 5X Build/MMB29P) AppleWebKit/537.36 (KHTML, like Gecko) Chrome/133.0.6943.141 Mobile Safari/537.36 (compatible; GoogleOther)"
66.249.66.35 - - [15/Mar/2025:21:22:59 +0300] "GET /shopdetail/14973681 HTTP/1.1" 200 18095 "-" "Mozilla/5.0 (Linux; Android 6.0.1; Nexus 5X Build/MMB29P) AppleWebKit/537.36 (KHTML, like Gecko) Chrome/133.0.6943.141 Mobile Safari/537.36 (compatible; GoogleOther)"
64.124.8.200 - - [15/Mar/2025:21:28:32 +0300] "GET /robots.txt HTTP/2" 200 138 "-" "Mozilla/5.0 (compatible; ImagesiftBot; +imagesift.com)"
64.124.8.200 - - [15/Mar/2025:21:28:32 +0300] "GET /language/set-locale/1/services HTTP/2" 200 2981 "-" "Mozilla/5.0 (compatible; ImagesiftBot; +imagesift.com)"
66.249.66.35 - - [15/Mar/2025:21:28:43 +0300] "GET /shopdetail/31097358 HTTP/1.1" 200 18739 "-" "Mozilla/5.0 (Linux; Android 6.0.1; Nexus 5X Build/MMB29P) AppleWebKit/537.36 (KHTML, like Gecko) Chrome/133.0.6943.141 Mobile Safari/537.36 (compatible; GoogleOther)"
66.249.66.35 - - [15/Mar/2025:21:29:54 +0300] "GET /shopdetail/29064403 HTTP/1.1" 200 18953 "-" "Mozilla/5.0 (Linux; Android 6.0.1; Nexus 5X Build/MMB29P) AppleWebKit/537.36 (KHTML, like Gecko) Chrome/133.0.6943.141 Mobile Safari/537.36 (compatible; GoogleOther)"
66.249.66.37 - - [15/Mar/2025:21:32:21 +0300] "GET /shopdetail/5280969 HTTP/1.1" 200 18403 "-" "Mozilla/5.0 (Linux; Android 6.0.1; Nexus 5X Build/MMB29P) AppleWebKit/537.36 (KHTML, like Gecko) Chrome/133.0.6943.141 Mobile Safari/537.36 (compatible; GoogleOther)"
146.70.36.140 - - [15/Mar/2025:21:36:40 +0300] "GET / HTTP/1.1" 200 16864 "-" "Mozilla/5.0 (Windows NT 10.0; Win64; x64; rv:71.0) Gecko/20100101 Firefox/71.0"
66.249.66.37 - - [15/Mar/2025:21:40:07 +0300] "GET /shopdetail/29232525 HTTP/1.1" 200 23432 "-" "Mozilla/5.0 (Linux; Android 6.0.1; Nexus 5X Build/MMB29P) AppleWebKit/537.36 (KHTML, like Gecko) Chrome/133.0.6943.141 Mobile Safari/537.36 (compatible; GoogleOther)"
66.249.66.35 - - [15/Mar/2025:21:45:02 +0300] "GET /shopdetail/30650725 HTTP/1.1" 200 18834 "-" "Mozilla/5.0 (Linux; Android 6.0.1; Nexus 5X Build/MMB29P) AppleWebKit/537.36 (KHTML, like Gecko) Chrome/133.0.6943.141 Mobile Safari/537.36 (compatible; GoogleOther)"
66.249.66.35 - - [15/Mar/2025:21:31:58 +0300] "GET /shopdetail/4718092 HTTP/1.1" 200 18374 "-" "Mozilla/5.0 (Linux; Android 6.0.1; Nexus 5X Build/MMB29P) AppleWebKit/537.36 (KHTML, like Gecko) Chrome/133.0.6943.141 Mobile Safari/537.36 (compatible; GoogleOther)"
66.249.66.36 - - [15/Mar/2025:21:42:12 +0300] "GET /shopdetail/29671625 HTTP/1.1" 200 20588 "-" "Mozilla/5.0 (Linux; Android 6.0.1; Nexus 5X Build/MMB29P) AppleWebKit/537.36 (KHTML, like Gecko) Chrome/133.0.6943.141 Mobile Safari/537.36 (compatible; GoogleOther)"
66.249.66.35 - - [15/Mar/2025:21:45:48 +0300] "GET /shopdetail/30977781 HTTP/1.1" 200 19228 "-" "Mozilla/5.0 (Linux; Android 6.0.1; Nexus 5X Build/MMB29P) AppleWebKit/537.36 (KHTML, like Gecko) Chrome/133.0.6943.141 Mobile Safari/537.36 (compatible; GoogleOther)"
66.249.66.36 - - [15/Mar/2025:21:31:22 +0300] "GET /shopdetail/10565470 HTTP/1.1" 200 19286 "-" "Mozilla/5.0 (Linux; Android 6.0.1; Nexus 5X Build/MMB29P) AppleWebKit/537.36 (KHTML, like Gecko) Chrome/133.0.6943.141 Mobile Safari/537.36 (compatible; Googlebot/2.1; +http://www.google.com/bot.html)"
66.249.66.35 - - [15/Mar/2025:21:34:52 +0300] "GET /shopdetail/29002025 HTTP/1.1" 200 18651 "-" "Mozilla/5.0 (Linux; Android 6.0.1; Nexus 5X Build/MMB29P) AppleWebKit/537.36 (KHTML, like Gecko) Chrome/133.0.6943.141 Mobile Safari/537.36 (compatible; GoogleOther)"
52.167.144.55 - - [15/Mar/2025:21:35:56 +0300] "GET /robots.txt HTTP/2" 200 136 "-" "Mozilla/5.0 AppleWebKit/537.36 (KHTML, like Gecko; compatible; bingbot/2.0; +http://www.bing.com/bingbot.htm) Chrome/116.0.1938.76 Safari/537.36"
66.249.66.36 - - [15/Mar/2025:21:43:24 +0300] "GET /shopdetail/30328792 HTTP/1.1" 200 20690 "-" "Mozilla/5.0 (Linux; Android 6.0.1; Nexus 5X Build/MMB29P) AppleWebKit/537.36 (KHTML, like Gecko) Chrome/133.0.6943.141 Mobile Safari/537.36 (compatible; GoogleOther)"
64.124.8.200 - - [15/Mar/2025:21:44:24 +0300] "GET /language/set-locale/1/portfolio-bracket-category-bracket-creative HTTP/2" 200 2976 "-" "Mozilla/5.0 (compatible; ImagesiftBot; +imagesift.com)"
66.249.66.36 - - [15/Mar/2025:21:30:40 +0300] "GET /shopdetail/30174781 HTTP/1.1" 200 18899 "-" "Mozilla/5.0 (Linux; Android 6.0.1; Nexus 5X Build/MMB29P) AppleWebKit/537.36 (KHTML, like Gecko) Chrome/133.0.6943.141 Mobile Safari/537.36 (compatible; GoogleOther)"
66.249.66.35 - - [15/Mar/2025:21:34:03 +0300] "GET /shopdetail/9410858 HTTP/1.1" 200 18646 "-" "Mozilla/5.0 (Linux; Android 6.0.1; Nexus 5X Build/MMB29P) AppleWebKit/537.36 (KHTML, like Gecko) Chrome/133.0.6943.141 Mobile Safari/537.36 (compatible; GoogleOther)"
66.249.66.36 - - [15/Mar/2025:21:38:05 +0300] "GET /shopdetail/30709425 HTTP/1.1" 200 18945 "-" "Mozilla/5.0 (Linux; Android 6.0.1; Nexus 5X Build/MMB29P) AppleWebKit/537.36 (KHTML, like Gecko) Chrome/133.0.6943.141 Mobile Safari/537.36 (compatible; GoogleOther)"
66.249.66.35 - - [15/Mar/2025:21:45:25 +0300] "GET /shopdetail/5322970 HTTP/1.1" 200 18018 "-" "Mozilla/5.0 (Linux; Android 6.0.1; Nexus 5X Build/MMB29P) AppleWebKit/537.36 (KHTML, like Gecko) Chrome/133.0.6943.141 Mobile Safari/537.36 (compatible; GoogleOther)"
66.249.66.35 - - [15/Mar/2025:21:36:53 +0300] "GET /shopdetail/30902403 HTTP/1.1" 200 20701 "-" "Mozilla/5.0 (Linux; Android 6.0.1; Nexus 5X Build/MMB29P) AppleWebKit/537.36 (KHTML, like Gecko) Chrome/133.0.6943.141 Mobile Safari/537.36 (compatible; GoogleOther)"
66.249.66.36 - - [15/Mar/2025:21:39:20 +0300] "GET /shopdetail/30293747 HTTP/1.1" 200 22844 "-" "Mozilla/5.0 (Linux; Android 6.0.1; Nexus 5X Build/MMB29P) AppleWebKit/537.36 (KHTML, like Gecko) Chrome/133.0.6943.141 Mobile Safari/537.36 (compatible; GoogleOther)"
66.249.66.35 - - [15/Mar/2025:21:42:35 +0300] "GET /shopdetail/8395681 HTTP/1.1" 200 18761 "-" "Mozilla/5.0 (Linux; Android 6.0.1; Nexus 5X Build/MMB29P) AppleWebKit/537.36 (KHTML, like Gecko) Chrome/133.0.6943.141 Mobile Safari/537.36 (compatible; GoogleOther)"
66.249.66.37 - - [15/Mar/2025:21:30:17 +0300] "GET /shopdetail/30463347 HTTP/1.1" 200 20321 "-" "Mozilla/5.0 (Linux; Android 6.0.1; Nexus 5X Build/MMB29P) AppleWebKit/537.36 (KHTML, like Gecko) Chrome/133.0.6943.141 Mobile Safari/537.36 (compatible; GoogleOther)"
40.77.167.52 - - [15/Mar/2025:21:35:58 +0300] "GET / HTTP/2" 200 18268 "-" "Mozilla/5.0 AppleWebKit/537.36 (KHTML, like Gecko; compatible; bingbot/2.0; +http://www.bing.com/bingbot.htm) Chrome/116.0.1938.76 Safari/537.36"
66.249.66.37 - - [15/Mar/2025:21:36:04 +0300] "GET /shopdetail/29357569 HTTP/1.1" 200 24735 "-" "Mozilla/5.0 (Linux; Android 6.0.1; Nexus 5X Build/MMB29P) AppleWebKit/537.36 (KHTML, like Gecko) Chrome/133.0.6943.141 Mobile Safari/537.36 (compatible; GoogleOther)"
66.249.66.35 - - [15/Mar/2025:21:40:20 +0300] "GET /shopdetail/13985903 HTTP/1.1" 200 18631 "-" "Mozilla/5.0 (Linux; Android 6.0.1; Nexus 5X Build/MMB29P) AppleWebKit/537.36 (KHTML, like Gecko) Chrome/133.0.6943.141 Mobile Safari/537.36 (compatible; GoogleOther)"
66.249.66.35 - - [15/Mar/2025:21:40:56 +0300] "GET /shopdetail/29077836 HTTP/1.1" 200 19462 "-" "Mozilla/5.0 (Linux; Android 6.0.1; Nexus 5X Build/MMB29P) AppleWebKit/537.36 (KHTML, like Gecko) Chrome/133.0.6943.141 Mobile Safari/537.36 (compatible; GoogleOther)"
66.249.66.35 - - [15/Mar/2025:21:43:47 +0300] "GET /shopdetail/24731069 HTTP/1.1" 200 19264 "-" "Mozilla/5.0 (Linux; Android 6.0.1; Nexus 5X Build/MMB29P) AppleWebKit/537.36 (KHTML, like Gecko) Chrome/133.0.6943.141 Mobile Safari/537.36 (compatible; GoogleOther)"
66.249.66.35 - - [15/Mar/2025:21:46:11 +0300] "GET /shopdetail/12064814 HTTP/1.1" 200 19652 "-" "Mozilla/5.0 (Linux; Android 6.0.1; Nexus 5X Build/MMB29P) AppleWebKit/537.36 (KHTML, like Gecko) Chrome/133.0.6943.141 Mobile Safari/537.36 (compatible; GoogleOther)"
66.249.66.37 - - [15/Mar/2025:21:35:15 +0300] "GET /shopdetail/30311603 HTTP/1.1" 200 19152 "-" "Mozilla/5.0 (Linux; Android 6.0.1; Nexus 5X Build/MMB29P) AppleWebKit/537.36 (KHTML, like Gecko) Chrome/133.0.6943.141 Mobile Safari/537.36 (compatible; GoogleOther)"
146.70.36.140 - - [15/Mar/2025:21:36:40 +0300] "GET / HTTP/1.1" 200 16868 "-" "Mozilla/5.0 (Macintosh, Intel Mac OS X 10_15_7) AppleWebKit/605.1.15 (KHTML, like Gecko) Version/17.5 Safari/605.1.15"
66.249.66.35 - - [15/Mar/2025:21:45:37 +0300] "POST /get-message-notify HTTP/1.1" 200 18048 "https://digitalhubbd.com/shopdetail/12575925" "Mozilla/5.0 (Linux; Android 6.0.1; Nexus 5X Build/MMB29P) AppleWebKit/537.36 (KHTML, like Gecko) Chrome/133.0.6943.141 Mobile Safari/537.36 (compatible; Googlebot/2.1; +http://www.google.com/bot.html)"
