66.249.66.35 - - [15/Mar/2025:16:42:40 +0300] "GET /shopdetail/25900214 HTTP/1.1" 200 21180 "-" "Mozilla/5.0 (Linux; Android 6.0.1; Nexus 5X Build/MMB29P) AppleWebKit/537.36 (KHTML, like Gecko) Chrome/133.0.6943.141 Mobile Safari/537.36 (compatible; GoogleOther)"
66.249.66.35 - - [15/Mar/2025:16:42:41 +0300] "GET /shopdetail/12226814 HTTP/1.1" 200 19273 "-" "Mozilla/5.0 (Linux; Android 6.0.1; Nexus 5X Build/MMB29P) AppleWebKit/537.36 (KHTML, like Gecko) Chrome/133.0.6943.141 Mobile Safari/537.36 (compatible; GoogleOther)"
66.249.66.37 - - [15/Mar/2025:16:45:18 +0300] "GET /shopdetail/9486970 HTTP/1.1" 200 18717 "-" "Mozilla/5.0 (Linux; Android 6.0.1; Nexus 5X Build/MMB29P) AppleWebKit/537.36 (KHTML, like Gecko) Chrome/133.0.6943.141 Mobile Safari/537.36 (compatible; GoogleOther)"
2.135.147.138 - - [15/Mar/2025:16:45:30 +0300] "POST /wp-login.php HTTP/1.1" 200 5608 "-" "GRequests/0.10"
2.135.147.138 - - [15/Mar/2025:16:45:30 +0300] "GET /wp-admin/ HTTP/1.1" 301 795 "-" "GRequests/0.10"
2.135.147.138 - - [15/Mar/2025:16:45:31 +0300] "GET /public/wp-admin HTTP/1.1" 200 5497 "https://digitalhubbd.com/wp-admin/" "GRequests/0.10"
66.249.66.35 - - [15/Mar/2025:16:47:24 +0300] "GET /shopdetail/10451336 HTTP/1.1" 200 20057 "-" "Mozilla/5.0 (Linux; Android 6.0.1; Nexus 5X Build/MMB29P) AppleWebKit/537.36 (KHTML, like Gecko) Chrome/133.0.6943.141 Mobile Safari/537.36 (compatible; GoogleOther)"
66.249.66.35 - - [15/Mar/2025:16:52:20 +0300] "GET /shopdetail/9278447 HTTP/1.1" 200 17966 "-" "Mozilla/5.0 (Linux; Android 6.0.1; Nexus 5X Build/MMB29P) AppleWebKit/537.36 (KHTML, like Gecko) Chrome/133.0.6943.141 Mobile Safari/537.36 (compatible; GoogleOther)"
66.249.66.36 - - [15/Mar/2025:16:47:03 +0300] "GET /shopdetail/11641836 HTTP/1.1" 200 20276 "-" "Mozilla/5.0 (Linux; Android 6.0.1; Nexus 5X Build/MMB29P) AppleWebKit/537.36 (KHTML, like Gecko) Chrome/133.0.6943.141 Mobile Safari/537.36 (compatible; GoogleOther)"
66.249.66.37 - - [15/Mar/2025:16:50:14 +0300] "GET /shopdetail/5808069 HTTP/1.1" 200 19216 "-" "Mozilla/5.0 (Linux; Android 6.0.1; Nexus 5X Build/MMB29P) AppleWebKit/537.36 (KHTML, like Gecko) Chrome/133.0.6943.141 Mobile Safari/537.36 (compatible; GoogleOther)"
66.249.66.35 - - [15/Mar/2025:16:51:36 +0300] "POST /get-message-notify HTTP/1.1" 200 18048 "https://digitalhubbd.com/shopdetail/18276392" "Mozilla/5.0 (Linux; Android 6.0.1; Nexus 5X Build/MMB29P) AppleWebKit/537.36 (KHTML, like Gecko) Chrome/133.0.6943.141 Mobile Safari/537.36 (compatible; Googlebot/2.1; +http://www.google.com/bot.html)"
66.249.66.37 - - [15/Mar/2025:16:53:12 +0300] "GET /shopdetail/12647669 HTTP/1.1" 200 17748 "-" "Mozilla/5.0 (Linux; Android 6.0.1; Nexus 5X Build/MMB29P) AppleWebKit/537.36 (KHTML, like Gecko) Chrome/133.0.6943.141 Mobile Safari/537.36 (compatible; GoogleOther)"
66.249.66.35 - - [15/Mar/2025:16:57:57 +0300] "GET /shopdetail/27103558 HTTP/1.1" 200 21111 "-" "Mozilla/5.0 (Linux; Android 6.0.1; Nexus 5X Build/MMB29P) AppleWebKit/537.36 (KHTML, like Gecko) Chrome/133.0.6943.141 Mobile Safari/537.36 (compatible; GoogleOther)"
66.249.66.35 - - [15/Mar/2025:16:59:51 +0300] "GET /shopdetail/10788947 HTTP/1.1" 200 19297 "-" "Mozilla/5.0 (Linux; Android 6.0.1; Nexus 5X Build/MMB29P) AppleWebKit/537.36 (KHTML, like Gecko) Chrome/133.0.6943.141 Mobile Safari/537.36 (compatible; GoogleOther)"
66.249.66.35 - - [15/Mar/2025:16:59:54 +0300] "GET /pcmypage?callback=product%2Fdetail%2F98822905 HTTP/1.1" 200 19769 "-" "Mozilla/5.0 (Linux; Android 6.0.1; Nexus 5X Build/MMB29P) AppleWebKit/537.36 (KHTML, like Gecko) Chrome/133.0.6943.141 Mobile Safari/537.36 (compatible; GoogleOther)"
66.249.66.35 - - [15/Mar/2025:16:54:57 +0300] "GET /shopdetail/3691569 HTTP/1.1" 200 18842 "-" "Mozilla/5.0 (Linux; Android 6.0.1; Nexus 5X Build/MMB29P) AppleWebKit/537.36 (KHTML, like Gecko) Chrome/133.0.6943.141 Mobile Safari/537.36 (compatible; GoogleOther)"
66.249.66.36 - - [15/Mar/2025:16:56:55 +0300] "GET /shopdetail/21311847 HTTP/1.1" 200 19662 "-" "Mozilla/5.0 (Linux; Android 6.0.1; Nexus 5X Build/MMB29P) AppleWebKit/537.36 (KHTML, like Gecko) Chrome/133.0.6943.141 Mobile Safari/537.36 (compatible; GoogleOther)"
66.249.66.35 - - [15/Mar/2025:16:59:30 +0300] "GET /shopdetail/19622914 HTTP/1.1" 200 23444 "-" "Mozilla/5.0 (Linux; Android 6.0.1; Nexus 5X Build/MMB29P) AppleWebKit/537.36 (KHTML, like Gecko) Chrome/133.0.6943.141 Mobile Safari/537.36 (compatible; GoogleOther)"
66.249.66.36 - - [15/Mar/2025:16:48:17 +0300] "GET /pcmypage?callback=product%2Fdetail%2F80679931 HTTP/1.1" 200 17788 "-" "Mozilla/5.0 (Linux; Android 6.0.1; Nexus 5X Build/MMB29P) AppleWebKit/537.36 (KHTML, like Gecko) Chrome/133.0.6943.141 Mobile Safari/537.36 (compatible; GoogleOther)"
66.249.66.36 - - [15/Mar/2025:16:48:17 +0300] "GET /shopdetail/9047936 HTTP/1.1" 200 18741 "-" "Mozilla/5.0 (Linux; Android 6.0.1; Nexus 5X Build/MMB29P) AppleWebKit/537.36 (KHTML, like Gecko) Chrome/133.0.6943.141 Mobile Safari/537.36 (compatible; GoogleOther)"
66.249.66.36 - - [15/Mar/2025:16:51:07 +0300] "GET /shopdetail/12331503 HTTP/1.1" 200 19863 "-" "Mozilla/5.0 (Linux; Android 6.0.1; Nexus 5X Build/MMB29P) AppleWebKit/537.36 (KHTML, like Gecko) Chrome/133.0.6943.141 Mobile Safari/537.36 (compatible; GoogleOther)"
66.249.66.35 - - [15/Mar/2025:16:56:54 +0300] "GET /shopdetail/7478958 HTTP/1.1" 200 19652 "-" "Mozilla/5.0 (Linux; Android 6.0.1; Nexus 5X Build/MMB29P) AppleWebKit/537.36 (KHTML, like Gecko) Chrome/133.0.6943.141 Mobile Safari/537.36 (compatible; GoogleOther)"
66.249.66.36 - - [15/Mar/2025:17:01:57 +0300] "GET /shopdetail/7187514 HTTP/1.1" 200 19310 "-" "Mozilla/5.0 (Linux; Android 6.0.1; Nexus 5X Build/MMB29P) AppleWebKit/537.36 (KHTML, like Gecko) Chrome/133.0.6943.141 Mobile Safari/537.36 (compatible; GoogleOther)"
66.249.66.36 - - [15/Mar/2025:16:48:40 +0300] "POST /get-message-notify HTTP/1.1" 200 18048 "https://digitalhubbd.com/shopdetail/6013614" "Mozilla/5.0 (Linux; Android 6.0.1; Nexus 5X Build/MMB29P) AppleWebKit/537.36 (KHTML, like Gecko) Chrome/133.0.6943.141 Mobile Safari/537.36 (compatible; Googlebot/2.1; +http://www.google.com/bot.html)"
66.249.66.35 - - [15/Mar/2025:16:49:32 +0300] "GET /shopdetail/12011481 HTTP/1.1" 200 17962 "-" "Mozilla/5.0 (Linux; Android 6.0.1; Nexus 5X Build/MMB29P) AppleWebKit/537.36 (KHTML, like Gecko) Chrome/133.0.6943.141 Mobile Safari/537.36 (compatible; GoogleOther)"
66.249.66.35 - - [15/Mar/2025:16:51:59 +0300] "GET /shopdetail/7252403 HTTP/1.1" 200 18598 "-" "Mozilla/5.0 (Linux; Android 6.0.1; Nexus 5X Build/MMB29P) AppleWebKit/537.36 (KHTML, like Gecko) Chrome/133.0.6943.141 Mobile Safari/537.36 (compatible; GoogleOther)"
66.249.66.37 - - [15/Mar/2025:16:57:36 +0300] "GET /shopdetail/26175681 HTTP/1.1" 200 19412 "-" "Mozilla/5.0 (Linux; Android 6.0.1; Nexus 5X Build/MMB29P) AppleWebKit/537.36 (KHTML, like Gecko) Chrome/133.0.6943.141 Mobile Safari/537.36 (compatible; GoogleOther)"
66.249.66.35 - - [15/Mar/2025:16:59:09 +0300] "GET /shopdetail/15357092 HTTP/1.1" 200 20404 "-" "Mozilla/5.0 (Linux; Android 6.0.1; Nexus 5X Build/MMB29P) AppleWebKit/537.36 (KHTML, like Gecko) Chrome/133.0.6943.141 Mobile Safari/537.36 (compatible; GoogleOther)"
66.249.66.37 - - [15/Mar/2025:17:03:11 +0300] "GET /shopdetail/15488558 HTTP/1.1" 200 18176 "-" "Mozilla/5.0 (Linux; Android 6.0.1; Nexus 5X Build/MMB29P) AppleWebKit/537.36 (KHTML, like Gecko) Chrome/133.0.6943.141 Mobile Safari/537.36 (compatible; GoogleOther)"
66.249.66.35 - - [15/Mar/2025:16:54:06 +0300] "GET /shopdetail/14565170 HTTP/1.1" 200 19273 "-" "Mozilla/5.0 (Linux; Android 6.0.1; Nexus 5X Build/MMB29P) AppleWebKit/537.36 (KHTML, like Gecko) Chrome/133.0.6943.141 Mobile Safari/537.36 (compatible; GoogleOther)"
66.249.66.36 - - [15/Mar/2025:16:49:11 +0300] "GET /shopdetail/6338947 HTTP/1.1" 200 18116 "-" "Mozilla/5.0 (Linux; Android 6.0.1; Nexus 5X Build/MMB29P) AppleWebKit/537.36 (KHTML, like Gecko) Chrome/133.0.6943.141 Mobile Safari/537.36 (compatible; GoogleOther)"
66.249.66.36 - - [15/Mar/2025:16:56:21 +0300] "GET /shopdetail/10307047 HTTP/1.1" 200 19898 "-" "Mozilla/5.0 (Linux; Android 6.0.1; Nexus 5X Build/MMB29P) AppleWebKit/537.36 (KHTML, like Gecko) Chrome/133.0.6943.141 Mobile Safari/537.36 (compatible; GoogleOther)"
66.249.66.37 - - [15/Mar/2025:16:58:18 +0300] "GET /shopdetail/10718936 HTTP/1.1" 200 18387 "-" "Mozilla/5.0 (Linux; Android 6.0.1; Nexus 5X Build/MMB29P) AppleWebKit/537.36 (KHTML, like Gecko) Chrome/133.0.6943.141 Mobile Safari/537.36 (compatible; GoogleOther)"
66.249.66.37 - - [15/Mar/2025:17:01:04 +0300] "GET /shopdetail/9646958 HTTP/1.1" 200 19025 "-" "Mozilla/5.0 (Linux; Android 6.0.1; Nexus 5X Build/MMB29P) AppleWebKit/537.36 (KHTML, like Gecko) Chrome/133.0.6943.141 Mobile Safari/537.36 (compatible; GoogleOther)"
66.249.66.35 - - [15/Mar/2025:16:49:53 +0300] "GET /shopdetail/6079625 HTTP/1.1" 200 20144 "-" "Mozilla/5.0 (Linux; Android 6.0.1; Nexus 5X Build/MMB29P) AppleWebKit/537.36 (KHTML, like Gecko) Chrome/133.0.6943.141 Mobile Safari/537.36 (compatible; GoogleOther)"
66.249.66.36 - - [15/Mar/2025:16:52:09 +0300] "GET /shopdetail/12035147 HTTP/1.1" 200 18176 "-" "Mozilla/5.0 (Linux; Android 6.0.1; Nexus 5X Build/MMB29P) AppleWebKit/537.36 (KHTML, like Gecko) Chrome/133.0.6943.141 Mobile Safari/537.36 (compatible; GoogleOther)"
66.249.66.35 - - [15/Mar/2025:17:01:57 +0300] "GET /shopdetail/9259503 HTTP/1.1" 200 17923 "-" "Mozilla/5.0 (Linux; Android 6.0.1; Nexus 5X Build/MMB29P) AppleWebKit/537.36 (KHTML, like Gecko) Chrome/133.0.6943.141 Mobile Safari/537.36 (compatible; GoogleOther)"
66.249.66.37 - - [15/Mar/2025:17:02:18 +0300] "GET /shopdetail/12200292 HTTP/1.1" 200 19280 "-" "Mozilla/5.0 (Linux; Android 6.0.1; Nexus 5X Build/MMB29P) AppleWebKit/537.36 (KHTML, like Gecko) Chrome/133.0.6943.141 Mobile Safari/537.36 (compatible; GoogleOther)"
66.249.66.35 - - [15/Mar/2025:17:12:05 +0300] "GET /shopdetail/12293814 HTTP/1.1" 200 19251 "-" "Mozilla/5.0 (Linux; Android 6.0.1; Nexus 5X Build/MMB29P) AppleWebKit/537.36 (KHTML, like Gecko) Chrome/133.0.6943.141 Mobile Safari/537.36 (compatible; GoogleOther)"
66.249.66.35 - - [15/Mar/2025:17:15:12 +0300] "GET /shopdetail/14787858 HTTP/1.1" 200 19390 "-" "Mozilla/5.0 (Linux; Android 6.0.1; Nexus 5X Build/MMB29P) AppleWebKit/537.36 (KHTML, like Gecko) Chrome/133.0.6943.141 Mobile Safari/537.36 (compatible; GoogleOther)"
66.249.66.36 - - [15/Mar/2025:17:05:27 +0300] "GET /shopdetail/16427014 HTTP/1.1" 200 19657 "-" "Mozilla/5.0 (Linux; Android 6.0.1; Nexus 5X Build/MMB29P) AppleWebKit/537.36 (KHTML, like Gecko) Chrome/133.0.6943.141 Mobile Safari/537.36 (compatible; GoogleOther)"
66.249.66.35 - - [15/Mar/2025:17:07:53 +0300] "GET /shopdetail/11740358 HTTP/1.1" 200 18690 "-" "Mozilla/5.0 (Linux; Android 6.0.1; Nexus 5X Build/MMB29P) AppleWebKit/537.36 (KHTML, like Gecko) Chrome/133.0.6943.141 Mobile Safari/537.36 (compatible; GoogleOther)"
66.249.66.35 - - [15/Mar/2025:17:13:19 +0300] "GET /shopdetail/17276914 HTTP/1.1" 200 22746 "-" "Mozilla/5.0 (Linux; Android 6.0.1; Nexus 5X Build/MMB29P) AppleWebKit/537.36 (KHTML, like Gecko) Chrome/133.0.6943.141 Mobile Safari/537.36 (compatible; GoogleOther)"
66.249.66.36 - - [15/Mar/2025:17:15:33 +0300] "GET /shopdetail/26826347 HTTP/1.1" 200 21082 "-" "Mozilla/5.0 (Linux; Android 6.0.1; Nexus 5X Build/MMB29P) AppleWebKit/537.36 (KHTML, like Gecko) Chrome/133.0.6943.141 Mobile Safari/537.36 (compatible; GoogleOther)"
66.249.66.37 - - [15/Mar/2025:17:17:43 +0300] "GET /favicon.ico HTTP/1.1" 200 0 "-" "Googlebot-Image/1.0"
66.249.66.35 - - [15/Mar/2025:17:04:03 +0300] "GET /shopdetail/7785536 HTTP/1.1" 200 18524 "-" "Mozilla/5.0 (Linux; Android 6.0.1; Nexus 5X Build/MMB29P) AppleWebKit/537.36 (KHTML, like Gecko) Chrome/133.0.6943.141 Mobile Safari/537.36 (compatible; GoogleOther)"
66.249.66.36 - - [15/Mar/2025:17:08:15 +0300] "GET /shopdetail/28954670 HTTP/1.1" 200 18805 "-" "Mozilla/5.0 (Linux; Android 6.0.1; Nexus 5X Build/MMB29P) AppleWebKit/537.36 (KHTML, like Gecko) Chrome/133.0.6943.141 Mobile Safari/537.36 (compatible; GoogleOther)"
66.249.66.35 - - [15/Mar/2025:17:12:57 +0300] "GET /shopdetail/11230869 HTTP/1.1" 200 18731 "-" "Mozilla/5.0 (Linux; Android 6.0.1; Nexus 5X Build/MMB29P) AppleWebKit/537.36 (KHTML, like Gecko) Chrome/133.0.6943.141 Mobile Safari/537.36 (compatible; GoogleOther)"
66.249.66.36 - - [15/Mar/2025:17:06:40 +0300] "GET /shopdetail/23862203 HTTP/1.1" 200 19751 "-" "Mozilla/5.0 (Linux; Android 6.0.1; Nexus 5X Build/MMB29P) AppleWebKit/537.36 (KHTML, like Gecko) Chrome/133.0.6943.141 Mobile Safari/537.36 (compatible; GoogleOther)"
66.249.66.37 - - [15/Mar/2025:17:11:22 +0300] "GET /shopdetail/1327670 HTTP/1.1" 200 19164 "-" "Mozilla/5.0 (Linux; Android 6.0.1; Nexus 5X Build/MMB29P) AppleWebKit/537.36 (KHTML, like Gecko) Chrome/133.0.6943.141 Mobile Safari/537.36 (compatible; GoogleOther)"
66.249.66.37 - - [15/Mar/2025:17:11:23 +0300] "GET /shopdetail/16707881 HTTP/1.1" 200 22407 "-" "Mozilla/5.0 (Linux; Android 6.0.1; Nexus 5X Build/MMB29P) AppleWebKit/537.36 (KHTML, like Gecko) Chrome/133.0.6943.141 Mobile Safari/537.36 (compatible; GoogleOther)"
66.249.66.35 - - [15/Mar/2025:17:11:44 +0300] "GET /shopdetail/8400947 HTTP/1.1" 200 19043 "-" "Mozilla/5.0 (Linux; Android 6.0.1; Nexus 5X Build/MMB29P) AppleWebKit/537.36 (KHTML, like Gecko) Chrome/133.0.6943.141 Mobile Safari/537.36 (compatible; GoogleOther)"
66.249.66.36 - - [15/Mar/2025:17:13:14 +0300] "POST /get-message-notify HTTP/1.1" 200 18048 "https://digitalhubbd.com/shopdetail/11740358" "Mozilla/5.0 (Linux; Android 6.0.1; Nexus 5X Build/MMB29P) AppleWebKit/537.36 (KHTML, like Gecko) Chrome/133.0.6943.141 Mobile Safari/537.36 (compatible; Googlebot/2.1; +http://www.google.com/bot.html)"
66.249.66.35 - - [15/Mar/2025:17:14:54 +0300] "GET /pcmypage?callback=product/detail/80679931 HTTP/1.1" 200 17788 "-" "Mozilla/5.0 (Linux; Android 6.0.1; Nexus 5X Build/MMB29P) AppleWebKit/537.36 (KHTML, like Gecko) Chrome/133.0.6943.141 Mobile Safari/537.36 (compatible; GoogleOther)"
66.249.66.35 - - [15/Mar/2025:17:15:54 +0300] "GET /shopdetail/21501058 HTTP/1.1" 200 18542 "-" "Mozilla/5.0 (Linux; Android 6.0.1; Nexus 5X Build/MMB29P) AppleWebKit/537.36 (KHTML, like Gecko) Chrome/133.0.6943.141 Mobile Safari/537.36 (compatible; GoogleOther)"
66.249.66.37 - - [15/Mar/2025:17:07:32 +0300] "GET /shopdetail/26634425 HTTP/1.1" 200 19779 "-" "Mozilla/5.0 (Linux; Android 6.0.1; Nexus 5X Build/MMB29P) AppleWebKit/537.36 (KHTML, like Gecko) Chrome/133.0.6943.141 Mobile Safari/537.36 (compatible; GoogleOther)"
66.249.66.36 - - [15/Mar/2025:17:14:51 +0300] "GET /shopdetail/15258369 HTTP/1.1" 200 20421 "-" "Mozilla/5.0 (Linux; Android 6.0.1; Nexus 5X Build/MMB29P) AppleWebKit/537.36 (KHTML, like Gecko) Chrome/133.0.6943.141 Mobile Safari/537.36 (compatible; GoogleOther)"
66.249.66.37 - - [15/Mar/2025:17:16:01 +0300] "GET / HTTP/1.1" 200 18268 "-" "Mozilla/5.0 (compatible; Googlebot/2.1; +http://www.google.com/bot.html)"
66.249.66.35 - - [15/Mar/2025:17:09:09 +0300] "GET /shopdetail/15855092 HTTP/1.1" 200 18652 "-" "Mozilla/5.0 (Linux; Android 6.0.1; Nexus 5X Build/MMB29P) AppleWebKit/537.36 (KHTML, like Gecko) Chrome/133.0.6943.141 Mobile Safari/537.36 (compatible; GoogleOther)"
66.249.66.36 - - [15/Mar/2025:17:03:42 +0300] "POST /get-message-notify HTTP/1.1" 200 18048 "https://digitalhubbd.com/shopdetail/7478958" "Mozilla/5.0 (Linux; Android 6.0.1; Nexus 5X Build/MMB29P) AppleWebKit/537.36 (KHTML, like Gecko) Chrome/133.0.6943.141 Mobile Safari/537.36 (compatible; Googlebot/2.1; +http://www.google.com/bot.html)"
66.249.66.35 - - [15/Mar/2025:17:04:34 +0300] "GET /shopdetail/7478958 HTTP/1.1" 200 19652 "-" "Mozilla/5.0 (Linux; Android 6.0.1; Nexus 5X Build/MMB29P) AppleWebKit/537.36 (KHTML, like Gecko) Chrome/133.0.6943.141 Mobile Safari/537.36 (compatible; Googlebot/2.1; +http://www.google.com/bot.html)"
66.249.66.35 - - [15/Mar/2025:17:07:47 +0300] "POST /get-message-notify HTTP/1.1" 200 18048 "https://digitalhubbd.com/shopdetail/15488558" "Mozilla/5.0 (Linux; Android 6.0.1; Nexus 5X Build/MMB29P) AppleWebKit/537.36 (KHTML, like Gecko) Chrome/133.0.6943.141 Mobile Safari/537.36 (compatible; Googlebot/2.1; +http://www.google.com/bot.html)"
66.249.66.35 - - [15/Mar/2025:17:09:50 +0300] "GET /shopdetail/22862858 HTTP/1.1" 200 18740 "-" "Mozilla/5.0 (Linux; Android 6.0.1; Nexus 5X Build/MMB29P) AppleWebKit/537.36 (KHTML, like Gecko) Chrome/133.0.6943.141 Mobile Safari/537.36 (compatible; GoogleOther)"
66.249.66.36 - - [15/Mar/2025:17:19:06 +0300] "GET /shopdetail/15313103 HTTP/1.1" 200 19860 "-" "Mozilla/5.0 (Linux; Android 6.0.1; Nexus 5X Build/MMB29P) AppleWebKit/537.36 (KHTML, like Gecko) Chrome/133.0.6943.141 Mobile Safari/537.36 (compatible; GoogleOther)"
66.249.66.37 - - [15/Mar/2025:17:06:20 +0300] "GET /shopdetail/9314647 HTTP/1.1" 200 18651 "-" "Mozilla/5.0 (Linux; Android 6.0.1; Nexus 5X Build/MMB29P) AppleWebKit/537.36 (KHTML, like Gecko) Chrome/133.0.6943.141 Mobile Safari/537.36 (compatible; GoogleOther)"
66.249.66.35 - - [15/Mar/2025:17:09:29 +0300] "GET /shopdetail/7535525 HTTP/1.1" 200 18992 "-" "Mozilla/5.0 (Linux; Android 6.0.1; Nexus 5X Build/MMB29P) AppleWebKit/537.36 (KHTML, like Gecko) Chrome/133.0.6943.141 Mobile Safari/537.36 (compatible; GoogleOther)"
40.77.167.52 - - [15/Mar/2025:17:10:08 +0300] "GET / HTTP/2" 200 18268 "-" "Mozilla/5.0 AppleWebKit/537.36 (KHTML, like Gecko; compatible; bingbot/2.0; +http://www.bing.com/bingbot.htm) Chrome/116.0.1938.76 Safari/537.36"
66.249.66.36 - - [15/Mar/2025:17:23:28 +0300] "POST /get-message-notify HTTP/1.1" 200 18048 "https://digitalhubbd.com/shopdetail/15357092" "Mozilla/5.0 (Linux; Android 6.0.1; Nexus 5X Build/MMB29P) AppleWebKit/537.36 (KHTML, like Gecko) Chrome/133.0.6943.141 Mobile Safari/537.36 (compatible; Googlebot/2.1; +http://www.google.com/bot.html)"
66.249.66.37 - - [15/Mar/2025:17:27:05 +0300] "GET /shopdetail/16164570 HTTP/1.1" 200 19244 "-" "Mozilla/5.0 (Linux; Android 6.0.1; Nexus 5X Build/MMB29P) AppleWebKit/537.36 (KHTML, like Gecko) Chrome/133.0.6943.141 Mobile Safari/537.36 (compatible; GoogleOther)"
66.249.66.37 - - [15/Mar/2025:17:36:35 +0300] "GET /shopdetail/12284769 HTTP/1.1" 200 18624 "-" "Mozilla/5.0 (Linux; Android 6.0.1; Nexus 5X Build/MMB29P) AppleWebKit/537.36 (KHTML, like Gecko) Chrome/133.0.6943.141 Mobile Safari/537.36 (compatible; GoogleOther)"
66.249.66.35 - - [15/Mar/2025:17:23:53 +0300] "GET /shopdetail/21176081 HTTP/1.1" 200 19877 "-" "Mozilla/5.0 (Linux; Android 6.0.1; Nexus 5X Build/MMB29P) AppleWebKit/537.36 (KHTML, like Gecko) Chrome/133.0.6943.141 Mobile Safari/537.36 (compatible; GoogleOther)"
66.249.66.35 - - [15/Mar/2025:17:25:29 +0300] "GET /shopdetail/22097814 HTTP/1.1" 200 19879 "-" "Mozilla/5.0 (Linux; Android 6.0.1; Nexus 5X Build/MMB29P) AppleWebKit/537.36 (KHTML, like Gecko) Chrome/133.0.6943.141 Mobile Safari/537.36 (compatible; GoogleOther)"
66.249.66.36 - - [15/Mar/2025:17:26:17 +0300] "GET /shopdetail/21716836 HTTP/1.1" 200 19621 "-" "Mozilla/5.0 (Linux; Android 6.0.1; Nexus 5X Build/MMB29P) AppleWebKit/537.36 (KHTML, like Gecko) Chrome/133.0.6943.141 Mobile Safari/537.36 (compatible; GoogleOther)"
66.249.66.35 - - [15/Mar/2025:17:27:38 +0300] "GET /shopdetail/12372492 HTTP/1.1" 200 18571 "-" "Mozilla/5.0 (Linux; Android 6.0.1; Nexus 5X Build/MMB29P) AppleWebKit/537.36 (KHTML, like Gecko) Chrome/133.0.6943.141 Mobile Safari/537.36 (compatible; GoogleOther)"
66.249.66.35 - - [15/Mar/2025:17:23:06 +0300] "GET /shopdetail/7829170 HTTP/1.1" 200 18562 "-" "Mozilla/5.0 (Linux; Android 6.0.1; Nexus 5X Build/MMB29P) AppleWebKit/537.36 (KHTML, like Gecko) Chrome/133.0.6943.141 Mobile Safari/537.36 (compatible; GoogleOther)"
66.249.66.37 - - [15/Mar/2025:17:32:08 +0300] "GET /shopdetail/2500125 HTTP/1.1" 200 18075 "-" "Mozilla/5.0 (Linux; Android 6.0.1; Nexus 5X Build/MMB29P) AppleWebKit/537.36 (KHTML, like Gecko) Chrome/133.0.6943.141 Mobile Safari/537.36 (compatible; GoogleOther)"
66.249.66.36 - - [15/Mar/2025:17:21:30 +0300] "GET /shopdetail/8138470 HTTP/1.1" 200 18455 "-" "Mozilla/5.0 (Linux; Android 6.0.1; Nexus 5X Build/MMB29P) AppleWebKit/537.36 (KHTML, like Gecko) Chrome/133.0.6943.141 Mobile Safari/537.36 (compatible; GoogleOther)"
66.249.66.35 - - [15/Mar/2025:17:27:11 +0300] "POST /get-message-notify HTTP/1.1" 200 18048 "https://digitalhubbd.com/shopdetail/14787858" "Mozilla/5.0 (Linux; Android 6.0.1; Nexus 5X Build/MMB29P) AppleWebKit/537.36 (KHTML, like Gecko) Chrome/133.0.6943.141 Mobile Safari/537.36 (compatible; Googlebot/2.1; +http://www.google.com/bot.html)"
66.249.66.35 - - [15/Mar/2025:17:29:43 +0300] "GET /shopdetail/26578592 HTTP/1.1" 200 19413 "-" "Mozilla/5.0 (Linux; Android 6.0.1; Nexus 5X Build/MMB29P) AppleWebKit/537.36 (KHTML, like Gecko) Chrome/133.0.6943.141 Mobile Safari/537.36 (compatible; Googlebot/2.1; +http://www.google.com/bot.html)"
66.249.66.35 - - [15/Mar/2025:17:28:24 +0300] "GET /shopdetail/11176114 HTTP/1.1" 200 19156 "-" "Mozilla/5.0 (Linux; Android 6.0.1; Nexus 5X Build/MMB29P) AppleWebKit/537.36 (KHTML, like Gecko) Chrome/133.0.6943.141 Mobile Safari/537.36 (compatible; Googlebot/2.1; +http://www.google.com/bot.html)"
66.249.66.35 - - [15/Mar/2025:17:19:59 +0300] "POST /get-message-notify HTTP/1.1" 200 18048 "https://digitalhubbd.com/shopdetail/23862203" "Mozilla/5.0 (Linux; Android 6.0.1; Nexus 5X Build/MMB29P) AppleWebKit/537.36 (KHTML, like Gecko) Chrome/133.0.6943.141 Mobile Safari/537.36 (compatible; Googlebot/2.1; +http://www.google.com/bot.html)"
66.249.66.36 - - [15/Mar/2025:17:33:23 +0300] "GET /shopdetail/8232547 HTTP/1.1" 200 18896 "-" "Mozilla/5.0 (Linux; Android 6.0.1; Nexus 5X Build/MMB29P) AppleWebKit/537.36 (KHTML, like Gecko) Chrome/133.0.6943.141 Mobile Safari/537.36 (compatible; GoogleOther)"
66.249.66.36 - - [15/Mar/2025:17:29:17 +0300] "GET /shopdetail/7807103 HTTP/1.1" 200 17793 "-" "Mozilla/5.0 (Linux; Android 6.0.1; Nexus 5X Build/MMB29P) AppleWebKit/537.36 (KHTML, like Gecko) Chrome/133.0.6943.141 Mobile Safari/537.36 (compatible; GoogleOther)"
66.249.66.37 - - [15/Mar/2025:17:30:13 +0300] "GET /shopdetail/13086970 HTTP/1.1" 200 20476 "-" "Mozilla/5.0 (Linux; Android 6.0.1; Nexus 5X Build/MMB29P) AppleWebKit/537.36 (KHTML, like Gecko) Chrome/133.0.6943.141 Mobile Safari/537.36 (compatible; GoogleOther)"
66.249.66.37 - - [15/Mar/2025:17:31:35 +0300] "POST /get-message-notify HTTP/1.1" 200 18048 "https://digitalhubbd.com/shopdetail/21716836" "Mozilla/5.0 (Linux; Android 6.0.1; Nexus 5X Build/MMB29P) AppleWebKit/537.36 (KHTML, like Gecko) Chrome/133.0.6943.141 Mobile Safari/537.36 (compatible; Googlebot/2.1; +http://www.google.com/bot.html)"
66.249.66.37 - - [15/Mar/2025:17:35:30 +0300] "GET /shopdetail/7709303 HTTP/1.1" 200 20005 "-" "Mozilla/5.0 (Linux; Android 6.0.1; Nexus 5X Build/MMB29P) AppleWebKit/537.36 (KHTML, like Gecko) Chrome/133.0.6943.141 Mobile Safari/537.36 (compatible; Googlebot/2.1; +http://www.google.com/bot.html)"
66.249.66.37 - - [15/Mar/2025:17:38:11 +0300] "GET /shopdetail/11054503 HTTP/1.1" 200 18349 "-" "Mozilla/5.0 (Linux; Android 6.0.1; Nexus 5X Build/MMB29P) AppleWebKit/537.36 (KHTML, like Gecko) Chrome/133.0.6943.141 Mobile Safari/537.36 (compatible; GoogleOther)"
66.249.66.36 - - [15/Mar/2025:17:39:14 +0300] "GET /shopdetail/12081569 HTTP/1.1" 200 18528 "-" "Mozilla/5.0 (Linux; Android 6.0.1; Nexus 5X Build/MMB29P) AppleWebKit/537.36 (KHTML, like Gecko) Chrome/133.0.6943.141 Mobile Safari/537.36 (compatible; Googlebot/2.1; +http://www.google.com/bot.html)"
66.249.66.36 - - [15/Mar/2025:17:44:30 +0300] "GET /shopdetail/9535247 HTTP/1.1" 200 18109 "-" "Mozilla/5.0 (Linux; Android 6.0.1; Nexus 5X Build/MMB29P) AppleWebKit/537.36 (KHTML, like Gecko) Chrome/133.0.6943.141 Mobile Safari/537.36 (compatible; GoogleOther)"
66.249.66.36 - - [15/Mar/2025:17:51:41 +0300] "GET /shopdetail/7893392 HTTP/1.1" 200 17867 "-" "Mozilla/5.0 (Linux; Android 6.0.1; Nexus 5X Build/MMB29P) AppleWebKit/537.36 (KHTML, like Gecko) Chrome/133.0.6943.141 Mobile Safari/537.36 (compatible; GoogleOther)"
66.249.66.36 - - [15/Mar/2025:17:39:19 +0300] "GET /shopdetail/6056870 HTTP/1.1" 200 18729 "-" "Mozilla/5.0 (Linux; Android 6.0.1; Nexus 5X Build/MMB29P) AppleWebKit/537.36 (KHTML, like Gecko) Chrome/133.0.6943.141 Mobile Safari/537.36 (compatible; Googlebot/2.1; +http://www.google.com/bot.html)"
66.249.66.35 - - [15/Mar/2025:17:42:11 +0300] "GET /shopdetail/8422381 HTTP/1.1" 200 18228 "-" "Mozilla/5.0 (Linux; Android 6.0.1; Nexus 5X Build/MMB29P) AppleWebKit/537.36 (KHTML, like Gecko) Chrome/133.0.6943.141 Mobile Safari/537.36 (compatible; GoogleOther)"
66.249.66.36 - - [15/Mar/2025:17:42:59 +0300] "GET /shopdetail/15195570 HTTP/1.1" 200 18002 "-" "Mozilla/5.0 (Linux; Android 6.0.1; Nexus 5X Build/MMB29P) AppleWebKit/537.36 (KHTML, like Gecko) Chrome/133.0.6943.141 Mobile Safari/537.36 (compatible; GoogleOther)"
66.249.66.35 - - [15/Mar/2025:17:38:59 +0300] "GET /shopdetail/10215747 HTTP/1.1" 200 18261 "-" "Mozilla/5.0 (Linux; Android 6.0.1; Nexus 5X Build/MMB29P) AppleWebKit/537.36 (KHTML, like Gecko) Chrome/133.0.6943.141 Mobile Safari/537.36 (compatible; GoogleOther)"
66.249.66.36 - - [15/Mar/2025:17:46:05 +0300] "GET /shopdetail/15534414 HTTP/1.1" 200 18968 "-" "Mozilla/5.0 (Linux; Android 6.0.1; Nexus 5X Build/MMB29P) AppleWebKit/537.36 (KHTML, like Gecko) Chrome/133.0.6943.141 Mobile Safari/537.36 (compatible; GoogleOther)"
66.249.66.36 - - [15/Mar/2025:17:36:58 +0300] "POST /get-message-notify HTTP/1.1" 200 18048 "https://digitalhubbd.com/shopdetail/1327670" "Mozilla/5.0 (Linux; Android 6.0.1; Nexus 5X Build/MMB29P) AppleWebKit/537.36 (KHTML, like Gecko) Chrome/133.0.6943.141 Mobile Safari/537.36 (compatible; Googlebot/2.1; +http://www.google.com/bot.html)"
185.191.171.19 - - [15/Mar/2025:17:49:49 +0300] "GET /robots.txt HTTP/1.1" 200 169 "-" "Mozilla/5.0 (compatible; SemrushBot/7~bl; +http://www.semrush.com/bot.html)"
66.249.66.35 - - [15/Mar/2025:17:44:11 +0300] "GET /shopdetail/9902825 HTTP/1.1" 200 18434 "-" "Mozilla/5.0 (Linux; Android 6.0.1; Nexus 5X Build/MMB29P) AppleWebKit/537.36 (KHTML, like Gecko) Chrome/133.0.6943.141 Mobile Safari/537.36 (compatible; GoogleOther)"
66.249.66.36 - - [15/Mar/2025:17:50:37 +0300] "GET /shopdetail/27001281 HTTP/1.1" 200 20957 "-" "Mozilla/5.0 (Linux; Android 6.0.1; Nexus 5X Build/MMB29P) AppleWebKit/537.36 (KHTML, like Gecko) Chrome/133.0.6943.141 Mobile Safari/537.36 (compatible; Googlebot/2.1; +http://www.google.com/bot.html)"
66.249.66.36 - - [15/Mar/2025:17:41:23 +0300] "GET /shopdetail/14117336 HTTP/1.1" 200 18743 "-" "Mozilla/5.0 (Linux; Android 6.0.1; Nexus 5X Build/MMB29P) AppleWebKit/537.36 (KHTML, like Gecko) Chrome/133.0.6943.141 Mobile Safari/537.36 (compatible; GoogleOther)"
66.249.66.36 - - [15/Mar/2025:17:50:03 +0300] "POST /get-message-notify HTTP/1.1" 200 18048 "https://digitalhubbd.com/shopdetail/10451336" "Mozilla/5.0 (Linux; Android 6.0.1; Nexus 5X Build/MMB29P) AppleWebKit/537.36 (KHTML, like Gecko) Chrome/133.0.6943.141 Mobile Safari/537.36 (compatible; Googlebot/2.1; +http://www.google.com/bot.html)"
85.208.96.197 - - [15/Mar/2025:17:49:50 +0300] "GET /blog/the-golden-rule-between-unique-design HTTP/1.1" 403 0 "-" "Mozilla/5.0 (compatible; SemrushBot/7~bl; +http://www.semrush.com/bot.html)"
66.249.66.35 - - [15/Mar/2025:17:50:53 +0300] "GET /shopdetail/15446414 HTTP/1.1" 200 18315 "-" "Mozilla/5.0 (Linux; Android 6.0.1; Nexus 5X Build/MMB29P) AppleWebKit/537.36 (KHTML, like Gecko) Chrome/133.0.6943.141 Mobile Safari/537.36 (compatible; GoogleOther)"
66.249.66.36 - - [15/Mar/2025:17:57:53 +0300] "POST /get-message-notify HTTP/1.1" 200 18048 "https://digitalhubbd.com/shopdetail/22097814" "Mozilla/5.0 (Linux; Android 6.0.1; Nexus 5X Build/MMB29P) AppleWebKit/537.36 (KHTML, like Gecko) Chrome/133.0.6943.141 Mobile Safari/537.36 (compatible; Googlebot/2.1; +http://www.google.com/bot.html)"
66.249.66.35 - - [15/Mar/2025:17:58:35 +0300] "GET /shopdetail/8232547 HTTP/1.1" 200 18896 "-" "Mozilla/5.0 (Linux; Android 6.0.1; Nexus 5X Build/MMB29P) AppleWebKit/537.36 (KHTML, like Gecko) Chrome/133.0.6943.141 Mobile Safari/537.36 (compatible; Googlebot/2.1; +http://www.google.com/bot.html)"
66.249.66.35 - - [15/Mar/2025:17:58:53 +0300] "GET /shopdetail/13234181 HTTP/1.1" 200 18038 "-" "Mozilla/5.0 (Linux; Android 6.0.1; Nexus 5X Build/MMB29P) AppleWebKit/537.36 (KHTML, like Gecko) Chrome/133.0.6943.141 Mobile Safari/537.36 (compatible; GoogleOther)"
66.249.66.35 - - [15/Mar/2025:17:59:19 +0300] "GET /shopdetail/13602192 HTTP/1.1" 200 19091 "-" "Mozilla/5.0 (Linux; Android 6.0.1; Nexus 5X Build/MMB29P) AppleWebKit/537.36 (KHTML, like Gecko) Chrome/133.0.6943.141 Mobile Safari/537.36 (compatible; GoogleOther)"
66.249.66.37 - - [15/Mar/2025:17:56:07 +0300] "POST /get-message-notify HTTP/1.1" 200 18048 "https://digitalhubbd.com/shopdetail/14117336" "Mozilla/5.0 (Linux; Android 6.0.1; Nexus 5X Build/MMB29P) AppleWebKit/537.36 (KHTML, like Gecko) Chrome/133.0.6943.141 Mobile Safari/537.36 (compatible; Googlebot/2.1; +http://www.google.com/bot.html)"
66.249.66.35 - - [15/Mar/2025:17:56:45 +0300] "GET /feature/index.html HTTP/1.1" 200 18843 "-" "Mozilla/5.0 (Linux; Android 6.0.1; Nexus 5X Build/MMB29P) AppleWebKit/537.36 (KHTML, like Gecko) Chrome/133.0.6943.141 Mobile Safari/537.36 (compatible; Googlebot/2.1; +http://www.google.com/bot.html)"
66.249.66.36 - - [15/Mar/2025:17:57:58 +0300] "POST /get-message-notify HTTP/1.1" 200 18048 "https://digitalhubbd.com/gallery" "Mozilla/5.0 (Linux; Android 6.0.1; Nexus 5X Build/MMB29P) AppleWebKit/537.36 (KHTML, like Gecko) Chrome/133.0.6943.141 Mobile Safari/537.36 (compatible; Googlebot/2.1; +http://www.google.com/bot.html)"
66.249.66.37 - - [15/Mar/2025:17:54:54 +0300] "GET /shopdetail/10114781 HTTP/1.1" 200 18744 "-" "Mozilla/5.0 (Linux; Android 6.0.1; Nexus 5X Build/MMB29P) AppleWebKit/537.36 (KHTML, like Gecko) Chrome/133.0.6943.141 Mobile Safari/537.36 (compatible; GoogleOther)"
66.249.66.35 - - [15/Mar/2025:17:55:52 +0300] "GET /gallery HTTP/1.1" 200 18904 "-" "Mozilla/5.0 (Linux; Android 6.0.1; Nexus 5X Build/MMB29P) AppleWebKit/537.36 (KHTML, like Gecko) Chrome/133.0.6943.141 Mobile Safari/537.36 (compatible; Googlebot/2.1; +http://www.google.com/bot.html)"
66.249.66.35 - - [15/Mar/2025:18:01:10 +0300] "GET /shopdetail/9234247 HTTP/1.1" 200 18148 "-" "Mozilla/5.0 (Linux; Android 6.0.1; Nexus 5X Build/MMB29P) AppleWebKit/537.36 (KHTML, like Gecko) Chrome/133.0.6943.141 Mobile Safari/537.36 (compatible; GoogleOther)"
51.8.102.207 - - [15/Mar/2025:17:59:10 +0300] "GET /robots.txt HTTP/2" 200 134 "-" "Mozilla/5.0 (Macintosh; Intel Mac OS X 10_15_7) AppleWebKit/537.36 (KHTML, like Gecko) Chrome/131.0.0.0 Safari/537.36; compatible; OAI-SearchBot/1.0; +https://openai.com/searchbot"
66.249.66.37 - - [15/Mar/2025:17:55:09 +0300] "POST /get-message-notify HTTP/1.1" 200 18048 "https://digitalhubbd.com/shopdetail/12331503" "Mozilla/5.0 (Linux; Android 6.0.1; Nexus 5X Build/MMB29P) AppleWebKit/537.36 (KHTML, like Gecko) Chrome/133.0.6943.141 Mobile Safari/537.36 (compatible; Googlebot/2.1; +http://www.google.com/bot.html)"
66.249.66.36 - - [15/Mar/2025:17:56:30 +0300] "GET /shopdetail/18023792 HTTP/1.1" 200 20961 "-" "Mozilla/5.0 (Linux; Android 6.0.1; Nexus 5X Build/MMB29P) AppleWebKit/537.36 (KHTML, like Gecko) Chrome/133.0.6943.141 Mobile Safari/537.36 (compatible; GoogleOther)"
66.249.66.36 - - [15/Mar/2025:17:58:06 +0300] "GET /shopdetail/11908503 HTTP/1.1" 200 18571 "-" "Mozilla/5.0 (Linux; Android 6.0.1; Nexus 5X Build/MMB29P) AppleWebKit/537.36 (KHTML, like Gecko) Chrome/133.0.6943.141 Mobile Safari/537.36 (compatible; GoogleOther)"
66.249.66.36 - - [15/Mar/2025:18:01:09 +0300] "GET /shopdetail/8599825 HTTP/1.1" 200 19688 "-" "Mozilla/5.0 (Linux; Android 6.0.1; Nexus 5X Build/MMB29P) AppleWebKit/537.36 (KHTML, like Gecko) Chrome/133.0.6943.141 Mobile Safari/537.36 (compatible; GoogleOther)"
47.128.119.81 - - [15/Mar/2025:17:56:29 +0300] "GET /careers HTTP/2" 403 1242 "-" "Mozilla/5.0 (Linux; Android 5.0) AppleWebKit/537.36 (KHTML, like Gecko) Mobile Safari/537.36 (compatible; Bytespider; spider-feedback@bytedance.com)"
66.249.66.35 - - [15/Mar/2025:18:04:55 +0300] "POST /get-message-notify HTTP/1.1" 200 18048 "https://digitalhubbd.com/shopdetail/8599825" "Mozilla/5.0 (Linux; Android 6.0.1; Nexus 5X Build/MMB29P) AppleWebKit/537.36 (KHTML, like Gecko) Chrome/133.0.6943.141 Mobile Safari/537.36 (compatible; Googlebot/2.1; +http://www.google.com/bot.html)"
66.249.66.37 - - [15/Mar/2025:18:05:12 +0300] "GET /shopdetail/8336169 HTTP/1.1" 200 18629 "-" "Mozilla/5.0 (Linux; Android 6.0.1; Nexus 5X Build/MMB29P) AppleWebKit/537.36 (KHTML, like Gecko) Chrome/133.0.6943.141 Mobile Safari/537.36 (compatible; GoogleOther)"
66.249.66.37 - - [15/Mar/2025:18:09:11 +0300] "GET /shopdetail/12752514 HTTP/1.1" 200 19452 "-" "Mozilla/5.0 (Linux; Android 6.0.1; Nexus 5X Build/MMB29P) AppleWebKit/537.36 (KHTML, like Gecko) Chrome/133.0.6943.141 Mobile Safari/537.36 (compatible; GoogleOther)"
66.249.66.36 - - [15/Mar/2025:18:05:59 +0300] "GET /shopdetail/28033947 HTTP/1.1" 200 19932 "-" "Mozilla/5.0 (Linux; Android 6.0.1; Nexus 5X Build/MMB29P) AppleWebKit/537.36 (KHTML, like Gecko) Chrome/133.0.6943.141 Mobile Safari/537.36 (compatible; GoogleOther)"
66.249.66.36 - - [15/Mar/2025:18:08:23 +0300] "GET /shopdetail/14833169 HTTP/1.1" 200 19290 "-" "Mozilla/5.0 (Linux; Android 6.0.1; Nexus 5X Build/MMB29P) AppleWebKit/537.36 (KHTML, like Gecko) Chrome/133.0.6943.141 Mobile Safari/537.36 (compatible; GoogleOther)"
66.249.66.35 - - [15/Mar/2025:18:04:25 +0300] "GET /shopdetail/8581381 HTTP/1.1" 200 19724 "-" "Mozilla/5.0 (Linux; Android 6.0.1; Nexus 5X Build/MMB29P) AppleWebKit/537.36 (KHTML, like Gecko) Chrome/133.0.6943.141 Mobile Safari/537.36 (compatible; GoogleOther)"
66.249.66.36 - - [15/Mar/2025:18:07:35 +0300] "GET /shopdetail/10169070 HTTP/1.1" 200 19595 "-" "Mozilla/5.0 (Linux; Android 6.0.1; Nexus 5X Build/MMB29P) AppleWebKit/537.36 (KHTML, like Gecko) Chrome/133.0.6943.141 Mobile Safari/537.36 (compatible; GoogleOther)"
66.249.66.35 - - [15/Mar/2025:18:09:58 +0300] "GET /shopdetail/4002258 HTTP/1.1" 200 19477 "-" "Mozilla/5.0 (Linux; Android 6.0.1; Nexus 5X Build/MMB29P) AppleWebKit/537.36 (KHTML, like Gecko) Chrome/133.0.6943.141 Mobile Safari/537.36 (compatible; GoogleOther)"
66.249.66.37 - - [15/Mar/2025:18:04:19 +0300] "POST /get-message-notify HTTP/1.1" 200 18048 "https://digitalhubbd.com/shopdetail/11908503" "Mozilla/5.0 (Linux; Android 6.0.1; Nexus 5X Build/MMB29P) AppleWebKit/537.36 (KHTML, like Gecko) Chrome/133.0.6943.141 Mobile Safari/537.36 (compatible; Googlebot/2.1; +http://www.google.com/bot.html)"
66.249.66.37 - - [15/Mar/2025:18:04:21 +0300] "POST /get-message-notify HTTP/1.1" 200 18048 "https://digitalhubbd.com/shopdetail/18023792" "Mozilla/5.0 (Linux; Android 6.0.1; Nexus 5X Build/MMB29P) AppleWebKit/537.36 (KHTML, like Gecko) Chrome/133.0.6943.141 Mobile Safari/537.36 (compatible; Googlebot/2.1; +http://www.google.com/bot.html)"
66.249.66.37 - - [15/Mar/2025:18:16:19 +0300] "GET /shopdetail/10848292 HTTP/1.1" 200 17931 "-" "Mozilla/5.0 (Linux; Android 6.0.1; Nexus 5X Build/MMB29P) AppleWebKit/537.36 (KHTML, like Gecko) Chrome/133.0.6943.141 Mobile Safari/537.36 (compatible; GoogleOther)"
66.249.66.35 - - [15/Mar/2025:18:21:10 +0300] "GET /shopdetail/12399192 HTTP/1.1" 200 18512 "-" "Mozilla/5.0 (Linux; Android 6.0.1; Nexus 5X Build/MMB29P) AppleWebKit/537.36 (KHTML, like Gecko) Chrome/133.0.6943.141 Mobile Safari/537.36 (compatible; GoogleOther)"
66.249.66.36 - - [15/Mar/2025:18:21:56 +0300] "GET /shopdetail/14887414 HTTP/1.1" 200 18389 "-" "Mozilla/5.0 (Linux; Android 6.0.1; Nexus 5X Build/MMB29P) AppleWebKit/537.36 (KHTML, like Gecko) Chrome/133.0.6943.141 Mobile Safari/537.36 (compatible; GoogleOther)"
66.249.66.37 - - [15/Mar/2025:18:11:31 +0300] "GET /shopdetail/7857847 HTTP/1.1" 200 19982 "-" "Mozilla/5.0 (Linux; Android 6.0.1; Nexus 5X Build/MMB29P) AppleWebKit/537.36 (KHTML, like Gecko) Chrome/133.0.6943.141 Mobile Safari/537.36 (compatible; GoogleOther)"
66.249.66.35 - - [15/Mar/2025:18:22:44 +0300] "GET /shopdetail/2262625 HTTP/1.1" 200 18746 "-" "Mozilla/5.0 (Linux; Android 6.0.1; Nexus 5X Build/MMB29P) AppleWebKit/537.36 (KHTML, like Gecko) Chrome/133.0.6943.141 Mobile Safari/537.36 (compatible; GoogleOther)"
66.249.66.37 - - [15/Mar/2025:18:14:38 +0300] "POST /get-message-notify HTTP/1.1" 200 18048 "https://digitalhubbd.com/shopdetail/4002258" "Mozilla/5.0 (Linux; Android 6.0.1; Nexus 5X Build/MMB29P) AppleWebKit/537.36 (KHTML, like Gecko) Chrome/133.0.6943.141 Mobile Safari/537.36 (compatible; Googlebot/2.1; +http://www.google.com/bot.html)"
66.249.66.35 - - [15/Mar/2025:18:13:06 +0300] "GET /shopdetail/8846170 HTTP/1.1" 200 19415 "-" "Mozilla/5.0 (Linux; Android 6.0.1; Nexus 5X Build/MMB29P) AppleWebKit/537.36 (KHTML, like Gecko) Chrome/133.0.6943.141 Mobile Safari/537.36 (compatible; GoogleOther)"
66.249.66.36 - - [15/Mar/2025:18:19:32 +0300] "GET /shopdetail/13238625 HTTP/1.1" 200 18010 "-" "Mozilla/5.0 (Linux; Android 6.0.1; Nexus 5X Build/MMB29P) AppleWebKit/537.36 (KHTML, like Gecko) Chrome/133.0.6943.141 Mobile Safari/537.36 (compatible; GoogleOther)"
66.249.66.37 - - [15/Mar/2025:18:24:13 +0300] "GET /shopdetail/3475869 HTTP/1.1" 200 18526 "-" "Mozilla/5.0 (Linux; Android 6.0.1; Nexus 5X Build/MMB29P) AppleWebKit/537.36 (KHTML, like Gecko) Chrome/133.0.6943.141 Mobile Safari/537.36 (compatible; GoogleOther)"
66.249.66.36 - - [15/Mar/2025:18:17:06 +0300] "GET /shopdetail/12872147 HTTP/1.1" 200 17906 "-" "Mozilla/5.0 (Linux; Android 6.0.1; Nexus 5X Build/MMB29P) AppleWebKit/537.36 (KHTML, like Gecko) Chrome/133.0.6943.141 Mobile Safari/537.36 (compatible; GoogleOther)"
66.249.66.35 - - [15/Mar/2025:18:30:52 +0300] "GET /shopdetail/10373581 HTTP/1.1" 200 19255 "-" "Mozilla/5.0 (Linux; Android 6.0.1; Nexus 5X Build/MMB29P) AppleWebKit/537.36 (KHTML, like Gecko) Chrome/133.0.6943.141 Mobile Safari/537.36 (compatible; GoogleOther)"
66.249.66.37 - - [15/Mar/2025:18:43:17 +0300] "GET /shopdetail/10324270 HTTP/1.1" 200 17988 "-" "Mozilla/5.0 (Linux; Android 6.0.1; Nexus 5X Build/MMB29P) AppleWebKit/537.36 (KHTML, like Gecko) Chrome/133.0.6943.141 Mobile Safari/537.36 (compatible; GoogleOther)"
80.85.246.140 - - [15/Mar/2025:18:27:12 +0300] "GET /blog/category/marketing HTTP/1.1" 200 9096 "-" "Mozilla/5.0 (Macintosh; Intel Mac OS X 10_15_7) AppleWebKit/537.36 (KHTML, like Gecko) Chrome/133.0.0.0 Safari/537.36"
66.249.66.37 - - [15/Mar/2025:18:28:15 +0300] "GET /shopdetail/11435436 HTTP/1.1" 200 17941 "-" "Mozilla/5.0 (Linux; Android 6.0.1; Nexus 5X Build/MMB29P) AppleWebKit/537.36 (KHTML, like Gecko) Chrome/133.0.6943.141 Mobile Safari/537.36 (compatible; GoogleOther)"
66.249.66.35 - - [15/Mar/2025:18:31:10 +0300] "POST /get-message-notify HTTP/1.1" 200 18048 "https://digitalhubbd.com/shopdetail/12872147" "Mozilla/5.0 (Linux; Android 6.0.1; Nexus 5X Build/MMB29P) AppleWebKit/537.36 (KHTML, like Gecko) Chrome/133.0.6943.141 Mobile Safari/537.36 (compatible; Googlebot/2.1; +http://www.google.com/bot.html)"
66.249.66.35 - - [15/Mar/2025:18:36:13 +0300] "GET /shopdetail/11534847 HTTP/1.1" 200 18748 "-" "Mozilla/5.0 (Linux; Android 6.0.1; Nexus 5X Build/MMB29P) AppleWebKit/537.36 (KHTML, like Gecko) Chrome/133.0.6943.141 Mobile Safari/537.36 (compatible; GoogleOther)"
66.249.66.36 - - [15/Mar/2025:18:37:00 +0300] "GET /shopdetail/11773081 HTTP/1.1" 200 18663 "-" "Mozilla/5.0 (Linux; Android 6.0.1; Nexus 5X Build/MMB29P) AppleWebKit/537.36 (KHTML, like Gecko) Chrome/133.0.6943.141 Mobile Safari/537.36 (compatible; GoogleOther)"
80.85.246.140 - - [15/Mar/2025:18:27:08 +0300] "GET /.htaccess HTTP/1.1" 403 1242 "-" "Mozilla/5.0 (Macintosh; Intel Mac OS X 10_15_7) AppleWebKit/537.36 (KHTML, like Gecko) Chrome/133.0.0.0 Safari/537.36"
80.85.246.140 - - [15/Mar/2025:18:27:12 +0300] "GET /language/set-locale/1/blog-bracket-the-golden-rule-between-unique-design HTTP/1.1" 200 3543 "-" "Mozilla/5.0 (Macintosh; Intel Mac OS X 10_15_7) AppleWebKit/537.36 (KHTML, like Gecko) Chrome/133.0.0.0 Safari/537.36"
66.249.66.37 - - [15/Mar/2025:18:27:25 +0300] "GET /shopdetail/12804981 HTTP/1.1" 200 18702 "-" "Mozilla/5.0 (Linux; Android 6.0.1; Nexus 5X Build/MMB29P) AppleWebKit/537.36 (KHTML, like Gecko) Chrome/133.0.6943.141 Mobile Safari/537.36 (compatible; GoogleOther)"
66.249.66.36 - - [15/Mar/2025:18:32:03 +0300] "GET /shopdetail/8313836 HTTP/1.1" 200 18493 "-" "Mozilla/5.0 (Linux; Android 6.0.1; Nexus 5X Build/MMB29P) AppleWebKit/537.36 (KHTML, like Gecko) Chrome/133.0.6943.141 Mobile Safari/537.36 (compatible; GoogleOther)"
90.156.142.66 - - [15/Mar/2025:18:37:12 +0300] "POST /wp-login.php HTTP/1.1" 200 5608 "-" "GRequests/0.10"
90.156.142.66 - - [15/Mar/2025:18:37:12 +0300] "GET /wp-admin/ HTTP/1.1" 301 795 "-" "GRequests/0.10"
90.156.142.66 - - [15/Mar/2025:18:37:12 +0300] "GET /public/wp-admin HTTP/1.1" 200 5494 "https://digitalhubbd.com/wp-admin/" "GRequests/0.10"
158.220.81.196 - - [15/Mar/2025:18:39:09 +0300] "GET /wp-login.php HTTP/1.1" 200 5491 "-" "GRequests/0.10"
66.249.66.37 - - [15/Mar/2025:18:40:07 +0300] "GET /shopdetail/10299114 HTTP/1.1" 200 18152 "-" "Mozilla/5.0 (Linux; Android 6.0.1; Nexus 5X Build/MMB29P) AppleWebKit/537.36 (KHTML, like Gecko) Chrome/133.0.6943.141 Mobile Safari/537.36 (compatible; GoogleOther)"
80.85.246.140 - - [15/Mar/2025:18:27:08 +0300] "GET /?f=/home/digitalh/public_html/.htaccess&a=bj HTTP/1.1" 200 14634 "-" "Mozilla/5.0 (Macintosh; Intel Mac OS X 10_15_7) AppleWebKit/537.36 (KHTML, like Gecko) Chrome/133.0.0.0 Safari/537.36"
66.249.66.36 - - [15/Mar/2025:18:32:10 +0300] "GET /shopdetail/9990747 HTTP/1.1" 200 17673 "-" "Mozilla/5.0 (Linux; Android 6.0.1; Nexus 5X Build/MMB29P) AppleWebKit/537.36 (KHTML, like Gecko) Chrome/133.0.6943.141 Mobile Safari/537.36 (compatible; GoogleOther)"
80.85.246.140 - - [15/Mar/2025:18:27:09 +0300] "GET /portfolio/paper-design HTTP/1.1" 200 10186 "-" "Mozilla/5.0 (Macintosh; Intel Mac OS X 10_15_7) AppleWebKit/537.36 (KHTML, like Gecko) Chrome/133.0.0.0 Safari/537.36"
80.85.246.140 - - [15/Mar/2025:18:27:10 +0300] "GET /language/set-locale/1/portfolio-bracket-paper-design HTTP/1.1" 200 3525 "-" "Mozilla/5.0 (Macintosh; Intel Mac OS X 10_15_7) AppleWebKit/537.36 (KHTML, like Gecko) Chrome/133.0.0.0 Safari/537.36"
66.249.66.35 - - [15/Mar/2025:18:35:25 +0300] "GET /shopdetail/10564436 HTTP/1.1" 200 19445 "-" "Mozilla/5.0 (Linux; Android 6.0.1; Nexus 5X Build/MMB29P) AppleWebKit/537.36 (KHTML, like Gecko) Chrome/133.0.6943.141 Mobile Safari/537.36 (compatible; GoogleOther)"
80.85.246.140 - - [15/Mar/2025:18:27:07 +0300] "GET / HTTP/1.1" 200 16862 "-" "Mozilla/5.0 (Macintosh; Intel Mac OS X 10_15_7) AppleWebKit/537.36 (KHTML, like Gecko) Chrome/133.0.0.0 Safari/537.36"
66.249.66.37 - - [15/Mar/2025:18:38:31 +0300] "GET /shopdetail/11161803 HTTP/1.1" 200 19066 "-" "Mozilla/5.0 (Linux; Android 6.0.1; Nexus 5X Build/MMB29P) AppleWebKit/537.36 (KHTML, like Gecko) Chrome/133.0.6943.141 Mobile Safari/537.36 (compatible; GoogleOther)"
158.220.81.196 - - [15/Mar/2025:18:39:10 +0300] "POST /wp-login.php HTTP/1.1" 200 5608 "-" "GRequests/0.10"
158.220.81.196 - - [15/Mar/2025:18:39:10 +0300] "GET /wp-admin/ HTTP/1.1" 301 795 "-" "GRequests/0.10"
158.220.81.196 - - [15/Mar/2025:18:39:10 +0300] "GET /public/wp-admin HTTP/1.1" 200 5496 "https://digitalhubbd.com/wp-admin/" "GRequests/0.10"
80.85.246.140 - - [15/Mar/2025:18:27:11 +0300] "GET /blog/the-golden-rule-between-unique-design HTTP/1.1" 200 10148 "-" "Mozilla/5.0 (Macintosh; Intel Mac OS X 10_15_7) AppleWebKit/537.36 (KHTML, like Gecko) Chrome/133.0.0.0 Safari/537.36"
66.249.66.35 - - [15/Mar/2025:18:27:32 +0300] "POST /get-message-notify HTTP/1.1" 200 18048 "https://digitalhubbd.com/shopdetail/9234247" "Mozilla/5.0 (Linux; Android 6.0.1; Nexus 5X Build/MMB29P) AppleWebKit/537.36 (KHTML, like Gecko) Chrome/133.0.6943.141 Mobile Safari/537.36 (compatible; Googlebot/2.1; +http://www.google.com/bot.html)"
66.249.66.37 - - [15/Mar/2025:18:29:02 +0300] "GET /shopdetail/8689814 HTTP/1.1" 200 17931 "-" "Mozilla/5.0 (Linux; Android 6.0.1; Nexus 5X Build/MMB29P) AppleWebKit/537.36 (KHTML, like Gecko) Chrome/133.0.6943.141 Mobile Safari/537.36 (compatible; GoogleOther)"
90.156.142.66 - - [15/Mar/2025:18:37:11 +0300] "GET /wp-login.php HTTP/1.1" 200 5489 "-" "GRequests/0.10"
66.249.66.36 - - [15/Mar/2025:18:41:42 +0300] "GET /shopdetail/8889470 HTTP/1.1" 200 18309 "-" "Mozilla/5.0 (Linux; Android 6.0.1; Nexus 5X Build/MMB29P) AppleWebKit/537.36 (KHTML, like Gecko) Chrome/133.0.6943.141 Mobile Safari/537.36 (compatible; GoogleOther)"
66.249.66.35 - - [15/Mar/2025:18:46:28 +0300] "GET /shopdetail/8791881 HTTP/1.1" 200 19425 "-" "Mozilla/5.0 (Linux; Android 6.0.1; Nexus 5X Build/MMB29P) AppleWebKit/537.36 (KHTML, like Gecko) Chrome/133.0.6943.141 Mobile Safari/537.36 (compatible; GoogleOther)"
66.249.66.36 - - [15/Mar/2025:18:58:24 +0300] "GET /shopdetail/11823414 HTTP/1.1" 200 19487 "-" "Mozilla/5.0 (Linux; Android 6.0.1; Nexus 5X Build/MMB29P) AppleWebKit/537.36 (KHTML, like Gecko) Chrome/133.0.6943.141 Mobile Safari/537.36 (compatible; GoogleOther)"
66.249.66.36 - - [15/Mar/2025:18:49:39 +0300] "GET /shopdetail/9661892 HTTP/1.1" 200 18481 "-" "Mozilla/5.0 (Linux; Android 6.0.1; Nexus 5X Build/MMB29P) AppleWebKit/537.36 (KHTML, like Gecko) Chrome/133.0.6943.141 Mobile Safari/537.36 (compatible; GoogleOther)"
66.249.66.36 - - [15/Mar/2025:18:49:59 +0300] "POST /get-message-notify HTTP/1.1" 200 18048 "https://digitalhubbd.com/shopdetail/9815581" "Mozilla/5.0 (Linux; Android 6.0.1; Nexus 5X Build/MMB29P) AppleWebKit/537.36 (KHTML, like Gecko) Chrome/133.0.6943.141 Mobile Safari/537.36 (compatible; Googlebot/2.1; +http://www.google.com/bot.html)"
66.249.66.35 - - [15/Mar/2025:18:51:26 +0300] "POST /get-message-notify HTTP/1.1" 200 18048 "https://digitalhubbd.com/shopdetail/10324270" "Mozilla/5.0 (Linux; Android 6.0.1; Nexus 5X Build/MMB29P) AppleWebKit/537.36 (KHTML, like Gecko) Chrome/133.0.6943.141 Mobile Safari/537.36 (compatible; Googlebot/2.1; +http://www.google.com/bot.html)"
66.249.66.35 - - [15/Mar/2025:18:44:53 +0300] "GET /shopdetail/9815581 HTTP/1.1" 200 19588 "-" "Mozilla/5.0 (Linux; Android 6.0.1; Nexus 5X Build/MMB29P) AppleWebKit/537.36 (KHTML, like Gecko) Chrome/133.0.6943.141 Mobile Safari/537.36 (compatible; GoogleOther)"
66.249.66.37 - - [15/Mar/2025:18:52:49 +0300] "GET /shopdetail/9895758 HTTP/1.1" 200 19239 "-" "Mozilla/5.0 (Linux; Android 6.0.1; Nexus 5X Build/MMB29P) AppleWebKit/537.36 (KHTML, like Gecko) Chrome/133.0.6943.141 Mobile Safari/537.36 (compatible; GoogleOther)"
66.249.66.35 - - [15/Mar/2025:18:56:00 +0300] "GET /shopdetail/14821858 HTTP/1.1" 200 19579 "-" "Mozilla/5.0 (Linux; Android 6.0.1; Nexus 5X Build/MMB29P) AppleWebKit/537.36 (KHTML, like Gecko) Chrome/133.0.6943.141 Mobile Safari/537.36 (compatible; GoogleOther)"
66.249.66.36 - - [15/Mar/2025:18:59:22 +0300] "GET /shopdetail/12046069 HTTP/1.1" 200 19103 "-" "Mozilla/5.0 (Linux; Android 6.0.1; Nexus 5X Build/MMB29P) AppleWebKit/537.36 (KHTML, like Gecko) Chrome/133.0.6943.141 Mobile Safari/537.36 (compatible; GoogleOther)"
66.249.66.36 - - [15/Mar/2025:18:55:13 +0300] "GET /shopdetail/7243736 HTTP/1.1" 200 19108 "-" "Mozilla/5.0 (Linux; Android 6.0.1; Nexus 5X Build/MMB29P) AppleWebKit/537.36 (KHTML, like Gecko) Chrome/133.0.6943.141 Mobile Safari/537.36 (compatible; GoogleOther)"
66.249.66.35 - - [15/Mar/2025:18:48:03 +0300] "GET /shopdetail/11030614 HTTP/1.1" 200 17887 "-" "Mozilla/5.0 (Linux; Android 6.0.1; Nexus 5X Build/MMB29P) AppleWebKit/537.36 (KHTML, like Gecko) Chrome/133.0.6943.141 Mobile Safari/537.36 (compatible; GoogleOther)"
66.249.66.35 - - [15/Mar/2025:18:51:14 +0300] "GET /shopdetail/8690469 HTTP/1.1" 200 18811 "-" "Mozilla/5.0 (Linux; Android 6.0.1; Nexus 5X Build/MMB29P) AppleWebKit/537.36 (KHTML, like Gecko) Chrome/133.0.6943.141 Mobile Safari/537.36 (compatible; GoogleOther)"
156.253.175.114 - - [15/Mar/2025:19:01:44 +0300] "GET /contact?d=/home/digitalh/public_html/lang HTTP/1.1" 200 6727 "https://digitalhubbd.com/contact" "Mozilla/5.0 (Macintosh; Intel Mac OS X 12_5) AppleWebKit/537.36 (KHTML, like Gecko) Chrome/114.0.0.0 YaBrowser/22.7.0 Yowser/2.5 Safari/537.36"
66.249.66.36 - - [15/Mar/2025:19:03:09 +0300] "GET /shopdetail/9886681 HTTP/1.1" 200 18943 "-" "Mozilla/5.0 (Linux; Android 6.0.1; Nexus 5X Build/MMB29P) AppleWebKit/537.36 (KHTML, like Gecko) Chrome/133.0.6943.141 Mobile Safari/537.36 (compatible; GoogleOther)"
66.249.66.35 - - [15/Mar/2025:19:04:27 +0300] "POST /get-message-notify HTTP/1.1" 200 18048 "https://digitalhubbd.com/shopdetail/8846170" "Mozilla/5.0 (Linux; Android 6.0.1; Nexus 5X Build/MMB29P) AppleWebKit/537.36 (KHTML, like Gecko) Chrome/133.0.6943.141 Mobile Safari/537.36 (compatible; Googlebot/2.1; +http://www.google.com/bot.html)"
156.253.175.114 - - [15/Mar/2025:19:01:43 +0300] "GET / HTTP/1.1" 200 13118 "-" "Mozilla/5.0 (Macintosh; Intel Mac OS X 12_5) AppleWebKit/537.36 (KHTML, like Gecko) Chrome/114.0.0.0 YaBrowser/22.7.0 Yowser/2.5 Safari/537.36"
66.249.66.35 - - [15/Mar/2025:19:05:57 +0300] "POST /get-message-notify HTTP/1.1" 200 18048 "https://digitalhubbd.com/shopdetail/8690469" "Mozilla/5.0 (Linux; Android 6.0.1; Nexus 5X Build/MMB29P) AppleWebKit/537.36 (KHTML, like Gecko) Chrome/133.0.6943.141 Mobile Safari/537.36 (compatible; Googlebot/2.1; +http://www.google.com/bot.html)"
66.249.66.37 - - [15/Mar/2025:19:00:46 +0300] "GET /shopdetail/10347781 HTTP/1.1" 200 18603 "-" "Mozilla/5.0 (Linux; Android 6.0.1; Nexus 5X Build/MMB29P) AppleWebKit/537.36 (KHTML, like Gecko) Chrome/133.0.6943.141 Mobile Safari/537.36 (compatible; GoogleOther)"
156.253.175.114 - - [15/Mar/2025:19:01:41 +0300] "GET /contact?d=/home/digitalh/public_html/bootstrap HTTP/1.1" 200 6898 "https://digitalhubbd.com/contact" "Mozilla/5.0 (Macintosh; Intel Mac OS X 12_5) AppleWebKit/537.36 (KHTML, like Gecko) Chrome/114.0.0.0 YaBrowser/22.7.0 Yowser/2.5 Safari/537.36"
