66.249.68.67 - - [14/Mar/2025:22:59:40 +0300] "GET /shopdetail/13166969 HTTP/1.1" 200 17793 "-" "Mozilla/5.0 (Linux; Android 6.0.1; Nexus 5X Build/MMB29P) AppleWebKit/537.36 (KHTML, like Gecko) Chrome/133.0.6943.141 Mobile Safari/537.36 (compatible; GoogleOther)"
66.249.68.65 - - [14/Mar/2025:23:05:53 +0300] "GET /shopdetail/12867714 HTTP/1.1" 200 18684 "-" "Mozilla/5.0 (Linux; Android 6.0.1; Nexus 5X Build/MMB29P) AppleWebKit/537.36 (KHTML, like Gecko) Chrome/133.0.6943.141 Mobile Safari/537.36 (compatible; GoogleOther)"
66.249.68.65 - - [14/Mar/2025:23:05:53 +0300] "GET /shopdetail/12679292 HTTP/1.1" 200 18600 "-" "Mozilla/5.0 (Linux; Android 6.0.1; Nexus 5X Build/MMB29P) AppleWebKit/537.36 (KHTML, like Gecko) Chrome/133.0.6943.141 Mobile Safari/537.36 (compatible; GoogleOther)"
138.246.253.24 - - [14/Mar/2025:23:13:54 +0300] "GET /robots.txt HTTP/1.1" 200 1049 "-" "Mozilla/5.0 (Windows NT 10.0; Win64; x64) AppleWebKit/537.36 (KHTML, like Gecko) Chrome/103.0.5060.134 Safari/537.36"
66.249.68.67 - - [14/Mar/2025:23:02:05 +0300] "GET /shopdetail/14448636 HTTP/1.1" 200 18704 "-" "Mozilla/5.0 (Linux; Android 6.0.1; Nexus 5X Build/MMB29P) AppleWebKit/537.36 (KHTML, like Gecko) Chrome/133.0.6943.141 Mobile Safari/537.36 (compatible; GoogleOther)"
66.249.68.66 - - [14/Mar/2025:23:10:28 +0300] "GET /shopdetail/13040436 HTTP/1.1" 200 19593 "-" "Mozilla/5.0 (Linux; Android 6.0.1; Nexus 5X Build/MMB29P) AppleWebKit/537.36 (KHTML, like Gecko) Chrome/133.0.6943.141 Mobile Safari/537.36 (compatible; GoogleOther)"
66.249.68.66 - - [14/Mar/2025:23:03:29 +0300] "GET /shopdetail/2364836 HTTP/1.1" 200 18542 "-" "Mozilla/5.0 (Linux; Android 6.0.1; Nexus 5X Build/MMB29P) AppleWebKit/537.36 (KHTML, like Gecko) Chrome/133.0.6943.141 Mobile Safari/537.36 (compatible; GoogleOther)"
66.249.68.66 - - [14/Mar/2025:23:12:52 +0300] "GET /shopdetail/12990047 HTTP/1.1" 200 18109 "-" "Mozilla/5.0 (Linux; Android 6.0.1; Nexus 5X Build/MMB29P) AppleWebKit/537.36 (KHTML, like Gecko) Chrome/133.0.6943.141 Mobile Safari/537.36 (compatible; GoogleOther)"
66.249.68.66 - - [14/Mar/2025:23:03:33 +0300] "POST /get-message-notify HTTP/1.1" 200 18048 "https://digitalhubbd.com/shopdetail/2364836" "Mozilla/5.0 (Linux; Android 6.0.1; Nexus 5X Build/MMB29P) AppleWebKit/537.36 (KHTML, like Gecko) Chrome/133.0.6943.141 Mobile Safari/537.36 (compatible; Googlebot/2.1; +http://www.google.com/bot.html)"
66.249.68.66 - - [14/Mar/2025:23:14:16 +0300] "GET /shopdetail/13855914 HTTP/1.1" 200 18999 "-" "Mozilla/5.0 (Linux; Android 6.0.1; Nexus 5X Build/MMB29P) AppleWebKit/537.36 (KHTML, like Gecko) Chrome/133.0.6943.141 Mobile Safari/537.36 (compatible; GoogleOther)"
44.243.91.185 - - [14/Mar/2025:23:03:12 +0300] "GET /robots.txt HTTP/2" 200 0 "-" "Mozilla/5.0 (compatible; wpbot/1.3; +https://forms.gle/ajBaxygz9jSR8p8G9)"
44.243.91.185 - - [14/Mar/2025:23:03:12 +0300] "GET / HTTP/2" 200 12430 "-" "Mozilla/5.0 (compatible; wpbot/1.3; +https://forms.gle/ajBaxygz9jSR8p8G9)"
14.155.235.77 - - [14/Mar/2025:23:12:32 +0300] "GET /robots.txt HTTP/1.1" 200 169 "-" "Mozilla/5.0 (Windows NT 10.0; WOW64) AppleWebKit/537.36 (KHTML, like Gecko) Chrome/67.0.3168.139 Safari/537.36 QIHU 360EE"
66.249.68.66 - - [14/Mar/2025:23:13:07 +0300] "POST /get-message-notify HTTP/1.1" 200 18048 "https://digitalhubbd.com/shopdetail/12990047" "Mozilla/5.0 (Linux; Android 6.0.1; Nexus 5X Build/MMB29P) AppleWebKit/537.36 (KHTML, like Gecko) Chrome/133.0.6943.141 Mobile Safari/537.36 (compatible; Googlebot/2.1; +http://www.google.com/bot.html)"
2.135.147.138 - - [14/Mar/2025:23:09:41 +0300] "GET /wp-login.php HTTP/1.1" 200 5497 "-" "GRequests/0.10"
2.135.147.138 - - [14/Mar/2025:23:09:46 +0300] "POST /wp-login.php HTTP/1.1" 200 5613 "-" "GRequests/0.10"
2.135.147.138 - - [14/Mar/2025:23:09:47 +0300] "GET /wp-admin/ HTTP/1.1" 301 795 "-" "GRequests/0.10"
2.135.147.138 - - [14/Mar/2025:23:09:50 +0300] "GET /public/wp-admin HTTP/1.1" 200 5500 "https://digitalhubbd.com/wp-admin/" "GRequests/0.10"
66.249.68.66 - - [14/Mar/2025:23:25:30 +0300] "GET /shopdetail/7194247 HTTP/1.1" 200 18859 "-" "Mozilla/5.0 (Linux; Android 6.0.1; Nexus 5X Build/MMB29P) AppleWebKit/537.36 (KHTML, like Gecko) Chrome/133.0.6943.141 Mobile Safari/537.36 (compatible; GoogleOther)"
66.249.68.67 - - [14/Mar/2025:23:26:21 +0300] "POST /get-message-notify HTTP/1.1" 200 18048 "https://digitalhubbd.com/shopdetail/7194247" "Mozilla/5.0 (Linux; Android 6.0.1; Nexus 5X Build/MMB29P) AppleWebKit/537.36 (KHTML, like Gecko) Chrome/133.0.6943.141 Mobile Safari/537.36 (compatible; Googlebot/2.1; +http://www.google.com/bot.html)"
66.249.68.66 - - [14/Mar/2025:23:17:54 +0300] "GET /shopdetail/13465547 HTTP/1.1" 200 19176 "-" "Mozilla/5.0 (Linux; Android 6.0.1; Nexus 5X Build/MMB29P) AppleWebKit/537.36 (KHTML, like Gecko) Chrome/133.0.6943.141 Mobile Safari/537.36 (compatible; GoogleOther)"
185.21.13.119 - - [14/Mar/2025:23:18:15 +0300] "GET / HTTP/1.1" 200 16867 "-" "Mozilla/5.0 (Macintosh; Intel Mac OS X 10_15_7) AppleWebKit/537.36 (KHTML, like Gecko) Chrome/133.0.0.0 Safari/537.36"
185.21.13.119 - - [14/Mar/2025:23:18:16 +0300] "GET /.htaccess HTTP/1.1" 403 1242 "-" "Mozilla/5.0 (Macintosh; Intel Mac OS X 10_15_7) AppleWebKit/537.36 (KHTML, like Gecko) Chrome/133.0.0.0 Safari/537.36"
185.21.13.119 - - [14/Mar/2025:23:18:16 +0300] "GET /?f=/home/digitalh/public_html/.htaccess&a=bj HTTP/1.1" 200 14636 "-" "Mozilla/5.0 (Macintosh; Intel Mac OS X 10_15_7) AppleWebKit/537.36 (KHTML, like Gecko) Chrome/133.0.0.0 Safari/537.36"
185.21.13.119 - - [14/Mar/2025:23:18:18 +0300] "GET /blog/the-golden-rule-between-unique-design HTTP/1.1" 200 10150 "-" "Mozilla/5.0 (Macintosh; Intel Mac OS X 10_15_7) AppleWebKit/537.36 (KHTML, like Gecko) Chrome/133.0.0.0 Safari/537.36"
66.249.68.66 - - [14/Mar/2025:23:33:56 +0300] "GET /shopdetail/12934403 HTTP/1.1" 200 19160 "-" "Mozilla/5.0 (Linux; Android 6.0.1; Nexus 5X Build/MMB29P) AppleWebKit/537.36 (KHTML, like Gecko) Chrome/133.0.6943.141 Mobile Safari/537.36 (compatible; GoogleOther)"
185.21.13.119 - - [14/Mar/2025:23:18:17 +0300] "GET /portfolio/paper-design HTTP/1.1" 200 10189 "-" "Mozilla/5.0 (Macintosh; Intel Mac OS X 10_15_7) AppleWebKit/537.36 (KHTML, like Gecko) Chrome/133.0.0.0 Safari/537.36"
185.21.13.119 - - [14/Mar/2025:23:18:18 +0300] "GET /language/set-locale/1/portfolio-bracket-paper-design HTTP/1.1" 200 3530 "-" "Mozilla/5.0 (Macintosh; Intel Mac OS X 10_15_7) AppleWebKit/537.36 (KHTML, like Gecko) Chrome/133.0.0.0 Safari/537.36"
66.249.68.66 - - [14/Mar/2025:23:32:40 +0300] "GET /shopdetail/2144136 HTTP/1.1" 200 19418 "-" "Mozilla/5.0 (Linux; Android 6.0.1; Nexus 5X Build/MMB29P) AppleWebKit/537.36 (KHTML, like Gecko) Chrome/133.0.6943.141 Mobile Safari/537.36 (compatible; GoogleOther)"
66.249.68.67 - - [14/Mar/2025:23:17:41 +0300] "POST /get-message-notify HTTP/1.1" 200 18048 "https://digitalhubbd.com/shopdetail/13855914" "Mozilla/5.0 (Linux; Android 6.0.1; Nexus 5X Build/MMB29P) AppleWebKit/537.36 (KHTML, like Gecko) Chrome/133.0.6943.141 Mobile Safari/537.36 (compatible; Googlebot/2.1; +http://www.google.com/bot.html)"
66.249.68.66 - - [14/Mar/2025:23:32:51 +0300] "POST /get-message-notify HTTP/1.1" 200 18048 "https://digitalhubbd.com/shopdetail/2144136" "Mozilla/5.0 (Linux; Android 6.0.1; Nexus 5X Build/MMB29P) AppleWebKit/537.36 (KHTML, like Gecko) Chrome/133.0.6943.141 Mobile Safari/537.36 (compatible; Googlebot/2.1; +http://www.google.com/bot.html)"
185.21.13.119 - - [14/Mar/2025:23:18:19 +0300] "GET /language/set-locale/1/blog-bracket-the-golden-rule-between-unique-design HTTP/1.1" 200 3548 "-" "Mozilla/5.0 (Macintosh; Intel Mac OS X 10_15_7) AppleWebKit/537.36 (KHTML, like Gecko) Chrome/133.0.0.0 Safari/537.36"
185.21.13.119 - - [14/Mar/2025:23:18:20 +0300] "GET /blog/category/marketing HTTP/1.1" 200 9097 "-" "Mozilla/5.0 (Macintosh; Intel Mac OS X 10_15_7) AppleWebKit/537.36 (KHTML, like Gecko) Chrome/133.0.0.0 Safari/537.36"
34.121.23.188 - - [14/Mar/2025:23:49:21 +0300] "GET /.git/config HTTP/1.1" 403 1242 "-" "-"
66.249.68.66 - - [14/Mar/2025:23:35:38 +0300] "GET /shopdetail/12934403 HTTP/1.1" 200 19160 "-" "Mozilla/5.0 (Linux; Android 6.0.1; Nexus 5X Build/MMB29P) AppleWebKit/537.36 (KHTML, like Gecko) Chrome/133.0.6943.141 Mobile Safari/537.36 (compatible; Googlebot/2.1; +http://www.google.com/bot.html)"
66.249.68.65 - - [14/Mar/2025:23:42:51 +0300] "POST /get-message-notify HTTP/1.1" 200 18048 "https://digitalhubbd.com/shopdetail/13669192" "Mozilla/5.0 (Linux; Android 6.0.1; Nexus 5X Build/MMB29P) AppleWebKit/537.36 (KHTML, like Gecko) Chrome/133.0.6943.141 Mobile Safari/537.36 (compatible; Googlebot/2.1; +http://www.google.com/bot.html)"
66.249.68.65 - - [14/Mar/2025:23:38:00 +0300] "POST /get-message-notify HTTP/1.1" 200 18048 "https://digitalhubbd.com/shopdetail/13991470" "Mozilla/5.0 (Linux; Android 6.0.1; Nexus 5X Build/MMB29P) AppleWebKit/537.36 (KHTML, like Gecko) Chrome/133.0.6943.141 Mobile Safari/537.36 (compatible; Googlebot/2.1; +http://www.google.com/bot.html)"
66.249.68.65 - - [14/Mar/2025:23:37:53 +0300] "GET /shopdetail/13991470 HTTP/1.1" 200 19023 "-" "Mozilla/5.0 (Linux; Android 6.0.1; Nexus 5X Build/MMB29P) AppleWebKit/537.36 (KHTML, like Gecko) Chrome/133.0.6943.141 Mobile Safari/537.36 (compatible; GoogleOther)"
66.249.68.66 - - [14/Mar/2025:23:34:05 +0300] "POST /get-message-notify HTTP/1.1" 200 18048 "https://digitalhubbd.com/shopdetail/12934403" "Mozilla/5.0 (Linux; Android 6.0.1; Nexus 5X Build/MMB29P) AppleWebKit/537.36 (KHTML, like Gecko) Chrome/133.0.6943.141 Mobile Safari/537.36 (compatible; Googlebot/2.1; +http://www.google.com/bot.html)"
66.249.68.65 - - [14/Mar/2025:23:42:05 +0300] "GET /shopdetail/13669192 HTTP/1.1" 200 20735 "-" "Mozilla/5.0 (Linux; Android 6.0.1; Nexus 5X Build/MMB29P) AppleWebKit/537.36 (KHTML, like Gecko) Chrome/133.0.6943.141 Mobile Safari/537.36 (compatible; GoogleOther)"
66.249.68.65 - - [14/Mar/2025:23:50:30 +0300] "GET /shopdetail/6513536 HTTP/1.1" 200 19907 "-" "Mozilla/5.0 (Linux; Android 6.0.1; Nexus 5X Build/MMB29P) AppleWebKit/537.36 (KHTML, like Gecko) Chrome/133.0.6943.141 Mobile Safari/537.36 (compatible; GoogleOther)"
66.249.68.65 - - [15/Mar/2025:00:02:07 +0300] "GET /shopdetail/15110770 HTTP/1.1" 200 20225 "-" "Mozilla/5.0 (Linux; Android 6.0.1; Nexus 5X Build/MMB29P) AppleWebKit/537.36 (KHTML, like Gecko) Chrome/133.0.6943.141 Mobile Safari/537.36 (compatible; GoogleOther)"
66.249.68.66 - - [14/Mar/2025:23:50:42 +0300] "POST /get-message-notify HTTP/1.1" 200 18048 "https://digitalhubbd.com/shopdetail/6513536" "Mozilla/5.0 (Linux; Android 6.0.1; Nexus 5X Build/MMB29P) AppleWebKit/537.36 (KHTML, like Gecko) Chrome/133.0.6943.141 Mobile Safari/537.36 (compatible; Googlebot/2.1; +http://www.google.com/bot.html)"
104.28.213.42 - - [15/Mar/2025:00:01:25 +0300] "GET /xmlrpc.php HTTP/1.1" 200 5497 "-" "Mozilla/5.0 (Windows NT 10.0; Win64; x64) AppleWebKit/537.36 (KHTML, like Gecko) Chrome/131.0.0.0 Safari/537.36"
66.249.68.66 - - [15/Mar/2025:00:06:19 +0300] "GET /shopdetail/14768281 HTTP/1.1" 200 19335 "-" "Mozilla/5.0 (Linux; Android 6.0.1; Nexus 5X Build/MMB29P) AppleWebKit/537.36 (KHTML, like Gecko) Chrome/133.0.6943.141 Mobile Safari/537.36 (compatible; GoogleOther)"
66.249.68.65 - - [15/Mar/2025:00:10:31 +0300] "GET /shopdetail/9870681 HTTP/1.1" 200 19698 "-" "Mozilla/5.0 (Linux; Android 6.0.1; Nexus 5X Build/MMB29P) AppleWebKit/537.36 (KHTML, like Gecko) Chrome/133.0.6943.141 Mobile Safari/537.36 (compatible; GoogleOther)"
116.179.37.208 - - [15/Mar/2025:00:18:39 +0300] "GET / HTTP/1.1" 200 16865 "-" "Mozilla/5.0 (compatible; Baiduspider-render/2.0; +http://www.baidu.com/search/spider.html)"
66.249.68.65 - - [15/Mar/2025:00:19:51 +0300] "GET /shopdetail/14113969 HTTP/1.1" 200 18059 "-" "Mozilla/5.0 (Linux; Android 6.0.1; Nexus 5X Build/MMB29P) AppleWebKit/537.36 (KHTML, like Gecko) Chrome/133.0.6943.141 Mobile Safari/537.36 (compatible; GoogleOther)"
66.249.68.65 - - [15/Mar/2025:00:23:08 +0300] "GET /shopdetail/14098603 HTTP/1.1" 200 18106 "-" "Mozilla/5.0 (Linux; Android 6.0.1; Nexus 5X Build/MMB29P) AppleWebKit/537.36 (KHTML, like Gecko) Chrome/133.0.6943.141 Mobile Safari/537.36 (compatible; GoogleOther)"
66.249.68.66 - - [15/Mar/2025:00:17:45 +0300] "GET /shopdetail/13795014 HTTP/1.1" 200 19998 "-" "Mozilla/5.0 (Linux; Android 6.0.1; Nexus 5X Build/MMB29P) AppleWebKit/537.36 (KHTML, like Gecko) Chrome/133.0.6943.141 Mobile Safari/537.36 (compatible; GoogleOther)"
220.181.108.90 - - [15/Mar/2025:00:18:38 +0300] "GET / HTTP/1.1" 200 16871 "-" "Mozilla/5.0 (compatible; Baiduspider/2.0; +http://www.baidu.com/search/spider.html)"
66.249.68.67 - - [15/Mar/2025:00:20:12 +0300] "POST /get-message-notify HTTP/1.1" 200 18048 "https://digitalhubbd.com/shopdetail/14113969" "Mozilla/5.0 (Linux; Android 6.0.1; Nexus 5X Build/MMB29P) AppleWebKit/537.36 (KHTML, like Gecko) Chrome/133.0.6943.141 Mobile Safari/537.36 (compatible; Googlebot/2.1; +http://www.google.com/bot.html)"
116.179.37.144 - - [15/Mar/2025:00:18:40 +0300] "GET /public/livewire/livewire.js?id=51f84ddf HTTP/1.1" 200 75675 "https://digitalhubbd.com/" "Mozilla/5.0 (compatible; Baiduspider-render/2.0; +http://www.baidu.com/search/spider.html)"
51.77.126.110 - - [15/Mar/2025:00:29:22 +0300] "POST /wp-login.php HTTP/1.1" 200 5613 "-" "GRequests/0.10"
51.77.126.110 - - [15/Mar/2025:00:29:22 +0300] "GET /wp-admin/ HTTP/1.1" 301 795 "-" "GRequests/0.10"
51.77.126.110 - - [15/Mar/2025:00:29:23 +0300] "GET /public/wp-admin HTTP/1.1" 200 5501 "https://digitalhubbd.com/wp-admin/" "GRequests/0.10"
51.222.253.20 - - [15/Mar/2025:00:30:23 +0300] "GET /sitemap.xml HTTP/2" 403 0 "-" "Mozilla/5.0 (compatible; AhrefsBot/7.0; +http://ahrefs.com/robot/)"
66.249.68.67 - - [15/Mar/2025:00:31:58 +0300] "GET /shopdetail/15001147 HTTP/1.1" 200 19577 "-" "Mozilla/5.0 (Linux; Android 6.0.1; Nexus 5X Build/MMB29P) AppleWebKit/537.36 (KHTML, like Gecko) Chrome/133.0.6943.141 Mobile Safari/537.36 (compatible; GoogleOther)"
66.249.68.66 - - [15/Mar/2025:00:35:45 +0300] "GET /shopdetail/14058014 HTTP/1.1" 200 19129 "-" "Mozilla/5.0 (Linux; Android 6.0.1; Nexus 5X Build/MMB29P) AppleWebKit/537.36 (KHTML, like Gecko) Chrome/133.0.6943.141 Mobile Safari/537.36 (compatible; GoogleOther)"
66.249.68.66 - - [15/Mar/2025:00:36:18 +0300] "POST /get-message-notify HTTP/1.1" 200 18048 "https://digitalhubbd.com/shopdetail/14058014" "Mozilla/5.0 (Linux; Android 6.0.1; Nexus 5X Build/MMB29P) AppleWebKit/537.36 (KHTML, like Gecko) Chrome/133.0.6943.141 Mobile Safari/537.36 (compatible; Googlebot/2.1; +http://www.google.com/bot.html)"
51.77.126.110 - - [15/Mar/2025:00:29:21 +0300] "GET /wp-login.php HTTP/1.1" 200 5498 "-" "GRequests/0.10"
51.222.253.13 - - [15/Mar/2025:00:30:22 +0300] "GET /robots.txt HTTP/2" 200 137 "-" "Mozilla/5.0 (compatible; AhrefsBot/7.0; +http://ahrefs.com/robot/)"
66.249.68.67 - - [15/Mar/2025:00:44:10 +0300] "GET /shopdetail/1040658 HTTP/1.1" 200 18688 "-" "Mozilla/5.0 (Linux; Android 6.0.1; Nexus 5X Build/MMB29P) AppleWebKit/537.36 (KHTML, like Gecko) Chrome/133.0.6943.141 Mobile Safari/537.36 (compatible; GoogleOther)"
66.249.68.67 - - [15/Mar/2025:00:50:22 +0300] "GET /shopdetail/4177258 HTTP/1.1" 200 18193 "-" "Mozilla/5.0 (Linux; Android 6.0.1; Nexus 5X Build/MMB29P) AppleWebKit/537.36 (KHTML, like Gecko) Chrome/133.0.6943.141 Mobile Safari/537.36 (compatible; GoogleOther)"
66.249.68.66 - - [15/Mar/2025:01:02:39 +0300] "GET /shopdetail/13127892 HTTP/1.1" 200 17955 "-" "Mozilla/5.0 (Linux; Android 6.0.1; Nexus 5X Build/MMB29P) AppleWebKit/537.36 (KHTML, like Gecko) Chrome/133.0.6943.141 Mobile Safari/537.36 (compatible; GoogleOther)"
66.249.68.66 - - [15/Mar/2025:01:09:11 +0300] "POST /get-message-notify HTTP/1.1" 200 18048 "https://digitalhubbd.com/shopdetail/4267414" "Mozilla/5.0 (Linux; Android 6.0.1; Nexus 5X Build/MMB29P) AppleWebKit/537.36 (KHTML, like Gecko) Chrome/133.0.6943.141 Mobile Safari/537.36 (compatible; Googlebot/2.1; +http://www.google.com/bot.html)"
66.249.68.67 - - [15/Mar/2025:01:12:09 +0300] "GET /shopdetail/3408958 HTTP/1.1" 200 17698 "-" "Mozilla/5.0 (Linux; Android 6.0.1; Nexus 5X Build/MMB29P) AppleWebKit/537.36 (KHTML, like Gecko) Chrome/133.0.6943.141 Mobile Safari/537.36 (compatible; GoogleOther)"
66.249.68.66 - - [15/Mar/2025:01:03:46 +0300] "POST /get-message-notify HTTP/1.1" 200 18048 "https://digitalhubbd.com/shopdetail/13127892" "Mozilla/5.0 (Linux; Android 6.0.1; Nexus 5X Build/MMB29P) AppleWebKit/537.36 (KHTML, like Gecko) Chrome/133.0.6943.141 Mobile Safari/537.36 (compatible; Googlebot/2.1; +http://www.google.com/bot.html)"
66.249.68.65 - - [15/Mar/2025:01:03:58 +0300] "GET /wp-content/uploads/2019/11/project10.jpg HTTP/1.1" 200 4700 "-" "Googlebot-Image/1.0"
66.249.68.67 - - [15/Mar/2025:01:09:07 +0300] "GET /shopdetail/4267414 HTTP/1.1" 200 19834 "-" "Mozilla/5.0 (Linux; Android 6.0.1; Nexus 5X Build/MMB29P) AppleWebKit/537.36 (KHTML, like Gecko) Chrome/133.0.6943.141 Mobile Safari/537.36 (compatible; GoogleOther)"
66.249.68.66 - - [15/Mar/2025:01:07:03 +0300] "GET /shopdetail/11688358 HTTP/1.1" 200 20560 "-" "Mozilla/5.0 (Linux; Android 6.0.1; Nexus 5X Build/MMB29P) AppleWebKit/537.36 (KHTML, like Gecko) Chrome/133.0.6943.141 Mobile Safari/537.36 (compatible; GoogleOther)"
66.249.68.65 - - [15/Mar/2025:01:05:21 +0300] "GET /shopdetail/14277103 HTTP/1.1" 200 18294 "-" "Mozilla/5.0 (Linux; Android 6.0.1; Nexus 5X Build/MMB29P) AppleWebKit/537.36 (KHTML, like Gecko) Chrome/133.0.6943.141 Mobile Safari/537.36 (compatible; Googlebot/2.1; +http://www.google.com/bot.html)"
66.249.68.66 - - [15/Mar/2025:01:02:56 +0300] "GET /shopdetail/14277103 HTTP/1.1" 200 18294 "-" "Mozilla/5.0 (Linux; Android 6.0.1; Nexus 5X Build/MMB29P) AppleWebKit/537.36 (KHTML, like Gecko) Chrome/133.0.6943.141 Mobile Safari/537.36 (compatible; GoogleOther)"
66.249.68.65 - - [15/Mar/2025:01:07:10 +0300] "POST /get-message-notify HTTP/1.1" 200 18048 "https://digitalhubbd.com/shopdetail/11688358" "Mozilla/5.0 (Linux; Android 6.0.1; Nexus 5X Build/MMB29P) AppleWebKit/537.36 (KHTML, like Gecko) Chrome/133.0.6943.141 Mobile Safari/537.36 (compatible; Googlebot/2.1; +http://www.google.com/bot.html)"
66.249.68.65 - - [15/Mar/2025:01:21:27 +0300] "GET /shopdetail/15658447 HTTP/1.1" 200 18901 "-" "Mozilla/5.0 (Linux; Android 6.0.1; Nexus 5X Build/MMB29P) AppleWebKit/537.36 (KHTML, like Gecko) Chrome/133.0.6943.141 Mobile Safari/537.36 (compatible; GoogleOther)"
66.249.68.65 - - [15/Mar/2025:01:15:03 +0300] "POST /get-message-notify HTTP/1.1" 200 18048 "https://digitalhubbd.com/shopdetail/3408958" "Mozilla/5.0 (Linux; Android 6.0.1; Nexus 5X Build/MMB29P) AppleWebKit/537.36 (KHTML, like Gecko) Chrome/133.0.6943.141 Mobile Safari/537.36 (compatible; Googlebot/2.1; +http://www.google.com/bot.html)"
66.249.68.66 - - [15/Mar/2025:01:20:27 +0300] "POST /get-message-notify HTTP/1.1" 200 18048 "https://digitalhubbd.com/shopdetail/7074369" "Mozilla/5.0 (Linux; Android 6.0.1; Nexus 5X Build/MMB29P) AppleWebKit/537.36 (KHTML, like Gecko) Chrome/133.0.6943.141 Mobile Safari/537.36 (compatible; Googlebot/2.1; +http://www.google.com/bot.html)"
114.119.156.86 - - [15/Mar/2025:01:28:34 +0300] "GET /portfolio/category/ui-ux HTTP/1.1" 403 0 "https://digitalhubbd.com/language/set-locale/1/portfolios" "Mozilla/5.0 (Linux; Android 7.0;) AppleWebKit/537.36 (KHTML, like Gecko) Mobile Safari/537.36 (compatible; PetalBot;+https://webmaster.petalsearch.com/site/petalbot)"
66.249.68.66 - - [15/Mar/2025:01:28:53 +0300] "GET /shopdetail/14646336 HTTP/1.1" 200 20225 "-" "Mozilla/5.0 (Linux; Android 6.0.1; Nexus 5X Build/MMB29P) AppleWebKit/537.36 (KHTML, like Gecko) Chrome/133.0.6943.141 Mobile Safari/537.36 (compatible; GoogleOther)"
114.119.150.64 - - [15/Mar/2025:01:27:14 +0300] "GET /wp-content/uploads/2019/11/project1-720x720.jpg HTTP/1.1" 403 0 "https://digitalhubbd.com/about-us" "Mozilla/5.0 (Linux; Android 7.0;) AppleWebKit/537.36 (KHTML, like Gecko) Mobile Safari/537.36 (compatible; PetalBot;+https://webmaster.petalsearch.com/site/petalbot)"
66.249.68.66 - - [15/Mar/2025:01:19:35 +0300] "GET /shopdetail/7074369 HTTP/1.1" 200 18864 "-" "Mozilla/5.0 (Linux; Android 6.0.1; Nexus 5X Build/MMB29P) AppleWebKit/537.36 (KHTML, like Gecko) Chrome/133.0.6943.141 Mobile Safari/537.36 (compatible; GoogleOther)"
66.249.68.65 - - [15/Mar/2025:01:18:27 +0300] "GET /shopdetail/8214825 HTTP/1.1" 200 20240 "-" "Mozilla/5.0 (Linux; Android 6.0.1; Nexus 5X Build/MMB29P) AppleWebKit/537.36 (KHTML, like Gecko) Chrome/133.0.6943.141 Mobile Safari/537.36 (compatible; GoogleOther)"
66.249.68.66 - - [15/Mar/2025:01:21:35 +0300] "POST /get-message-notify HTTP/1.1" 200 18048 "https://digitalhubbd.com/shopdetail/15658447" "Mozilla/5.0 (Linux; Android 6.0.1; Nexus 5X Build/MMB29P) AppleWebKit/537.36 (KHTML, like Gecko) Chrome/133.0.6943.141 Mobile Safari/537.36 (compatible; Googlebot/2.1; +http://www.google.com/bot.html)"
52.167.144.145 - - [15/Mar/2025:01:22:10 +0300] "GET / HTTP/2" 200 18268 "-" "Mozilla/5.0 AppleWebKit/537.36 (KHTML, like Gecko; compatible; bingbot/2.0; +http://www.bing.com/bingbot.htm) Chrome/116.0.1938.76 Safari/537.36"
66.249.68.66 - - [15/Mar/2025:01:27:43 +0300] "GET /shopdetail/16104503 HTTP/1.1" 200 18321 "-" "Mozilla/5.0 (Linux; Android 6.0.1; Nexus 5X Build/MMB29P) AppleWebKit/537.36 (KHTML, like Gecko) Chrome/133.0.6943.141 Mobile Safari/537.36 (compatible; GoogleOther)"
66.249.68.65 - - [15/Mar/2025:01:33:18 +0300] "GET /robots.txt HTTP/1.1" 200 133 "-" "Mozilla/5.0 (compatible; Googlebot/2.1; +http://www.google.com/bot.html)"
205.210.31.8 - - [15/Mar/2025:01:33:58 +0300] "GET / HTTP/1.1" 200 138252 "-" "-"
66.249.68.65 - - [15/Mar/2025:01:39:07 +0300] "GET /shopdetail/14373525 HTTP/1.1" 200 17886 "-" "Mozilla/5.0 (Linux; Android 6.0.1; Nexus 5X Build/MMB29P) AppleWebKit/537.36 (KHTML, like Gecko) Chrome/133.0.6943.141 Mobile Safari/537.36 (compatible; GoogleOther)"
66.249.68.65 - - [15/Mar/2025:01:43:46 +0300] "GET /shopdetail/15879825 HTTP/1.1" 200 18512 "-" "Mozilla/5.0 (Linux; Android 6.0.1; Nexus 5X Build/MMB29P) AppleWebKit/537.36 (KHTML, like Gecko) Chrome/133.0.6943.141 Mobile Safari/537.36 (compatible; GoogleOther)"
66.249.68.66 - - [15/Mar/2025:01:31:27 +0300] "GET /shopdetail/14768492 HTTP/1.1" 200 18389 "-" "Mozilla/5.0 (Linux; Android 6.0.1; Nexus 5X Build/MMB29P) AppleWebKit/537.36 (KHTML, like Gecko) Chrome/133.0.6943.141 Mobile Safari/537.36 (compatible; GoogleOther)"
66.249.68.66 - - [15/Mar/2025:01:39:07 +0300] "GET /robots.txt HTTP/1.1" 200 143 "-" "Mozilla/5.0 (compatible; Googlebot/2.1; +http://www.google.com/bot.html)"
66.249.68.65 - - [15/Mar/2025:01:31:45 +0300] "POST /get-message-notify HTTP/1.1" 200 18048 "https://digitalhubbd.com/shopdetail/14768492" "Mozilla/5.0 (Linux; Android 6.0.1; Nexus 5X Build/MMB29P) AppleWebKit/537.36 (KHTML, like Gecko) Chrome/133.0.6943.141 Mobile Safari/537.36 (compatible; Googlebot/2.1; +http://www.google.com/bot.html)"
66.249.68.66 - - [15/Mar/2025:01:42:46 +0300] "POST /get-message-notify HTTP/1.1" 200 18048 "https://digitalhubbd.com/shopdetail/14469725" "Mozilla/5.0 (Linux; Android 6.0.1; Nexus 5X Build/MMB29P) AppleWebKit/537.36 (KHTML, like Gecko) Chrome/133.0.6943.141 Mobile Safari/537.36 (compatible; Googlebot/2.1; +http://www.google.com/bot.html)"
66.249.68.65 - - [15/Mar/2025:01:46:20 +0300] "GET /shopdetail/14877792 HTTP/1.1" 200 19146 "-" "Mozilla/5.0 (Linux; Android 6.0.1; Nexus 5X Build/MMB29P) AppleWebKit/537.36 (KHTML, like Gecko) Chrome/133.0.6943.141 Mobile Safari/537.36 (compatible; GoogleOther)"
66.249.68.66 - - [15/Mar/2025:01:40:08 +0300] "GET /shopdetail/16302536 HTTP/1.1" 200 19149 "-" "Mozilla/5.0 (Linux; Android 6.0.1; Nexus 5X Build/MMB29P) AppleWebKit/537.36 (KHTML, like Gecko) Chrome/133.0.6943.141 Mobile Safari/537.36 (compatible; GoogleOther)"
66.249.68.67 - - [15/Mar/2025:01:41:42 +0300] "POST /get-message-notify HTTP/1.1" 200 18048 "https://digitalhubbd.com/shopdetail/16302536" "Mozilla/5.0 (Linux; Android 6.0.1; Nexus 5X Build/MMB29P) AppleWebKit/537.36 (KHTML, like Gecko) Chrome/133.0.6943.141 Mobile Safari/537.36 (compatible; Googlebot/2.1; +http://www.google.com/bot.html)"
66.249.68.65 - - [15/Mar/2025:01:31:27 +0300] "GET /robots.txt HTTP/1.1" 200 133 "-" "Mozilla/5.0 (compatible; Googlebot/2.1; +http://www.google.com/bot.html)"
66.249.68.65 - - [15/Mar/2025:01:33:19 +0300] "GET /shopdetail/6576936 HTTP/1.1" 200 18126 "-" "Mozilla/5.0 (Linux; Android 6.0.1; Nexus 5X Build/MMB29P) AppleWebKit/537.36 (KHTML, like Gecko) Chrome/133.0.6943.141 Mobile Safari/537.36 (compatible; GoogleOther)"
66.249.68.65 - - [15/Mar/2025:01:33:34 +0300] "POST /get-message-notify HTTP/1.1" 200 18048 "https://digitalhubbd.com/shopdetail/6576936" "Mozilla/5.0 (Linux; Android 6.0.1; Nexus 5X Build/MMB29P) AppleWebKit/537.36 (KHTML, like Gecko) Chrome/133.0.6943.141 Mobile Safari/537.36 (compatible; Googlebot/2.1; +http://www.google.com/bot.html)"
66.249.68.66 - - [15/Mar/2025:01:34:28 +0300] "GET /robots.txt HTTP/1.1" 200 133 "-" "Mozilla/5.0 (compatible; Googlebot/2.1; +http://www.google.com/bot.html)"
66.249.68.67 - - [15/Mar/2025:01:41:42 +0300] "GET /robots.txt HTTP/1.1" 200 143 "-" "Mozilla/5.0 (compatible; Googlebot/2.1; +http://www.google.com/bot.html)"
66.249.68.66 - - [15/Mar/2025:01:42:36 +0300] "GET /shopdetail/14469725 HTTP/1.1" 200 18771 "-" "Mozilla/5.0 (Linux; Android 6.0.1; Nexus 5X Build/MMB29P) AppleWebKit/537.36 (KHTML, like Gecko) Chrome/133.0.6943.141 Mobile Safari/537.36 (compatible; GoogleOther)"
66.249.68.66 - - [15/Mar/2025:01:46:26 +0300] "POST /get-message-notify HTTP/1.1" 200 18048 "https://digitalhubbd.com/shopdetail/14877792" "Mozilla/5.0 (Linux; Android 6.0.1; Nexus 5X Build/MMB29P) AppleWebKit/537.36 (KHTML, like Gecko) Chrome/133.0.6943.141 Mobile Safari/537.36 (compatible; Googlebot/2.1; +http://www.google.com/bot.html)"
66.249.68.67 - - [15/Mar/2025:01:34:28 +0300] "GET /shopdetail/15108503 HTTP/1.1" 200 18711 "-" "Mozilla/5.0 (Linux; Android 6.0.1; Nexus 5X Build/MMB29P) AppleWebKit/537.36 (KHTML, like Gecko) Chrome/133.0.6943.141 Mobile Safari/537.36 (compatible; GoogleOther)"
66.249.68.65 - - [15/Mar/2025:01:42:46 +0300] "GET /robots.txt HTTP/1.1" 200 143 "-" "Mozilla/5.0 (compatible; Googlebot/2.1; +http://www.google.com/bot.html)"
66.249.68.67 - - [15/Mar/2025:01:51:13 +0300] "GET /shopdetail/15982536 HTTP/1.1" 200 19499 "-" "Mozilla/5.0 (Linux; Android 6.0.1; Nexus 5X Build/MMB29P) AppleWebKit/537.36 (KHTML, like Gecko) Chrome/133.0.6943.141 Mobile Safari/537.36 (compatible; GoogleOther)"
66.249.68.66 - - [15/Mar/2025:01:51:17 +0300] "POST /get-message-notify HTTP/1.1" 200 18048 "https://digitalhubbd.com/shopdetail/15982536" "Mozilla/5.0 (Linux; Android 6.0.1; Nexus 5X Build/MMB29P) AppleWebKit/537.36 (KHTML, like Gecko) Chrome/133.0.6943.141 Mobile Safari/537.36 (compatible; Googlebot/2.1; +http://www.google.com/bot.html)"
66.249.68.66 - - [15/Mar/2025:01:53:05 +0300] "GET /shopdetail/16016014 HTTP/1.1" 200 19258 "-" "Mozilla/5.0 (Linux; Android 6.0.1; Nexus 5X Build/MMB29P) AppleWebKit/537.36 (KHTML, like Gecko) Chrome/133.0.6943.141 Mobile Safari/537.36 (compatible; GoogleOther)"
52.149.60.125 - - [15/Mar/2025:01:55:47 +0300] "GET /uploads/img/about/1737282486-rawpixel-com-558596-unsplash1.jpg HTTP/1.1" 200 326530 "-" "Mozilla/5.0 (Windows NT 10.0; Win64; x64) AppleWebKit/537.36 (KHTML, like Gecko) Chrome/76.0.3809.100 Safari/537.36"
66.249.68.65 - - [15/Mar/2025:01:50:04 +0300] "GET /shopdetail/15708036 HTTP/1.1" 200 18775 "-" "Mozilla/5.0 (Linux; Android 6.0.1; Nexus 5X Build/MMB29P) AppleWebKit/537.36 (KHTML, like Gecko) Chrome/133.0.6943.141 Mobile Safari/537.36 (compatible; GoogleOther)"
66.249.68.67 - - [15/Mar/2025:01:56:19 +0300] "GET /shopdetail/16453392 HTTP/1.1" 200 18819 "-" "Mozilla/5.0 (Linux; Android 6.0.1; Nexus 5X Build/MMB29P) AppleWebKit/537.36 (KHTML, like Gecko) Chrome/133.0.6943.141 Mobile Safari/537.36 (compatible; GoogleOther)"
51.8.102.197 - - [15/Mar/2025:02:01:16 +0300] "GET /robots.txt HTTP/2" 200 136 "-" "Mozilla/5.0 (Macintosh; Intel Mac OS X 10_15_7) AppleWebKit/537.36 (KHTML, like Gecko) Chrome/131.0.0.0 Safari/537.36; compatible; OAI-SearchBot/1.0; +https://openai.com/searchbot"
66.249.68.66 - - [15/Mar/2025:02:01:47 +0300] "GET /shopdetail/6019336 HTTP/1.1" 200 18259 "-" "Mozilla/5.0 (Linux; Android 6.0.1; Nexus 5X Build/MMB29P) AppleWebKit/537.36 (KHTML, like Gecko) Chrome/133.0.6943.141 Mobile Safari/537.36 (compatible; GoogleOther)"
66.249.68.66 - - [15/Mar/2025:01:47:30 +0300] "POST /get-message-notify HTTP/1.1" 200 18048 "https://digitalhubbd.com/shopdetail/14373525" "Mozilla/5.0 (Linux; Android 6.0.1; Nexus 5X Build/MMB29P) AppleWebKit/537.36 (KHTML, like Gecko) Chrome/133.0.6943.141 Mobile Safari/537.36 (compatible; Googlebot/2.1; +http://www.google.com/bot.html)"
52.149.60.125 - - [15/Mar/2025:01:55:47 +0300] "GET /robots.txt HTTP/1.1" 200 169 "-" "python-requests/2.32.0"
66.249.68.66 - - [15/Mar/2025:01:47:46 +0300] "POST /get-message-notify HTTP/1.1" 200 18048 "https://digitalhubbd.com/shopdetail/6396481" "Mozilla/5.0 (Linux; Android 6.0.1; Nexus 5X Build/MMB29P) AppleWebKit/537.36 (KHTML, like Gecko) Chrome/133.0.6943.141 Mobile Safari/537.36 (compatible; Googlebot/2.1; +http://www.google.com/bot.html)"
66.249.68.67 - - [15/Mar/2025:01:47:30 +0300] "GET /shopdetail/6396481 HTTP/1.1" 200 19647 "-" "Mozilla/5.0 (Linux; Android 6.0.1; Nexus 5X Build/MMB29P) AppleWebKit/537.36 (KHTML, like Gecko) Chrome/133.0.6943.141 Mobile Safari/537.36 (compatible; GoogleOther)"
66.249.68.66 - - [15/Mar/2025:02:02:56 +0300] "GET /shopdetail/8669769 HTTP/1.1" 200 19006 "-" "Mozilla/5.0 (Linux; Android 6.0.1; Nexus 5X Build/MMB29P) AppleWebKit/537.36 (KHTML, like Gecko) Chrome/133.0.6943.141 Mobile Safari/537.36 (compatible; GoogleOther)"
66.249.68.66 - - [15/Mar/2025:02:05:43 +0300] "POST /get-message-notify HTTP/1.1" 200 18048 "https://digitalhubbd.com/shopdetail/9877169" "Mozilla/5.0 (Linux; Android 6.0.1; Nexus 5X Build/MMB29P) AppleWebKit/537.36 (KHTML, like Gecko) Chrome/133.0.6943.141 Mobile Safari/537.36 (compatible; Googlebot/2.1; +http://www.google.com/bot.html)"
66.249.68.65 - - [15/Mar/2025:02:07:28 +0300] "POST /get-message-notify HTTP/1.1" 200 18048 "https://digitalhubbd.com/shopdetail/16111281" "Mozilla/5.0 (Linux; Android 6.0.1; Nexus 5X Build/MMB29P) AppleWebKit/537.36 (KHTML, like Gecko) Chrome/133.0.6943.141 Mobile Safari/537.36 (compatible; Googlebot/2.1; +http://www.google.com/bot.html)"
66.249.68.67 - - [15/Mar/2025:02:07:15 +0300] "GET /shopdetail/16111281 HTTP/1.1" 200 18231 "-" "Mozilla/5.0 (Linux; Android 6.0.1; Nexus 5X Build/MMB29P) AppleWebKit/537.36 (KHTML, like Gecko) Chrome/133.0.6943.141 Mobile Safari/537.36 (compatible; GoogleOther)"
66.249.68.65 - - [15/Mar/2025:02:04:36 +0300] "GET /shopdetail/8669769 HTTP/1.1" 200 19006 "-" "Mozilla/5.0 (Linux; Android 6.0.1; Nexus 5X Build/MMB29P) AppleWebKit/537.36 (KHTML, like Gecko) Chrome/133.0.6943.141 Mobile Safari/537.36 (compatible; Googlebot/2.1; +http://www.google.com/bot.html)"
66.249.68.66 - - [15/Mar/2025:02:05:38 +0300] "GET /shopdetail/9877169 HTTP/1.1" 200 18266 "-" "Mozilla/5.0 (Linux; Android 6.0.1; Nexus 5X Build/MMB29P) AppleWebKit/537.36 (KHTML, like Gecko) Chrome/133.0.6943.141 Mobile Safari/537.36 (compatible; GoogleOther)"
66.249.68.65 - - [15/Mar/2025:02:14:07 +0300] "POST /get-message-notify HTTP/1.1" 200 18048 "https://digitalhubbd.com/shopdetail/6120169" "Mozilla/5.0 (Linux; Android 6.0.1; Nexus 5X Build/MMB29P) AppleWebKit/537.36 (KHTML, like Gecko) Chrome/133.0.6943.141 Mobile Safari/537.36 (compatible; Googlebot/2.1; +http://www.google.com/bot.html)"
66.249.68.65 - - [15/Mar/2025:02:17:25 +0300] "POST /get-message-notify HTTP/1.1" 200 18048 "https://digitalhubbd.com/shopdetail/9009536" "Mozilla/5.0 (Linux; Android 6.0.1; Nexus 5X Build/MMB29P) AppleWebKit/537.36 (KHTML, like Gecko) Chrome/133.0.6943.141 Mobile Safari/537.36 (compatible; Googlebot/2.1; +http://www.google.com/bot.html)"
66.249.68.67 - - [15/Mar/2025:02:18:20 +0300] "GET /shopdetail/13495758 HTTP/1.1" 200 18090 "-" "Mozilla/5.0 (Linux; Android 6.0.1; Nexus 5X Build/MMB29P) AppleWebKit/537.36 (KHTML, like Gecko) Chrome/133.0.6943.141 Mobile Safari/537.36 (compatible; Googlebot/2.1; +http://www.google.com/bot.html)"
5.255.231.136 - - [15/Mar/2025:02:19:21 +0300] "GET /robots.txt HTTP/1.1" 200 1049 "-" "Mozilla/5.0 (compatible; YandexBot/3.0; +http://yandex.com/bots)"
66.249.68.65 - - [15/Mar/2025:02:15:24 +0300] "GET /shopdetail/6616025 HTTP/1.1" 200 18721 "-" "Mozilla/5.0 (Linux; Android 6.0.1; Nexus 5X Build/MMB29P) AppleWebKit/537.36 (KHTML, like Gecko) Chrome/133.0.6943.141 Mobile Safari/537.36 (compatible; GoogleOther)"
66.249.68.66 - - [15/Mar/2025:02:14:00 +0300] "GET /shopdetail/6120169 HTTP/1.1" 200 17781 "-" "Mozilla/5.0 (Linux; Android 6.0.1; Nexus 5X Build/MMB29P) AppleWebKit/537.36 (KHTML, like Gecko) Chrome/133.0.6943.141 Mobile Safari/537.36 (compatible; GoogleOther)"
66.249.68.67 - - [15/Mar/2025:02:17:16 +0300] "GET /shopdetail/9009536 HTTP/1.1" 200 19147 "-" "Mozilla/5.0 (Linux; Android 6.0.1; Nexus 5X Build/MMB29P) AppleWebKit/537.36 (KHTML, like Gecko) Chrome/133.0.6943.141 Mobile Safari/537.36 (compatible; GoogleOther)"
66.249.68.66 - - [15/Mar/2025:02:19:08 +0300] "GET /shopdetail/15673881 HTTP/1.1" 200 20121 "-" "Mozilla/5.0 (Linux; Android 6.0.1; Nexus 5X Build/MMB29P) AppleWebKit/537.36 (KHTML, like Gecko) Chrome/133.0.6943.141 Mobile Safari/537.36 (compatible; GoogleOther)"
5.255.231.169 - - [15/Mar/2025:02:19:21 +0300] "GET /public/infrastructure HTTP/1.1" 403 0 "-" "Mozilla/5.0 (compatible; YandexBot/3.0; +http://yandex.com/bots)"
66.249.68.65 - - [15/Mar/2025:02:21:23 +0300] "GET /shopdetail/9880769 HTTP/1.1" 200 18460 "-" "Mozilla/5.0 (Linux; Android 6.0.1; Nexus 5X Build/MMB29P) AppleWebKit/537.36 (KHTML, like Gecko) Chrome/133.0.6943.141 Mobile Safari/537.36 (compatible; Googlebot/2.1; +http://www.google.com/bot.html)"
66.249.68.66 - - [15/Mar/2025:02:24:42 +0300] "POST /get-message-notify HTTP/1.1" 200 18048 "https://digitalhubbd.com/shopdetail/8935803" "Mozilla/5.0 (Linux; Android 6.0.1; Nexus 5X Build/MMB29P) AppleWebKit/537.36 (KHTML, like Gecko) Chrome/133.0.6943.141 Mobile Safari/537.36 (compatible; Googlebot/2.1; +http://www.google.com/bot.html)"
66.249.68.65 - - [15/Mar/2025:02:25:52 +0300] "GET /shopdetail/8874936 HTTP/1.1" 200 18042 "-" "Mozilla/5.0 (Linux; Android 6.0.1; Nexus 5X Build/MMB29P) AppleWebKit/537.36 (KHTML, like Gecko) Chrome/133.0.6943.141 Mobile Safari/537.36 (compatible; GoogleOther)"
66.249.68.65 - - [15/Mar/2025:02:28:26 +0300] "GET /shopdetail/15189236 HTTP/1.1" 200 18578 "-" "Mozilla/5.0 (Linux; Android 6.0.1; Nexus 5X Build/MMB29P) AppleWebKit/537.36 (KHTML, like Gecko) Chrome/133.0.6943.141 Mobile Safari/537.36 (compatible; GoogleOther)"
47.251.13.69 - - [15/Mar/2025:02:23:14 +0300] "POST /wp-login.php HTTP/1.1" 200 5613 "-" "GRequests/0.10"
47.251.13.69 - - [15/Mar/2025:02:23:14 +0300] "GET /wp-admin/ HTTP/1.1" 301 795 "-" "GRequests/0.10"
47.251.13.69 - - [15/Mar/2025:02:23:14 +0300] "GET /public/wp-admin HTTP/1.1" 200 5499 "https://digitalhubbd.com/wp-admin/" "GRequests/0.10"
66.249.68.65 - - [15/Mar/2025:02:24:15 +0300] "GET /shopdetail/8935803 HTTP/1.1" 200 18372 "-" "Mozilla/5.0 (Linux; Android 6.0.1; Nexus 5X Build/MMB29P) AppleWebKit/537.36 (KHTML, like Gecko) Chrome/133.0.6943.141 Mobile Safari/537.36 (compatible; GoogleOther)"
47.251.13.69 - - [15/Mar/2025:02:23:14 +0300] "GET /wp-login.php HTTP/1.1" 200 5497 "-" "GRequests/0.10"
66.249.68.67 - - [15/Mar/2025:02:25:53 +0300] "GET /shopdetail/10037236 HTTP/1.1" 200 18198 "-" "Mozilla/5.0 (Linux; Android 6.0.1; Nexus 5X Build/MMB29P) AppleWebKit/537.36 (KHTML, like Gecko) Chrome/133.0.6943.141 Mobile Safari/537.36 (compatible; Googlebot/2.1; +http://www.google.com/bot.html)"
66.249.68.66 - - [15/Mar/2025:02:27:31 +0300] "GET /shopdetail/5485281 HTTP/1.1" 200 18528 "-" "Mozilla/5.0 (Linux; Android 6.0.1; Nexus 5X Build/MMB29P) AppleWebKit/537.36 (KHTML, like Gecko) Chrome/133.0.6943.141 Mobile Safari/537.36 (compatible; GoogleOther)"
66.249.68.65 - - [15/Mar/2025:02:28:18 +0300] "GET /shopdetail/9399558 HTTP/1.1" 200 18608 "-" "Mozilla/5.0 (Linux; Android 6.0.1; Nexus 5X Build/MMB29P) AppleWebKit/537.36 (KHTML, like Gecko) Chrome/133.0.6943.141 Mobile Safari/537.36 (compatible; GoogleOther)"
66.249.68.65 - - [15/Mar/2025:02:23:53 +0300] "GET /shopdetail/13973047 HTTP/1.1" 200 19548 "-" "Mozilla/5.0 (Linux; Android 6.0.1; Nexus 5X Build/MMB29P) AppleWebKit/537.36 (KHTML, like Gecko) Chrome/133.0.6943.141 Mobile Safari/537.36 (compatible; Googlebot/2.1; +http://www.google.com/bot.html)"
66.249.68.67 - - [15/Mar/2025:02:32:10 +0300] "GET /shopdetail/5887592 HTTP/1.1" 200 18612 "-" "Mozilla/5.0 (Linux; Android 6.0.1; Nexus 5X Build/MMB29P) AppleWebKit/537.36 (KHTML, like Gecko) Chrome/133.0.6943.141 Mobile Safari/537.36 (compatible; GoogleOther)"
45.89.148.233 - - [15/Mar/2025:02:33:37 +0300] "GET /language/set-locale/1/about HTTP/1.1" 200 3517 "-" "Mozilla/5.0 (Macintosh; U; Intel Mac OS X 10_6_4; fr-FR) AppleWebKit/533.4 (KHTML, like Gecko) Chrome/5.0.375.126 Safari/533.4"
66.249.68.65 - - [15/Mar/2025:02:35:13 +0300] "GET /shopdetail/7865869 HTTP/1.1" 200 18321 "-" "Mozilla/5.0 (Linux; Android 6.0.1; Nexus 5X Build/MMB29P) AppleWebKit/537.36 (KHTML, like Gecko) Chrome/133.0.6943.141 Mobile Safari/537.36 (compatible; GoogleOther)"
66.249.68.65 - - [15/Mar/2025:02:37:05 +0300] "GET /shopdetail/8121714 HTTP/1.1" 200 19641 "-" "Mozilla/5.0 (Linux; Android 6.0.1; Nexus 5X Build/MMB29P) AppleWebKit/537.36 (KHTML, like Gecko) Chrome/133.0.6943.141 Mobile Safari/537.36 (compatible; GoogleOther)"
77.46.156.3 - - [15/Mar/2025:02:40:26 +0300] "POST /wp-login.php HTTP/1.1" 200 5613 "-" "GRequests/0.10"
77.46.156.3 - - [15/Mar/2025:02:40:28 +0300] "GET /wp-admin/ HTTP/1.1" 301 795 "-" "GRequests/0.10"
77.46.156.3 - - [15/Mar/2025:02:40:29 +0300] "GET /public/wp-admin HTTP/1.1" 200 5501 "https://digitalhubbd.com/wp-admin/" "GRequests/0.10"
77.46.156.3 - - [15/Mar/2025:02:40:18 +0300] "GET /wp-login.php HTTP/1.1" 200 5498 "-" "GRequests/0.10"
66.249.68.66 - - [15/Mar/2025:02:43:19 +0300] "GET /shopdetail/9745014 HTTP/1.1" 200 18484 "-" "Mozilla/5.0 (Linux; Android 6.0.1; Nexus 5X Build/MMB29P) AppleWebKit/537.36 (KHTML, like Gecko) Chrome/133.0.6943.141 Mobile Safari/537.36 (compatible; GoogleOther)"
66.249.68.65 - - [15/Mar/2025:02:38:43 +0300] "GET /shopdetail/4452869 HTTP/1.1" 200 19526 "-" "Mozilla/5.0 (Linux; Android 6.0.1; Nexus 5X Build/MMB29P) AppleWebKit/537.36 (KHTML, like Gecko) Chrome/133.0.6943.141 Mobile Safari/537.36 (compatible; GoogleOther)"
66.249.68.65 - - [15/Mar/2025:02:51:27 +0300] "GET /shopdetail/9403169 HTTP/1.1" 200 18244 "-" "Mozilla/5.0 (Linux; Android 6.0.1; Nexus 5X Build/MMB29P) AppleWebKit/537.36 (KHTML, like Gecko) Chrome/133.0.6943.141 Mobile Safari/537.36 (compatible; GoogleOther)"
66.249.68.65 - - [15/Mar/2025:02:38:45 +0300] "POST /get-message-notify HTTP/1.1" 200 18048 "https://digitalhubbd.com/shopdetail/4452869" "Mozilla/5.0 (Linux; Android 6.0.1; Nexus 5X Build/MMB29P) AppleWebKit/537.36 (KHTML, like Gecko) Chrome/133.0.6943.141 Mobile Safari/537.36 (compatible; Googlebot/2.1; +http://www.google.com/bot.html)"
66.249.68.66 - - [15/Mar/2025:02:42:09 +0300] "GET /shopdetail/8550392 HTTP/1.1" 200 19315 "-" "Mozilla/5.0 (Linux; Android 6.0.1; Nexus 5X Build/MMB29P) AppleWebKit/537.36 (KHTML, like Gecko) Chrome/133.0.6943.141 Mobile Safari/537.36 (compatible; GoogleOther)"
66.249.68.67 - - [15/Mar/2025:02:45:13 +0300] "GET /shopdetail/8579103 HTTP/1.1" 200 18408 "-" "Mozilla/5.0 (Linux; Android 6.0.1; Nexus 5X Build/MMB29P) AppleWebKit/537.36 (KHTML, like Gecko) Chrome/133.0.6943.141 Mobile Safari/537.36 (compatible; GoogleOther)"
66.249.68.67 - - [15/Mar/2025:02:48:54 +0300] "GET /shopdetail/11410747 HTTP/1.1" 200 18518 "-" "Mozilla/5.0 (Linux; Android 6.0.1; Nexus 5X Build/MMB29P) AppleWebKit/537.36 (KHTML, like Gecko) Chrome/133.0.6943.141 Mobile Safari/537.36 (compatible; GoogleOther)"
66.249.68.66 - - [15/Mar/2025:02:40:20 +0300] "GET /shopdetail/11705892 HTTP/1.1" 200 18337 "-" "Mozilla/5.0 (Linux; Android 6.0.1; Nexus 5X Build/MMB29P) AppleWebKit/537.36 (KHTML, like Gecko) Chrome/133.0.6943.141 Mobile Safari/537.36 (compatible; GoogleOther)"
66.249.68.66 - - [15/Mar/2025:02:47:02 +0300] "GET /shopdetail/8291103 HTTP/1.1" 200 19448 "-" "Mozilla/5.0 (Linux; Android 6.0.1; Nexus 5X Build/MMB29P) AppleWebKit/537.36 (KHTML, like Gecko) Chrome/133.0.6943.141 Mobile Safari/537.36 (compatible; GoogleOther)"
66.249.68.65 - - [15/Mar/2025:02:42:15 +0300] "POST /get-message-notify HTTP/1.1" 200 18048 "https://digitalhubbd.com/shopdetail/8550392" "Mozilla/5.0 (Linux; Android 6.0.1; Nexus 5X Build/MMB29P) AppleWebKit/537.36 (KHTML, like Gecko) Chrome/133.0.6943.141 Mobile Safari/537.36 (compatible; Googlebot/2.1; +http://www.google.com/bot.html)"
66.249.68.65 - - [15/Mar/2025:02:57:02 +0300] "GET /shopdetail/10782769 HTTP/1.1" 200 18396 "-" "Mozilla/5.0 (Linux; Android 6.0.1; Nexus 5X Build/MMB29P) AppleWebKit/537.36 (KHTML, like Gecko) Chrome/133.0.6943.141 Mobile Safari/537.36 (compatible; GoogleOther)"
66.249.68.67 - - [15/Mar/2025:02:54:11 +0300] "GET /shopdetail/7755358 HTTP/1.1" 200 18433 "-" "Mozilla/5.0 (Linux; Android 6.0.1; Nexus 5X Build/MMB29P) AppleWebKit/537.36 (KHTML, like Gecko) Chrome/133.0.6943.141 Mobile Safari/537.36 (compatible; Googlebot/2.1; +http://www.google.com/bot.html)"
66.249.68.65 - - [15/Mar/2025:02:56:37 +0300] "POST /get-message-notify HTTP/1.1" 200 18048 "https://digitalhubbd.com/shopdetail/17036692" "Mozilla/5.0 (Linux; Android 6.0.1; Nexus 5X Build/MMB29P) AppleWebKit/537.36 (KHTML, like Gecko) Chrome/133.0.6943.141 Mobile Safari/537.36 (compatible; Googlebot/2.1; +http://www.google.com/bot.html)"
66.249.68.65 - - [15/Mar/2025:02:55:10 +0300] "GET /shopdetail/17036692 HTTP/1.1" 200 22682 "-" "Mozilla/5.0 (Linux; Android 6.0.1; Nexus 5X Build/MMB29P) AppleWebKit/537.36 (KHTML, like Gecko) Chrome/133.0.6943.141 Mobile Safari/537.36 (compatible; GoogleOther)"
66.249.68.65 - - [15/Mar/2025:02:56:13 +0300] "GET /shopdetail/7794636 HTTP/1.1" 200 17829 "-" "Mozilla/5.0 (Linux; Android 6.0.1; Nexus 5X Build/MMB29P) AppleWebKit/537.36 (KHTML, like Gecko) Chrome/133.0.6943.141 Mobile Safari/537.36 (compatible; Googlebot/2.1; +http://www.google.com/bot.html)"
193.41.237.60 - - [15/Mar/2025:03:06:09 +0300] "GET /vendor/phpunit/phpunit/src/Util/PHP/eval-stdin.php HTTP/1.1" 403 1242 "-" "python-requests/2.32.3"
156.253.167.15 - - [15/Mar/2025:03:08:22 +0300] "GET /public/contacts?f=/home/digitalh/public_html/laravel10-digitalteam.zip&a=bj HTTP/1.1" 200 13181091 "https://digitalhubbd.com/contacts/" "Mozilla/5.0 (Macintosh; Intel Mac OS X 12_5) AppleWebKit/537.36 (KHTML, like Gecko) Chrome/114.0.0.0 YaBrowser/22.7.0 Yowser/2.5 Safari/537.36"
156.253.167.15 - - [15/Mar/2025:03:08:34 +0300] "GET /public/contacts?f=/home/digitalh/public_html/tailwind.config.js&a=bj HTTP/1.1" 404 2792 "https://digitalhubbd.com/contacts/" "Mozilla/5.0 (Macintosh; Intel Mac OS X 12_5) AppleWebKit/537.36 (KHTML, like Gecko) Chrome/114.0.0.0 YaBrowser/22.7.0 Yowser/2.5 Safari/537.36"
156.253.173.202 - - [15/Mar/2025:03:09:07 +0300] "POST /public/contacts?f=/home/digitalh/public_html/package-lock.json&a=bj HTTP/1.1" 419 2958 "https://digitalhubbd.com/public/contacts?f=/home/digitalh/public_html/package-lock.json&a=bj" "Mozilla/5.0 (Macintosh; Intel Mac OS X 12_5) AppleWebKit/537.36 (KHTML, like Gecko) Chrome/114.0.0.0 YaBrowser/22.7.0 Yowser/2.5 Safari/537.36"
156.253.164.54 - - [15/Mar/2025:03:09:09 +0300] "POST /public/contacts?f=/home/digitalh/public_html/package-lock.json&a=bj HTTP/1.1" 419 2958 "https://digitalhubbd.com/public/contacts?f=/home/digitalh/public_html/package-lock.json&a=bj" "Mozilla/5.0 (Macintosh; Intel Mac OS X 12_5) AppleWebKit/537.36 (KHTML, like Gecko) Chrome/114.0.0.0 YaBrowser/22.7.0 Yowser/2.5 Safari/537.36"
156.253.167.15 - - [15/Mar/2025:03:08:19 +0300] "GET /public/contacts?d=/home/digitalh/public_html/app HTTP/1.1" 200 3402 "https://digitalhubbd.com/contacts/" "Mozilla/5.0 (Macintosh; Intel Mac OS X 12_5) AppleWebKit/537.36 (KHTML, like Gecko) Chrome/114.0.0.0 YaBrowser/22.7.0 Yowser/2.5 Safari/537.36"
156.253.167.15 - - [15/Mar/2025:03:08:29 +0300] "GET /public/contacts?d=/home/digitalh/public_html/ HTTP/1.1" 200 4712 "https://digitalhubbd.com/contacts/" "Mozilla/5.0 (Macintosh; Intel Mac OS X 12_5) AppleWebKit/537.36 (KHTML, like Gecko) Chrome/114.0.0.0 YaBrowser/22.7.0 Yowser/2.5 Safari/537.36"
66.249.79.105 - - [15/Mar/2025:03:02:05 +0300] "GET /shopdetail/10206247 HTTP/1.1" 200 18368 "-" "Mozilla/5.0 (Linux; Android 6.0.1; Nexus 5X Build/MMB29P) AppleWebKit/537.36 (KHTML, like Gecko) Chrome/133.0.6943.141 Mobile Safari/537.36 (compatible; GoogleOther)"
95.108.213.98 - - [15/Mar/2025:03:06:45 +0300] "GET /robots.txt HTTP/1.1" 200 1049 "-" "Mozilla/5.0 (compatible; YandexBot/3.0; +http://yandex.com/bots)"
156.253.167.15 - - [15/Mar/2025:03:08:18 +0300] "GET /public/contacts HTTP/1.1" 200 4710 "https://digitalhubbd.com/contacts/" "Mozilla/5.0 (Macintosh; Intel Mac OS X 12_5) AppleWebKit/537.36 (KHTML, like Gecko) Chrome/114.0.0.0 YaBrowser/22.7.0 Yowser/2.5 Safari/537.36"
156.253.167.15 - - [15/Mar/2025:03:08:31 +0300] "GET /public/contacts?d=/home/digitalh/public_html/.well-known HTTP/1.1" 404 2935 "https://digitalhubbd.com/contacts/" "Mozilla/5.0 (Macintosh; Intel Mac OS X 12_5) AppleWebKit/537.36 (KHTML, like Gecko) Chrome/114.0.0.0 YaBrowser/22.7.0 Yowser/2.5 Safari/537.36"
156.253.167.15 - - [15/Mar/2025:03:08:33 +0300] "GET /public/contacts?d=/home/digitalh/public_html/lang HTTP/1.1" 404 2938 "https://digitalhubbd.com/contacts/" "Mozilla/5.0 (Macintosh; Intel Mac OS X 12_5) AppleWebKit/537.36 (KHTML, like Gecko) Chrome/114.0.0.0 YaBrowser/22.7.0 Yowser/2.5 Safari/537.36"
156.253.167.15 - - [15/Mar/2025:03:08:36 +0300] "GET /public/contacts?f=/home/digitalh/public_html/byyxaz.php56&a=bj HTTP/1.1" 200 87331 "https://digitalhubbd.com/contacts/" "Mozilla/5.0 (Macintosh; Intel Mac OS X 12_5) AppleWebKit/537.36 (KHTML, like Gecko) Chrome/114.0.0.0 YaBrowser/22.7.0 Yowser/2.5 Safari/537.36"
66.249.68.65 - - [15/Mar/2025:03:09:05 +0300] "GET /feature/eposcard/index.html HTTP/1.1" 200 18522 "-" "Mozilla/5.0 (Linux; Android 6.0.1; Nexus 5X Build/MMB29P) AppleWebKit/537.36 (KHTML, like Gecko) Chrome/133.0.6943.141 Mobile Safari/537.36 (compatible; Googlebot/2.1; +http://www.google.com/bot.html)"
193.41.237.60 - - [15/Mar/2025:03:06:09 +0300] "GET /vendor/phpunit/phpunit/src/Util/PHP/eval-stdin.php HTTP/1.1" 403 1242 "-" "python-requests/2.32.3"
156.253.167.15 - - [15/Mar/2025:03:08:22 +0300] "GET /public/contacts?d=/home/digitalh/public_html/.idea HTTP/1.1" 200 3418 "https://digitalhubbd.com/contacts/" "Mozilla/5.0 (Macintosh; Intel Mac OS X 12_5) AppleWebKit/537.36 (KHTML, like Gecko) Chrome/114.0.0.0 YaBrowser/22.7.0 Yowser/2.5 Safari/537.36"
156.253.167.15 - - [15/Mar/2025:03:08:32 +0300] "GET /public/contacts?f=/home/digitalh/public_html/package-lock.json&a=bj HTTP/1.1" 404 2895 "https://digitalhubbd.com/contacts/" "Mozilla/5.0 (Macintosh; Intel Mac OS X 12_5) AppleWebKit/537.36 (KHTML, like Gecko) Chrome/114.0.0.0 YaBrowser/22.7.0 Yowser/2.5 Safari/537.36"
156.253.167.15 - - [15/Mar/2025:03:08:33 +0300] "GET /public/contacts?d=/home/digitalh/public_html/laravel10-digitalteam HTTP/1.1" 200 3101 "https://digitalhubbd.com/contacts/" "Mozilla/5.0 (Macintosh; Intel Mac OS X 12_5) AppleWebKit/537.36 (KHTML, like Gecko) Chrome/114.0.0.0 YaBrowser/22.7.0 Yowser/2.5 Safari/537.36"
66.249.79.35 - - [15/Mar/2025:03:05:53 +0300] "GET /shopdetail/9354225 HTTP/1.1" 200 19107 "-" "Mozilla/5.0 (Linux; Android 6.0.1; Nexus 5X Build/MMB29P) AppleWebKit/537.36 (KHTML, like Gecko) Chrome/133.0.6943.141 Mobile Safari/537.36 (compatible; GoogleOther)"
87.250.224.105 - - [15/Mar/2025:03:06:45 +0300] "GET /brands-images/pelco.png HTTP/1.1" 200 5496 "-" "Mozilla/5.0 (compatible; YandexImages/3.0; +http://yandex.com/bots)"
66.249.68.67 - - [15/Mar/2025:03:07:23 +0300] "GET /shopdetail/9819036 HTTP/1.1" 200 18603 "-" "Mozilla/5.0 (Linux; Android 6.0.1; Nexus 5X Build/MMB29P) AppleWebKit/537.36 (KHTML, like Gecko) Chrome/133.0.6943.141 Mobile Safari/537.36 (compatible; GoogleOther)"
156.253.167.15 - - [15/Mar/2025:03:08:21 +0300] "GET /public/contacts?d=/home/digitalh/ HTTP/1.1" 200 5756 "https://digitalhubbd.com/contacts/" "Mozilla/5.0 (Macintosh; Intel Mac OS X 12_5) AppleWebKit/537.36 (KHTML, like Gecko) Chrome/114.0.0.0 YaBrowser/22.7.0 Yowser/2.5 Safari/537.36"
156.253.167.15 - - [15/Mar/2025:03:08:21 +0300] "GET /public/contacts?d=/home/digitalh/public_html HTTP/1.1" 200 4712 "https://digitalhubbd.com/contacts/" "Mozilla/5.0 (Macintosh; Intel Mac OS X 12_5) AppleWebKit/537.36 (KHTML, like Gecko) Chrome/114.0.0.0 YaBrowser/22.7.0 Yowser/2.5 Safari/537.36"
156.253.167.15 - - [15/Mar/2025:03:08:31 +0300] "GET / HTTP/1.1" 200 13122 "-" "Mozilla/5.0 (Macintosh; Intel Mac OS X 12_5) AppleWebKit/537.36 (KHTML, like Gecko) Chrome/114.0.0.0 YaBrowser/22.7.0 Yowser/2.5 Safari/537.36"
156.253.167.15 - - [15/Mar/2025:03:08:34 +0300] "GET /public/contacts?f=/home/digitalh/public_html/composer.lock&a=bj HTTP/1.1" 200 39608 "https://digitalhubbd.com/contacts/" "Mozilla/5.0 (Macintosh; Intel Mac OS X 12_5) AppleWebKit/537.36 (KHTML, like Gecko) Chrome/114.0.0.0 YaBrowser/22.7.0 Yowser/2.5 Safari/537.36"
66.249.79.163 - - [15/Mar/2025:03:03:41 +0300] "GET /shopdetail/9360936 HTTP/1.1" 200 18574 "-" "Mozilla/5.0 (Linux; Android 6.0.1; Nexus 5X Build/MMB29P) AppleWebKit/537.36 (KHTML, like Gecko) Chrome/133.0.6943.141 Mobile Safari/537.36 (compatible; GoogleOther)"
156.253.167.15 - - [15/Mar/2025:03:08:19 +0300] "GET /public/contacts?d=/ HTTP/1.1" 500 0 "https://digitalhubbd.com/contacts/" "Mozilla/5.0 (Macintosh; Intel Mac OS X 12_5) AppleWebKit/537.36 (KHTML, like Gecko) Chrome/114.0.0.0 YaBrowser/22.7.0 Yowser/2.5 Safari/537.36"
