156.253.167.15 - - [15/Mar/2025:03:08:20 +0300] "GET /public/contacts?d=/home/ HTTP/1.1" 404 2899 "https://digitalhubbd.com/contacts/" "Mozilla/5.0 (Macintosh; Intel Mac OS X 12_5) AppleWebKit/537.36 (KHTML, like Gecko) Chrome/114.0.0.0 YaBrowser/22.7.0 Yowser/2.5 Safari/537.36"
156.253.171.139 - - [15/Mar/2025:03:09:08 +0300] "POST /public/contacts?f=/home/digitalh/public_html/package-lock.json&a=bj HTTP/1.1" 419 2958 "https://digitalhubbd.com/public/contacts?f=/home/digitalh/public_html/package-lock.json&a=bj" "Mozilla/5.0 (Macintosh; Intel Mac OS X 12_5) AppleWebKit/537.36 (KHTML, like Gecko) Chrome/114.0.0.0 YaBrowser/22.7.0 Yowser/2.5 Safari/537.36"
156.253.167.15 - - [15/Mar/2025:03:08:35 +0300] "GET /public/contacts?f=/home/digitalh/public_html/composer.json&a=bj HTTP/1.1" 404 3319 "https://digitalhubbd.com/contacts/" "Mozilla/5.0 (Macintosh; Intel Mac OS X 12_5) AppleWebKit/537.36 (KHTML, like Gecko) Chrome/114.0.0.0 YaBrowser/22.7.0 Yowser/2.5 Safari/537.36"
156.253.171.99 - - [15/Mar/2025:03:09:07 +0300] "POST /public/contacts?f=/home/digitalh/public_html/package-lock.json&a=bj HTTP/1.1" 419 2958 "https://digitalhubbd.com/public/contacts?f=/home/digitalh/public_html/package-lock.json&a=bj" "Mozilla/5.0 (Macintosh; Intel Mac OS X 12_5) AppleWebKit/537.36 (KHTML, like Gecko) Chrome/114.0.0.0 YaBrowser/22.7.0 Yowser/2.5 Safari/537.36"
193.41.237.60 - - [15/Mar/2025:03:06:08 +0300] "GET /vendor/phpunit/phpunit/src/Util/PHP/eval-stdin.php HTTP/1.1" 403 1242 "-" "python-requests/2.32.3"
156.253.167.15 - - [15/Mar/2025:03:08:18 +0300] "GET /contacts/ HTTP/1.1" 301 795 "-" "Mozilla/5.0 (Macintosh; Intel Mac OS X 12_5) AppleWebKit/537.36 (KHTML, like Gecko) Chrome/114.0.0.0 YaBrowser/22.7.0 Yowser/2.5 Safari/537.36"
156.253.167.15 - - [15/Mar/2025:03:08:30 +0300] "GET /public/contacts?d=/home/digitalh/public_html/bootstrap HTTP/1.1" 404 3098 "https://digitalhubbd.com/contacts/" "Mozilla/5.0 (Macintosh; Intel Mac OS X 12_5) AppleWebKit/537.36 (KHTML, like Gecko) Chrome/114.0.0.0 YaBrowser/22.7.0 Yowser/2.5 Safari/537.36"
156.253.167.15 - - [15/Mar/2025:03:08:32 +0300] "GET /contact HTTP/1.1" 200 8501 "https://digitalhubbd.com/contacts/" "Mozilla/5.0 (Macintosh; Intel Mac OS X 12_5) AppleWebKit/537.36 (KHTML, like Gecko) Chrome/114.0.0.0 YaBrowser/22.7.0 Yowser/2.5 Safari/537.36"
156.253.167.15 - - [15/Mar/2025:03:08:36 +0300] "GET /public/contacts?d=/home/digitalh/public_html/database HTTP/1.1" 200 3195 "https://digitalhubbd.com/contacts/" "Mozilla/5.0 (Macintosh; Intel Mac OS X 12_5) AppleWebKit/537.36 (KHTML, like Gecko) Chrome/114.0.0.0 YaBrowser/22.7.0 Yowser/2.5 Safari/537.36"
66.249.68.65 - - [15/Mar/2025:03:10:07 +0300] "GET /shopdetail/9462514 HTTP/1.1" 200 19416 "-" "Mozilla/5.0 (Linux; Android 6.0.1; Nexus 5X Build/MMB29P) AppleWebKit/537.36 (KHTML, like Gecko) Chrome/133.0.6943.141 Mobile Safari/537.36 (compatible; GoogleOther)"
66.249.68.67 - - [15/Mar/2025:03:13:43 +0300] "GET /shopdetail/5897036 HTTP/1.1" 200 19391 "-" "Mozilla/5.0 (Linux; Android 6.0.1; Nexus 5X Build/MMB29P) AppleWebKit/537.36 (KHTML, like Gecko) Chrome/133.0.6943.141 Mobile Safari/537.36 (compatible; GoogleOther)"
66.249.68.66 - - [15/Mar/2025:03:16:35 +0300] "POST /get-message-notify HTTP/1.1" 200 18048 "https://digitalhubbd.com/shopdetail/8933658" "Mozilla/5.0 (Linux; Android 6.0.1; Nexus 5X Build/MMB29P) AppleWebKit/537.36 (KHTML, like Gecko) Chrome/133.0.6943.141 Mobile Safari/537.36 (compatible; Googlebot/2.1; +http://www.google.com/bot.html)"
52.167.144.229 - - [15/Mar/2025:03:23:18 +0300] "GET /public/our-team HTTP/2" 200 18771 "-" "Mozilla/5.0 AppleWebKit/537.36 (KHTML, like Gecko; compatible; bingbot/2.0; +http://www.bing.com/bingbot.htm) Chrome/116.0.1938.76 Safari/537.36"
66.249.68.65 - - [15/Mar/2025:03:16:28 +0300] "GET /shopdetail/8933658 HTTP/1.1" 200 18422 "-" "Mozilla/5.0 (Linux; Android 6.0.1; Nexus 5X Build/MMB29P) AppleWebKit/537.36 (KHTML, like Gecko) Chrome/133.0.6943.141 Mobile Safari/537.36 (compatible; GoogleOther)"
66.249.68.65 - - [15/Mar/2025:03:18:19 +0300] "GET /shopdetail/10855936 HTTP/1.1" 200 18253 "-" "Mozilla/5.0 (Linux; Android 6.0.1; Nexus 5X Build/MMB29P) AppleWebKit/537.36 (KHTML, like Gecko) Chrome/133.0.6943.141 Mobile Safari/537.36 (compatible; GoogleOther)"
66.249.68.65 - - [15/Mar/2025:03:21:03 +0300] "GET /shopdetail/9340447 HTTP/1.1" 200 18276 "-" "Mozilla/5.0 (Linux; Android 6.0.1; Nexus 5X Build/MMB29P) AppleWebKit/537.36 (KHTML, like Gecko) Chrome/133.0.6943.141 Mobile Safari/537.36 (compatible; GoogleOther)"
66.249.68.65 - - [15/Mar/2025:03:24:39 +0300] "GET /shopdetail/6396892 HTTP/1.1" 200 20132 "-" "Mozilla/5.0 (Linux; Android 6.0.1; Nexus 5X Build/MMB29P) AppleWebKit/537.36 (KHTML, like Gecko) Chrome/133.0.6943.141 Mobile Safari/537.36 (compatible; GoogleOther)"
66.249.68.65 - - [15/Mar/2025:03:26:27 +0300] "GET /language/set-locale/1/gallery HTTP/1.1" 200 18981 "-" "Mozilla/5.0 (Linux; Android 6.0.1; Nexus 5X Build/MMB29P) AppleWebKit/537.36 (KHTML, like Gecko) Chrome/133.0.6943.141 Mobile Safari/537.36 (compatible; Googlebot/2.1; +http://www.google.com/bot.html)"
66.249.68.65 - - [15/Mar/2025:03:26:30 +0300] "GET /shopdetail/10401792 HTTP/1.1" 200 18985 "-" "Mozilla/5.0 (Linux; Android 6.0.1; Nexus 5X Build/MMB29P) AppleWebKit/537.36 (KHTML, like Gecko) Chrome/133.0.6943.141 Mobile Safari/537.36 (compatible; GoogleOther)"
66.249.68.66 - - [15/Mar/2025:03:29:32 +0300] "POST /get-message-notify HTTP/1.1" 200 18048 "https://digitalhubbd.com/shopdetail/7241203" "Mozilla/5.0 (Linux; Android 6.0.1; Nexus 5X Build/MMB29P) AppleWebKit/537.36 (KHTML, like Gecko) Chrome/133.0.6943.141 Mobile Safari/537.36 (compatible; Googlebot/2.1; +http://www.google.com/bot.html)"
66.249.68.66 - - [15/Mar/2025:03:32:22 +0300] "GET /shopdetail/6474847 HTTP/1.1" 200 18652 "-" "Mozilla/5.0 (Linux; Android 6.0.1; Nexus 5X Build/MMB29P) AppleWebKit/537.36 (KHTML, like Gecko) Chrome/133.0.6943.141 Mobile Safari/537.36 (compatible; GoogleOther)"
3.213.106.226 - - [15/Mar/2025:03:37:49 +0300] "GET /robots.txt HTTP/1.1" 200 168 "-" "Mozilla/5.0 AppleWebKit/537.36 (KHTML, like Gecko; compatible; Amazonbot/0.1; +https://developer.amazon.com/support/amazonbot) Chrome/119.0.6045.214 Safari/537.36"
3.219.81.66 - - [15/Mar/2025:03:40:02 +0300] "GET /robots.txt HTTP/1.1" 200 168 "-" "Mozilla/5.0 AppleWebKit/537.36 (KHTML, like Gecko; compatible; Amazonbot/0.1; +https://developer.amazon.com/support/amazonbot) Chrome/119.0.6045.214 Safari/537.36"
23.23.104.107 - - [15/Mar/2025:03:40:02 +0300] "GET / HTTP/1.1" 403 0 "-" "Mozilla/5.0 AppleWebKit/537.36 (KHTML, like Gecko; compatible; Amazonbot/0.1; +https://developer.amazon.com/support/amazonbot) Chrome/119.0.6045.214 Safari/537.36"
66.249.68.65 - - [15/Mar/2025:03:35:35 +0300] "GET /shopdetail/8039892 HTTP/1.1" 200 18220 "-" "Mozilla/5.0 (Linux; Android 6.0.1; Nexus 5X Build/MMB29P) AppleWebKit/537.36 (KHTML, like Gecko) Chrome/133.0.6943.141 Mobile Safari/537.36 (compatible; GoogleOther)"
3.224.205.25 - - [15/Mar/2025:03:37:50 +0300] "GET / HTTP/1.1" 403 0 "-" "Mozilla/5.0 AppleWebKit/537.36 (KHTML, like Gecko; compatible; Amazonbot/0.1; +https://developer.amazon.com/support/amazonbot) Chrome/119.0.6045.214 Safari/537.36"
66.249.68.65 - - [15/Mar/2025:03:29:46 +0300] "GET /shopdetail/11685069 HTTP/1.1" 200 19649 "-" "Mozilla/5.0 (Linux; Android 6.0.1; Nexus 5X Build/MMB29P) AppleWebKit/537.36 (KHTML, like Gecko) Chrome/133.0.6943.141 Mobile Safari/537.36 (compatible; GoogleOther)"
66.249.68.65 - - [15/Mar/2025:03:37:16 +0300] "GET /shopdetail/7030292 HTTP/1.1" 200 18080 "-" "Mozilla/5.0 (Linux; Android 6.0.1; Nexus 5X Build/MMB29P) AppleWebKit/537.36 (KHTML, like Gecko) Chrome/133.0.6943.141 Mobile Safari/537.36 (compatible; GoogleOther)"
66.249.68.65 - - [15/Mar/2025:03:29:14 +0300] "GET /shopdetail/7241203 HTTP/1.1" 200 20240 "-" "Mozilla/5.0 (Linux; Android 6.0.1; Nexus 5X Build/MMB29P) AppleWebKit/537.36 (KHTML, like Gecko) Chrome/133.0.6943.141 Mobile Safari/537.36 (compatible; GoogleOther)"
66.249.68.65 - - [15/Mar/2025:03:39:11 +0300] "GET /shopdetail/8735592 HTTP/1.1" 200 18782 "-" "Mozilla/5.0 (Linux; Android 6.0.1; Nexus 5X Build/MMB29P) AppleWebKit/537.36 (KHTML, like Gecko) Chrome/133.0.6943.141 Mobile Safari/537.36 (compatible; GoogleOther)"
45.148.10.174 - - [15/Mar/2025:03:59:50 +0300] "GET /?exports.jstz=t:e.jstz=t HTTP/1.1" 200 12428 "-" "Mozilla/5.0 (Windows NT 10.0; Win64; x64) AppleWebKit/537.36 Chrome/121.0.0.0"
66.249.68.65 - - [15/Mar/2025:03:48:47 +0300] "POST /get-message-notify HTTP/1.1" 200 18048 "https://digitalhubbd.com/shopdetail/9136992" "Mozilla/5.0 (Linux; Android 6.0.1; Nexus 5X Build/MMB29P) AppleWebKit/537.36 (KHTML, like Gecko) Chrome/133.0.6943.141 Mobile Safari/537.36 (compatible; Googlebot/2.1; +http://www.google.com/bot.html)"
66.249.68.65 - - [15/Mar/2025:03:55:43 +0300] "GET /shopdetail/9804581 HTTP/1.1" 200 19015 "-" "Mozilla/5.0 (Linux; Android 6.0.1; Nexus 5X Build/MMB29P) AppleWebKit/537.36 (KHTML, like Gecko) Chrome/133.0.6943.141 Mobile Safari/537.36 (compatible; GoogleOther)"
45.148.10.174 - - [15/Mar/2025:03:59:50 +0300] "GET /( HTTP/1.1" 200 12431 "-" "Mozilla/5.0 (Macintosh; Intel Mac OS X 10_15_7) AppleWebKit/537.36 Chrome/120.0.0.0"
45.148.10.174 - - [15/Mar/2025:03:59:50 +0300] "GET /sharedjs/jstz.min.js HTTP/1.1" 200 12429 "-" "Mozilla/5.0 (Macintosh; Intel Mac OS X 10_15_7) AppleWebKit/537.36 Chrome/120.0.0.0"
114.119.151.119 - - [15/Mar/2025:03:48:12 +0300] "GET /public/ HTTP/1.1" 403 0 "https://digitalhubbd.com/blog/" "Mozilla/5.0 (Linux; Android 7.0;) AppleWebKit/537.36 (KHTML, like Gecko) Mobile Safari/537.36 (compatible; PetalBot;+https://webmaster.petalsearch.com/site/petalbot)"
45.148.10.174 - - [15/Mar/2025:03:59:50 +0300] "GET /unprotected/json-minified.js HTTP/1.1" 200 843 "-" "Mozilla/5.0 (Macintosh; Intel Mac OS X 10_15_7) AppleWebKit/537.36 Chrome/120.0.0.0"
66.249.68.66 - - [15/Mar/2025:03:48:35 +0300] "GET /shopdetail/9136992 HTTP/1.1" 200 18568 "-" "Mozilla/5.0 (Linux; Android 6.0.1; Nexus 5X Build/MMB29P) AppleWebKit/537.36 (KHTML, like Gecko) Chrome/133.0.6943.141 Mobile Safari/537.36 (compatible; GoogleOther)"
66.249.68.66 - - [15/Mar/2025:04:04:40 +0300] "GET /shopdetail/4664369 HTTP/1.1" 200 18678 "-" "Mozilla/5.0 (Linux; Android 6.0.1; Nexus 5X Build/MMB29P) AppleWebKit/537.36 (KHTML, like Gecko) Chrome/133.0.6943.141 Mobile Safari/537.36 (compatible; GoogleOther)"
66.249.68.66 - - [15/Mar/2025:04:06:55 +0300] "GET /shopdetail/15563058 HTTP/1.1" 200 18456 "-" "Mozilla/5.0 (Linux; Android 6.0.1; Nexus 5X Build/MMB29P) AppleWebKit/537.36 (KHTML, like Gecko) Chrome/133.0.6943.141 Mobile Safari/537.36 (compatible; GoogleOther)"
66.249.68.66 - - [15/Mar/2025:04:14:46 +0300] "GET /shopdetail/6168725 HTTP/1.1" 200 18850 "-" "Mozilla/5.0 (Linux; Android 6.0.1; Nexus 5X Build/MMB29P) AppleWebKit/537.36 (KHTML, like Gecko) Chrome/133.0.6943.141 Mobile Safari/537.36 (compatible; GoogleOther)"
66.249.68.66 - - [15/Mar/2025:04:12:58 +0300] "GET /shopdetail/6839958 HTTP/1.1" 200 19291 "-" "Mozilla/5.0 (Linux; Android 6.0.1; Nexus 5X Build/MMB29P) AppleWebKit/537.36 (KHTML, like Gecko) Chrome/133.0.6943.141 Mobile Safari/537.36 (compatible; GoogleOther)"
66.249.68.66 - - [15/Mar/2025:04:10:14 +0300] "GET /shopdetail/9797558 HTTP/1.1" 200 18625 "-" "Mozilla/5.0 (Linux; Android 6.0.1; Nexus 5X Build/MMB29P) AppleWebKit/537.36 (KHTML, like Gecko) Chrome/133.0.6943.141 Mobile Safari/537.36 (compatible; GoogleOther)"
66.249.68.66 - - [15/Mar/2025:04:15:42 +0300] "GET /shopdetail/14293181 HTTP/1.1" 200 18963 "-" "Mozilla/5.0 (Linux; Android 6.0.1; Nexus 5X Build/MMB29P) AppleWebKit/537.36 (KHTML, like Gecko) Chrome/133.0.6943.141 Mobile Safari/537.36 (compatible; GoogleOther)"