103.60.175.42 - - [20/Mar/2025:10:44:10 +0300] "POST /realtime_request/ HTTP/1.1" 200 344 "https://network.digitalhubbd.com/prio/chat/" "Mozilla/5.0 (Windows NT 10.0; Win64; x64) AppleWebKit/537.36 (KHTML, like Gecko) Chrome/134.0.0.0 Safari/537.36"
103.60.175.42 - - [20/Mar/2025:10:44:16 +0300] "POST /realtime_request/ HTTP/1.1" 200 344 "https://network.digitalhubbd.com/prio/chat/" "Mozilla/5.0 (Windows NT 10.0; Win64; x64) AppleWebKit/537.36 (KHTML, like Gecko) Chrome/134.0.0.0 Safari/537.36"
103.60.175.42 - - [20/Mar/2025:10:44:22 +0300] "POST /realtime_request/ HTTP/1.1" 200 344 "https://network.digitalhubbd.com/prio/chat/" "Mozilla/5.0 (Windows NT 10.0; Win64; x64) AppleWebKit/537.36 (KHTML, like Gecko) Chrome/134.0.0.0 Safari/537.36"
103.60.175.42 - - [20/Mar/2025:10:44:29 +0300] "POST /realtime_request/ HTTP/1.1" 200 344 "https://network.digitalhubbd.com/prio/chat/" "Mozilla/5.0 (Windows NT 10.0; Win64; x64) AppleWebKit/537.36 (KHTML, like Gecko) Chrome/134.0.0.0 Safari/537.36"
103.60.175.42 - - [20/Mar/2025:10:44:34 +0300] "POST /realtime_request/ HTTP/1.1" 200 344 "https://network.digitalhubbd.com/prio/chat/" "Mozilla/5.0 (Windows NT 10.0; Win64; x64) AppleWebKit/537.36 (KHTML, like Gecko) Chrome/134.0.0.0 Safari/537.36"
103.60.175.42 - - [20/Mar/2025:10:44:41 +0300] "POST /realtime_request/ HTTP/1.1" 200 344 "https://network.digitalhubbd.com/prio/chat/" "Mozilla/5.0 (Windows NT 10.0; Win64; x64) AppleWebKit/537.36 (KHTML, like Gecko) Chrome/134.0.0.0 Safari/537.36"
103.60.175.42 - - [20/Mar/2025:10:44:46 +0300] "POST /realtime_request/ HTTP/1.1" 200 344 "https://network.digitalhubbd.com/prio/chat/" "Mozilla/5.0 (Windows NT 10.0; Win64; x64) AppleWebKit/537.36 (KHTML, like Gecko) Chrome/134.0.0.0 Safari/537.36"
103.60.175.42 - - [20/Mar/2025:10:44:53 +0300] "POST /realtime_request/ HTTP/1.1" 200 344 "https://network.digitalhubbd.com/prio/chat/" "Mozilla/5.0 (Windows NT 10.0; Win64; x64) AppleWebKit/537.36 (KHTML, like Gecko) Chrome/134.0.0.0 Safari/537.36"
103.60.175.42 - - [20/Mar/2025:10:44:58 +0300] "POST /realtime_request/ HTTP/1.1" 200 344 "https://network.digitalhubbd.com/prio/chat/" "Mozilla/5.0 (Windows NT 10.0; Win64; x64) AppleWebKit/537.36 (KHTML, like Gecko) Chrome/134.0.0.0 Safari/537.36"
103.60.175.42 - - [20/Mar/2025:10:45:04 +0300] "POST /realtime_request/ HTTP/1.1" 200 344 "https://network.digitalhubbd.com/prio/chat/" "Mozilla/5.0 (Windows NT 10.0; Win64; x64) AppleWebKit/537.36 (KHTML, like Gecko) Chrome/134.0.0.0 Safari/537.36"
103.60.175.42 - - [20/Mar/2025:10:45:10 +0300] "POST /realtime_request/ HTTP/1.1" 200 344 "https://network.digitalhubbd.com/prio/chat/" "Mozilla/5.0 (Windows NT 10.0; Win64; x64) AppleWebKit/537.36 (KHTML, like Gecko) Chrome/134.0.0.0 Safari/537.36"
103.60.175.42 - - [20/Mar/2025:10:45:16 +0300] "POST /realtime_request/ HTTP/1.1" 200 344 "https://network.digitalhubbd.com/prio/chat/" "Mozilla/5.0 (Windows NT 10.0; Win64; x64) AppleWebKit/537.36 (KHTML, like Gecko) Chrome/134.0.0.0 Safari/537.36"
103.60.175.42 - - [20/Mar/2025:10:45:22 +0300] "POST /realtime_request/ HTTP/1.1" 200 344 "https://network.digitalhubbd.com/prio/chat/" "Mozilla/5.0 (Windows NT 10.0; Win64; x64) AppleWebKit/537.36 (KHTML, like Gecko) Chrome/134.0.0.0 Safari/537.36"
103.60.175.42 - - [20/Mar/2025:10:45:28 +0300] "POST /realtime_request/ HTTP/1.1" 200 344 "https://network.digitalhubbd.com/prio/chat/" "Mozilla/5.0 (Windows NT 10.0; Win64; x64) AppleWebKit/537.36 (KHTML, like Gecko) Chrome/134.0.0.0 Safari/537.36"
103.60.175.42 - - [20/Mar/2025:10:45:34 +0300] "POST /realtime_request/ HTTP/1.1" 200 344 "https://network.digitalhubbd.com/prio/chat/" "Mozilla/5.0 (Windows NT 10.0; Win64; x64) AppleWebKit/537.36 (KHTML, like Gecko) Chrome/134.0.0.0 Safari/537.36"
103.60.175.42 - - [20/Mar/2025:10:45:41 +0300] "POST /realtime_request/ HTTP/1.1" 200 344 "https://network.digitalhubbd.com/prio/chat/" "Mozilla/5.0 (Windows NT 10.0; Win64; x64) AppleWebKit/537.36 (KHTML, like Gecko) Chrome/134.0.0.0 Safari/537.36"
103.60.175.42 - - [20/Mar/2025:10:45:47 +0300] "POST /realtime_request/ HTTP/1.1" 200 344 "https://network.digitalhubbd.com/prio/chat/" "Mozilla/5.0 (Windows NT 10.0; Win64; x64) AppleWebKit/537.36 (KHTML, like Gecko) Chrome/134.0.0.0 Safari/537.36"
103.60.175.42 - - [20/Mar/2025:10:45:53 +0300] "POST /realtime_request/ HTTP/1.1" 200 344 "https://network.digitalhubbd.com/prio/chat/" "Mozilla/5.0 (Windows NT 10.0; Win64; x64) AppleWebKit/537.36 (KHTML, like Gecko) Chrome/134.0.0.0 Safari/537.36"
103.60.175.42 - - [20/Mar/2025:10:45:59 +0300] "POST /realtime_request/ HTTP/1.1" 200 344 "https://network.digitalhubbd.com/prio/chat/" "Mozilla/5.0 (Windows NT 10.0; Win64; x64) AppleWebKit/537.36 (KHTML, like Gecko) Chrome/134.0.0.0 Safari/537.36"
103.60.175.42 - - [20/Mar/2025:10:46:05 +0300] "POST /realtime_request/ HTTP/1.1" 200 344 "https://network.digitalhubbd.com/prio/chat/" "Mozilla/5.0 (Windows NT 10.0; Win64; x64) AppleWebKit/537.36 (KHTML, like Gecko) Chrome/134.0.0.0 Safari/537.36"
103.60.175.42 - - [20/Mar/2025:10:46:11 +0300] "POST /realtime_request/ HTTP/1.1" 200 344 "https://network.digitalhubbd.com/prio/chat/" "Mozilla/5.0 (Windows NT 10.0; Win64; x64) AppleWebKit/537.36 (KHTML, like Gecko) Chrome/134.0.0.0 Safari/537.36"
103.60.175.42 - - [20/Mar/2025:10:46:17 +0300] "POST /realtime_request/ HTTP/1.1" 200 344 "https://network.digitalhubbd.com/prio/chat/" "Mozilla/5.0 (Windows NT 10.0; Win64; x64) AppleWebKit/537.36 (KHTML, like Gecko) Chrome/134.0.0.0 Safari/537.36"
103.60.175.42 - - [20/Mar/2025:10:46:23 +0300] "POST /realtime_request/ HTTP/1.1" 200 344 "https://network.digitalhubbd.com/prio/chat/" "Mozilla/5.0 (Windows NT 10.0; Win64; x64) AppleWebKit/537.36 (KHTML, like Gecko) Chrome/134.0.0.0 Safari/537.36"
103.60.175.42 - - [20/Mar/2025:10:46:28 +0300] "POST /realtime_request/ HTTP/1.1" 200 344 "https://network.digitalhubbd.com/prio/chat/" "Mozilla/5.0 (Windows NT 10.0; Win64; x64) AppleWebKit/537.36 (KHTML, like Gecko) Chrome/134.0.0.0 Safari/537.36"
103.60.175.42 - - [20/Mar/2025:10:46:34 +0300] "POST /realtime_request/ HTTP/1.1" 200 344 "https://network.digitalhubbd.com/prio/chat/" "Mozilla/5.0 (Windows NT 10.0; Win64; x64) AppleWebKit/537.36 (KHTML, like Gecko) Chrome/134.0.0.0 Safari/537.36"
103.60.175.42 - - [20/Mar/2025:10:46:40 +0300] "POST /realtime_request/ HTTP/1.1" 200 344 "https://network.digitalhubbd.com/prio/chat/" "Mozilla/5.0 (Windows NT 10.0; Win64; x64) AppleWebKit/537.36 (KHTML, like Gecko) Chrome/134.0.0.0 Safari/537.36"
103.60.175.42 - - [20/Mar/2025:10:46:46 +0300] "POST /realtime_request/ HTTP/1.1" 200 344 "https://network.digitalhubbd.com/prio/chat/" "Mozilla/5.0 (Windows NT 10.0; Win64; x64) AppleWebKit/537.36 (KHTML, like Gecko) Chrome/134.0.0.0 Safari/537.36"
103.60.175.42 - - [20/Mar/2025:10:46:52 +0300] "POST /realtime_request/ HTTP/1.1" 200 344 "https://network.digitalhubbd.com/prio/chat/" "Mozilla/5.0 (Windows NT 10.0; Win64; x64) AppleWebKit/537.36 (KHTML, like Gecko) Chrome/134.0.0.0 Safari/537.36"
103.60.175.42 - - [20/Mar/2025:10:46:58 +0300] "POST /realtime_request/ HTTP/1.1" 200 350 "https://network.digitalhubbd.com/prio/chat/" "Mozilla/5.0 (Windows NT 10.0; Win64; x64) AppleWebKit/537.36 (KHTML, like Gecko) Chrome/134.0.0.0 Safari/537.36"
103.60.175.42 - - [20/Mar/2025:10:47:01 +0300] "POST /realtime_request/ HTTP/1.1" 200 0 "https://network.digitalhubbd.com/prio/chat/" "Mozilla/5.0 (Windows NT 10.0; Win64; x64) AppleWebKit/537.36 (KHTML, like Gecko) Chrome/134.0.0.0 Safari/537.36"
103.60.175.42 - - [20/Mar/2025:10:47:04 +0300] "POST /realtime_request/ HTTP/1.1" 200 344 "https://network.digitalhubbd.com/prio/chat/" "Mozilla/5.0 (Windows NT 10.0; Win64; x64) AppleWebKit/537.36 (KHTML, like Gecko) Chrome/134.0.0.0 Safari/537.36"
103.60.175.42 - - [20/Mar/2025:10:47:10 +0300] "POST /realtime_request/ HTTP/1.1" 200 344 "https://network.digitalhubbd.com/prio/chat/" "Mozilla/5.0 (Windows NT 10.0; Win64; x64) AppleWebKit/537.36 (KHTML, like Gecko) Chrome/134.0.0.0 Safari/537.36"
103.60.175.42 - - [20/Mar/2025:10:47:16 +0300] "POST /realtime_request/ HTTP/1.1" 200 344 "https://network.digitalhubbd.com/prio/chat/" "Mozilla/5.0 (Windows NT 10.0; Win64; x64) AppleWebKit/537.36 (KHTML, like Gecko) Chrome/134.0.0.0 Safari/537.36"
103.60.175.42 - - [20/Mar/2025:10:47:22 +0300] "POST /realtime_request/ HTTP/1.1" 200 344 "https://network.digitalhubbd.com/prio/chat/" "Mozilla/5.0 (Windows NT 10.0; Win64; x64) AppleWebKit/537.36 (KHTML, like Gecko) Chrome/134.0.0.0 Safari/537.36"
103.60.175.42 - - [20/Mar/2025:10:47:28 +0300] "POST /realtime_request/ HTTP/1.1" 200 344 "https://network.digitalhubbd.com/prio/chat/" "Mozilla/5.0 (Windows NT 10.0; Win64; x64) AppleWebKit/537.36 (KHTML, like Gecko) Chrome/134.0.0.0 Safari/537.36"
103.60.175.42 - - [20/Mar/2025:10:47:34 +0300] "POST /realtime_request/ HTTP/1.1" 200 344 "https://network.digitalhubbd.com/prio/chat/" "Mozilla/5.0 (Windows NT 10.0; Win64; x64) AppleWebKit/537.36 (KHTML, like Gecko) Chrome/134.0.0.0 Safari/537.36"
103.60.175.42 - - [20/Mar/2025:10:47:40 +0300] "POST /realtime_request/ HTTP/1.1" 200 344 "https://network.digitalhubbd.com/prio/chat/" "Mozilla/5.0 (Windows NT 10.0; Win64; x64) AppleWebKit/537.36 (KHTML, like Gecko) Chrome/134.0.0.0 Safari/537.36"
103.60.175.42 - - [20/Mar/2025:10:47:46 +0300] "POST /realtime_request/ HTTP/1.1" 200 344 "https://network.digitalhubbd.com/prio/chat/" "Mozilla/5.0 (Windows NT 10.0; Win64; x64) AppleWebKit/537.36 (KHTML, like Gecko) Chrome/134.0.0.0 Safari/537.36"
45.115.113.53 - - [20/Mar/2025:10:47:54 +0300] "GET / HTTP/2" 200 23424 "-" "Mozilla/5.0 (Linux; Android 10; SM-A750F) AppleWebKit/537.36 (KHTML, like Gecko) Chrome/95.0.4638.50 Mobile Safari/537.36"
103.60.175.42 - - [20/Mar/2025:10:47:53 +0300] "POST /realtime_request/ HTTP/1.1" 200 344 "https://network.digitalhubbd.com/prio/chat/" "Mozilla/5.0 (Windows NT 10.0; Win64; x64) AppleWebKit/537.36 (KHTML, like Gecko) Chrome/134.0.0.0 Safari/537.36"
45.115.113.53 - - [20/Mar/2025:10:47:57 +0300] "GET /assets/js/chat_page/audio_message_record_rtc.js?_=1742451324975 HTTP/2" 200 1701 "https://network.digitalhubbd.com/" "Mozilla/5.0 (Linux; Android 10; SM-A750F) AppleWebKit/537.36 (KHTML, like Gecko) Chrome/95.0.4638.50 Mobile Safari/537.36"
45.115.113.53 - - [20/Mar/2025:10:47:57 +0300] "POST /entry/user_online_status/ HTTP/2" 200 0 "https://network.digitalhubbd.com/" "Mozilla/5.0 (Linux; Android 10; SM-A750F) AppleWebKit/537.36 (KHTML, like Gecko) Chrome/95.0.4638.50 Mobile Safari/537.36"
45.115.113.53 - - [20/Mar/2025:10:47:57 +0300] "POST /web_request/ HTTP/2" 200 217 "https://network.digitalhubbd.com/" "Mozilla/5.0 (Linux; Android 10; SM-A750F) AppleWebKit/537.36 (KHTML, like Gecko) Chrome/95.0.4638.50 Mobile Safari/537.36"
45.115.113.53 - - [20/Mar/2025:10:47:58 +0300] "GET /assets/js/combined_js_chat_page_after_load.js?_=1742451324976 HTTP/2" 200 184763 "https://network.digitalhubbd.com/" "Mozilla/5.0 (Linux; Android 10; SM-A750F) AppleWebKit/537.36 (KHTML, like Gecko) Chrome/95.0.4638.50 Mobile Safari/537.36"
45.115.113.53 - - [20/Mar/2025:10:47:59 +0300] "GET /assets/thirdparty/recordrtc/recordrtc.min.js?_=1742451324977 HTTP/2" 200 17527 "https://network.digitalhubbd.com/" "Mozilla/5.0 (Linux; Android 10; SM-A750F) AppleWebKit/537.36 (KHTML, like Gecko) Chrome/95.0.4638.50 Mobile Safari/537.36"
45.115.113.53 - - [20/Mar/2025:10:48:00 +0300] "POST /web_request/ HTTP/2" 200 97 "https://network.digitalhubbd.com/" "Mozilla/5.0 (Linux; Android 10; SM-A750F) AppleWebKit/537.36 (KHTML, like Gecko) Chrome/95.0.4638.50 Mobile Safari/537.36"
103.60.175.42 - - [20/Mar/2025:10:47:58 +0300] "POST /realtime_request/ HTTP/1.1" 200 344 "https://network.digitalhubbd.com/prio/chat/" "Mozilla/5.0 (Windows NT 10.0; Win64; x64) AppleWebKit/537.36 (KHTML, like Gecko) Chrome/134.0.0.0 Safari/537.36"
45.115.113.53 - - [20/Mar/2025:10:48:02 +0300] "POST /web_request/ HTTP/2" 200 576 "https://network.digitalhubbd.com/" "Mozilla/5.0 (Linux; Android 10; SM-A750F) AppleWebKit/537.36 (KHTML, like Gecko) Chrome/95.0.4638.50 Mobile Safari/537.36"
45.115.113.53 - - [20/Mar/2025:10:48:03 +0300] "POST /web_request/ HTTP/2" 200 6 "https://network.digitalhubbd.com/" "Mozilla/5.0 (Linux; Android 10; SM-A750F) AppleWebKit/537.36 (KHTML, like Gecko) Chrome/95.0.4638.50 Mobile Safari/537.36"
45.115.113.53 - - [20/Mar/2025:10:48:03 +0300] "POST /web_request/ HTTP/2" 200 2263 "https://network.digitalhubbd.com/" "Mozilla/5.0 (Linux; Android 10; SM-A750F) AppleWebKit/537.36 (KHTML, like Gecko) Chrome/95.0.4638.50 Mobile Safari/537.36"
45.115.113.53 - - [20/Mar/2025:10:48:04 +0300] "GET /assets/files/storage/1/thumbnails/AQaBIs-gr-Snapchat-1229153083.jpg HTTP/2" 200 6618 "https://network.digitalhubbd.com/jp_asher/chat/" "Mozilla/5.0 (Linux; Android 10; SM-A750F) AppleWebKit/537.36 (KHTML, like Gecko) Chrome/95.0.4638.50 Mobile Safari/537.36"
103.60.175.42 - - [20/Mar/2025:10:48:04 +0300] "POST /realtime_request/ HTTP/1.1" 200 369 "https://network.digitalhubbd.com/prio/chat/" "Mozilla/5.0 (Windows NT 10.0; Win64; x64) AppleWebKit/537.36 (KHTML, like Gecko) Chrome/134.0.0.0 Safari/537.36"
45.115.113.53 - - [20/Mar/2025:10:48:03 +0300] "POST /realtime_request/ HTTP/2" 200 6 "https://network.digitalhubbd.com/" "Mozilla/5.0 (Linux; Android 10; SM-A750F) AppleWebKit/537.36 (KHTML, like Gecko) Chrome/95.0.4638.50 Mobile Safari/537.36"
45.115.113.53 - - [20/Mar/2025:10:48:08 +0300] "POST /realtime_request/ HTTP/2" 200 332 "https://network.digitalhubbd.com/jp_asher/chat/" "Mozilla/5.0 (Linux; Android 10; SM-A750F) AppleWebKit/537.36 (KHTML, like Gecko) Chrome/95.0.4638.50 Mobile Safari/537.36"
103.60.175.42 - - [20/Mar/2025:10:48:08 +0300] "POST /realtime_request/ HTTP/1.1" 200 344 "https://network.digitalhubbd.com/prio/chat/" "Mozilla/5.0 (Windows NT 10.0; Win64; x64) AppleWebKit/537.36 (KHTML, like Gecko) Chrome/134.0.0.0 Safari/537.36"
45.115.113.53 - - [20/Mar/2025:10:48:12 +0300] "POST /web_request/ HTTP/2" 200 20 "https://network.digitalhubbd.com/jp_asher/chat/" "Mozilla/5.0 (Linux; Android 10; SM-A750F) AppleWebKit/537.36 (KHTML, like Gecko) Chrome/95.0.4638.50 Mobile Safari/537.36"
45.115.113.53 - - [20/Mar/2025:10:48:13 +0300] "POST /entry/user_online_status/ HTTP/2" 200 0 "https://network.digitalhubbd.com/jp_asher/chat/" "Mozilla/5.0 (Linux; Android 10; SM-A750F) AppleWebKit/537.36 (KHTML, like Gecko) Chrome/95.0.4638.50 Mobile Safari/537.36"
45.115.113.53 - - [20/Mar/2025:10:48:13 +0300] "GET / HTTP/2" 200 23350 "-" "Mozilla/5.0 (Linux; Android 10; SM-A750F) AppleWebKit/537.36 (KHTML, like Gecko) Chrome/95.0.4638.50 Mobile Safari/537.36"
45.115.113.53 - - [20/Mar/2025:10:48:13 +0300] "POST /entry/user_online_status/ HTTP/2" 200 0 "https://network.digitalhubbd.com/jp_asher/chat/" "Mozilla/5.0 (Linux; Android 10; SM-A750F) AppleWebKit/537.36 (KHTML, like Gecko) Chrome/95.0.4638.50 Mobile Safari/537.36"
103.60.175.42 - - [20/Mar/2025:10:48:14 +0300] "POST /realtime_request/ HTTP/1.1" 200 377 "https://network.digitalhubbd.com/prio/chat/" "Mozilla/5.0 (Windows NT 10.0; Win64; x64) AppleWebKit/537.36 (KHTML, like Gecko) Chrome/134.0.0.0 Safari/537.36"
45.115.113.53 - - [20/Mar/2025:10:48:15 +0300] "GET /assets/js/chat_page/audio_message_record_rtc.js?_=1742451343824 HTTP/2" 200 1701 "https://network.digitalhubbd.com/" "Mozilla/5.0 (Linux; Android 10; SM-A750F) AppleWebKit/537.36 (KHTML, like Gecko) Chrome/95.0.4638.50 Mobile Safari/537.36"
45.115.113.53 - - [20/Mar/2025:10:48:16 +0300] "POST /entry/user_online_status/ HTTP/2" 200 0 "https://network.digitalhubbd.com/" "Mozilla/5.0 (Linux; Android 10; SM-A750F) AppleWebKit/537.36 (KHTML, like Gecko) Chrome/95.0.4638.50 Mobile Safari/537.36"
45.115.113.53 - - [20/Mar/2025:10:48:16 +0300] "POST /web_request/ HTTP/2" 200 217 "https://network.digitalhubbd.com/" "Mozilla/5.0 (Linux; Android 10; SM-A750F) AppleWebKit/537.36 (KHTML, like Gecko) Chrome/95.0.4638.50 Mobile Safari/537.36"
45.115.113.53 - - [20/Mar/2025:10:48:16 +0300] "GET /assets/js/combined_js_chat_page_after_load.js?_=1742451343825 HTTP/2" 200 184763 "https://network.digitalhubbd.com/" "Mozilla/5.0 (Linux; Android 10; SM-A750F) AppleWebKit/537.36 (KHTML, like Gecko) Chrome/95.0.4638.50 Mobile Safari/537.36"
45.115.113.53 - - [20/Mar/2025:10:48:17 +0300] "GET /assets/thirdparty/recordrtc/recordrtc.min.js?_=1742451343826 HTTP/2" 200 17527 "https://network.digitalhubbd.com/" "Mozilla/5.0 (Linux; Android 10; SM-A750F) AppleWebKit/537.36 (KHTML, like Gecko) Chrome/95.0.4638.50 Mobile Safari/537.36"
103.60.175.42 - - [20/Mar/2025:10:48:18 +0300] "POST /realtime_request/ HTTP/1.1" 200 344 "https://network.digitalhubbd.com/prio/chat/" "Mozilla/5.0 (Windows NT 10.0; Win64; x64) AppleWebKit/537.36 (KHTML, like Gecko) Chrome/134.0.0.0 Safari/537.36"
45.115.113.53 - - [20/Mar/2025:10:48:21 +0300] "POST /web_request/ HTTP/2" 200 97 "https://network.digitalhubbd.com/" "Mozilla/5.0 (Linux; Android 10; SM-A750F) AppleWebKit/537.36 (KHTML, like Gecko) Chrome/95.0.4638.50 Mobile Safari/537.36"
45.115.113.53 - - [20/Mar/2025:10:48:22 +0300] "POST /web_request/ HTTP/2" 200 576 "https://network.digitalhubbd.com/" "Mozilla/5.0 (Linux; Android 10; SM-A750F) AppleWebKit/537.36 (KHTML, like Gecko) Chrome/95.0.4638.50 Mobile Safari/537.36"
45.115.113.53 - - [20/Mar/2025:10:48:21 +0300] "POST /realtime_request/ HTTP/2" 200 6 "https://network.digitalhubbd.com/" "Mozilla/5.0 (Linux; Android 10; SM-A750F) AppleWebKit/537.36 (KHTML, like Gecko) Chrome/95.0.4638.50 Mobile Safari/537.36"
45.115.113.53 - - [20/Mar/2025:10:48:23 +0300] "POST /web_request/ HTTP/2" 200 6 "https://network.digitalhubbd.com/" "Mozilla/5.0 (Linux; Android 10; SM-A750F) AppleWebKit/537.36 (KHTML, like Gecko) Chrome/95.0.4638.50 Mobile Safari/537.36"
45.115.113.53 - - [20/Mar/2025:10:48:23 +0300] "POST /web_request/ HTTP/2" 200 2263 "https://network.digitalhubbd.com/" "Mozilla/5.0 (Linux; Android 10; SM-A750F) AppleWebKit/537.36 (KHTML, like Gecko) Chrome/95.0.4638.50 Mobile Safari/537.36"
103.60.175.42 - - [20/Mar/2025:10:48:24 +0300] "POST /realtime_request/ HTTP/1.1" 200 371 "https://network.digitalhubbd.com/prio/chat/" "Mozilla/5.0 (Windows NT 10.0; Win64; x64) AppleWebKit/537.36 (KHTML, like Gecko) Chrome/134.0.0.0 Safari/537.36"
45.115.113.53 - - [20/Mar/2025:10:48:25 +0300] "POST /web_request/ HTTP/2" 200 20 "https://network.digitalhubbd.com/jp_asher/chat/" "Mozilla/5.0 (Linux; Android 10; SM-A750F) AppleWebKit/537.36 (KHTML, like Gecko) Chrome/95.0.4638.50 Mobile Safari/537.36"
45.115.113.53 - - [20/Mar/2025:10:48:28 +0300] "POST /web_request/ HTTP/2" 200 738 "https://network.digitalhubbd.com/jp_asher/chat/" "Mozilla/5.0 (Linux; Android 10; SM-A750F) AppleWebKit/537.36 (KHTML, like Gecko) Chrome/95.0.4638.50 Mobile Safari/537.36"
45.115.113.53 - - [20/Mar/2025:10:48:26 +0300] "POST /realtime_request/ HTTP/2" 200 332 "https://network.digitalhubbd.com/jp_asher/chat/" "Mozilla/5.0 (Linux; Android 10; SM-A750F) AppleWebKit/537.36 (KHTML, like Gecko) Chrome/95.0.4638.50 Mobile Safari/537.36"
103.60.175.42 - - [20/Mar/2025:10:48:28 +0300] "POST /realtime_request/ HTTP/1.1" 200 725 "https://network.digitalhubbd.com/prio/chat/" "Mozilla/5.0 (Windows NT 10.0; Win64; x64) AppleWebKit/537.36 (KHTML, like Gecko) Chrome/134.0.0.0 Safari/537.36"
103.60.175.42 - - [20/Mar/2025:10:48:29 +0300] "GET /assets/files/defaults/favicon.png?cache=1736346627 HTTP/1.1" 200 2967 "https://network.digitalhubbd.com/prio/chat/" "Mozilla/5.0 (Windows NT 10.0; Win64; x64) AppleWebKit/537.36 (KHTML, like Gecko) Chrome/134.0.0.0 Safari/537.36"
45.115.113.53 - - [20/Mar/2025:10:48:30 +0300] "POST /web_request/ HTTP/2" 200 20 "https://network.digitalhubbd.com/jp_asher/chat/" "Mozilla/5.0 (Linux; Android 10; SM-A750F) AppleWebKit/537.36 (KHTML, like Gecko) Chrome/95.0.4638.50 Mobile Safari/537.36"
45.115.113.53 - - [20/Mar/2025:10:48:32 +0300] "POST /web_request/ HTTP/2" 200 733 "https://network.digitalhubbd.com/jp_asher/chat/" "Mozilla/5.0 (Linux; Android 10; SM-A750F) AppleWebKit/537.36 (KHTML, like Gecko) Chrome/95.0.4638.50 Mobile Safari/537.36"
103.60.175.42 - - [20/Mar/2025:10:48:32 +0300] "POST /realtime_request/ HTTP/1.1" 200 717 "https://network.digitalhubbd.com/prio/chat/" "Mozilla/5.0 (Windows NT 10.0; Win64; x64) AppleWebKit/537.36 (KHTML, like Gecko) Chrome/134.0.0.0 Safari/537.36"
45.115.113.53 - - [20/Mar/2025:10:48:32 +0300] "POST /realtime_request/ HTTP/2" 200 752 "https://network.digitalhubbd.com/jp_asher/chat/" "Mozilla/5.0 (Linux; Android 10; SM-A750F) AppleWebKit/537.36 (KHTML, like Gecko) Chrome/95.0.4638.50 Mobile Safari/537.36"
103.60.175.42 - - [20/Mar/2025:10:48:35 +0300] "POST /realtime_request/ HTTP/1.1" 200 344 "https://network.digitalhubbd.com/prio/chat/" "Mozilla/5.0 (Windows NT 10.0; Win64; x64) AppleWebKit/537.36 (KHTML, like Gecko) Chrome/134.0.0.0 Safari/537.36"
45.115.113.53 - - [20/Mar/2025:10:48:35 +0300] "POST /realtime_request/ HTTP/2" 200 332 "https://network.digitalhubbd.com/jp_asher/chat/" "Mozilla/5.0 (Linux; Android 10; SM-A750F) AppleWebKit/537.36 (KHTML, like Gecko) Chrome/95.0.4638.50 Mobile Safari/537.36"
45.115.113.53 - - [20/Mar/2025:10:48:38 +0300] "POST /entry/user_online_status/ HTTP/2" 200 0 "https://network.digitalhubbd.com/jp_asher/chat/" "Mozilla/5.0 (Linux; Android 10; SM-A750F) AppleWebKit/537.36 (KHTML, like Gecko) Chrome/95.0.4638.50 Mobile Safari/537.36"
103.60.175.42 - - [20/Mar/2025:10:48:41 +0300] "POST /realtime_request/ HTTP/1.1" 200 344 "https://network.digitalhubbd.com/prio/chat/" "Mozilla/5.0 (Windows NT 10.0; Win64; x64) AppleWebKit/537.36 (KHTML, like Gecko) Chrome/134.0.0.0 Safari/537.36"
103.60.175.42 - - [20/Mar/2025:10:48:47 +0300] "POST /realtime_request/ HTTP/1.1" 200 344 "https://network.digitalhubbd.com/prio/chat/" "Mozilla/5.0 (Windows NT 10.0; Win64; x64) AppleWebKit/537.36 (KHTML, like Gecko) Chrome/134.0.0.0 Safari/537.36"
103.60.175.42 - - [20/Mar/2025:10:48:52 +0300] "POST /realtime_request/ HTTP/1.1" 200 344 "https://network.digitalhubbd.com/prio/chat/" "Mozilla/5.0 (Windows NT 10.0; Win64; x64) AppleWebKit/537.36 (KHTML, like Gecko) Chrome/134.0.0.0 Safari/537.36"
45.115.113.53 - - [20/Mar/2025:10:48:55 +0300] "POST /entry/user_online_status/ HTTP/2" 200 0 "https://network.digitalhubbd.com/jp_asher/chat/" "Mozilla/5.0 (Linux; Android 10; SM-A750F) AppleWebKit/537.36 (KHTML, like Gecko) Chrome/95.0.4638.50 Mobile Safari/537.36"
45.115.113.53 - - [20/Mar/2025:10:48:55 +0300] "POST /realtime_request/ HTTP/2" 200 332 "https://network.digitalhubbd.com/jp_asher/chat/" "Mozilla/5.0 (Linux; Android 10; SM-A750F) AppleWebKit/537.36 (KHTML, like Gecko) Chrome/95.0.4638.50 Mobile Safari/537.36"
45.115.113.53 - - [20/Mar/2025:10:48:58 +0300] "GET /assets/files/defaults/uploading_files.png HTTP/2" 200 10330 "https://network.digitalhubbd.com/jp_asher/chat/" "Mozilla/5.0 (Linux; Android 10; SM-A750F) AppleWebKit/537.36 (KHTML, like Gecko) Chrome/95.0.4638.50 Mobile Safari/537.36"
45.115.113.53 - - [20/Mar/2025:10:48:58 +0300] "POST /web_request/ HTTP/2" 200 830 "https://network.digitalhubbd.com/jp_asher/chat/" "Mozilla/5.0 (Linux; Android 10; SM-A750F) AppleWebKit/537.36 (KHTML, like Gecko) Chrome/95.0.4638.50 Mobile Safari/537.36"
45.115.113.53 - - [20/Mar/2025:10:48:59 +0300] "GET /assets/files/storage/8/thumbnails/Jw3vrZ-gr-Screenshot_20250320-064839.png HTTP/2" 200 53220 "https://network.digitalhubbd.com/jp_asher/chat/" "Mozilla/5.0 (Linux; Android 10; SM-A750F) AppleWebKit/537.36 (KHTML, like Gecko) Chrome/95.0.4638.50 Mobile Safari/537.36"
45.115.113.53 - - [20/Mar/2025:10:48:59 +0300] "POST /web_request/ HTTP/2" 200 20 "https://network.digitalhubbd.com/jp_asher/chat/" "Mozilla/5.0 (Linux; Android 10; SM-A750F) AppleWebKit/537.36 (KHTML, like Gecko) Chrome/95.0.4638.50 Mobile Safari/537.36"
103.60.175.42 - - [20/Mar/2025:10:48:57 +0300] "POST /realtime_request/ HTTP/1.1" 200 344 "https://network.digitalhubbd.com/prio/chat/" "Mozilla/5.0 (Windows NT 10.0; Win64; x64) AppleWebKit/537.36 (KHTML, like Gecko) Chrome/134.0.0.0 Safari/537.36"
45.115.113.53 - - [20/Mar/2025:10:49:00 +0300] "POST /realtime_request/ HTTP/2" 200 332 "https://network.digitalhubbd.com/jp_asher/chat/" "Mozilla/5.0 (Linux; Android 10; SM-A750F) AppleWebKit/537.36 (KHTML, like Gecko) Chrome/95.0.4638.50 Mobile Safari/537.36"
45.115.113.53 - - [20/Mar/2025:10:49:02 +0300] "POST /web_request/ HTTP/2" 200 732 "https://network.digitalhubbd.com/jp_asher/chat/" "Mozilla/5.0 (Linux; Android 10; SM-A750F) AppleWebKit/537.36 (KHTML, like Gecko) Chrome/95.0.4638.50 Mobile Safari/537.36"
103.60.175.42 - - [20/Mar/2025:10:49:03 +0300] "POST /realtime_request/ HTTP/1.1" 200 862 "https://network.digitalhubbd.com/prio/chat/" "Mozilla/5.0 (Windows NT 10.0; Win64; x64) AppleWebKit/537.36 (KHTML, like Gecko) Chrome/134.0.0.0 Safari/537.36"
103.60.175.42 - - [20/Mar/2025:10:49:03 +0300] "GET /assets/files/storage/8/thumbnails/Jw3vrZ-gr-Screenshot_20250320-064839.png HTTP/1.1" 200 53220 "https://network.digitalhubbd.com/prio/chat/" "Mozilla/5.0 (Windows NT 10.0; Win64; x64) AppleWebKit/537.36 (KHTML, like Gecko) Chrome/134.0.0.0 Safari/537.36"
45.115.113.53 - - [20/Mar/2025:10:49:06 +0300] "POST /realtime_request/ HTTP/2" 200 359 "https://network.digitalhubbd.com/jp_asher/chat/" "Mozilla/5.0 (Linux; Android 10; SM-A750F) AppleWebKit/537.36 (KHTML, like Gecko) Chrome/95.0.4638.50 Mobile Safari/537.36"
103.60.175.42 - - [20/Mar/2025:10:49:06 +0300] "POST /realtime_request/ HTTP/1.1" 200 344 "https://network.digitalhubbd.com/prio/chat/" "Mozilla/5.0 (Windows NT 10.0; Win64; x64) AppleWebKit/537.36 (KHTML, like Gecko) Chrome/134.0.0.0 Safari/537.36"
45.115.113.53 - - [20/Mar/2025:10:49:09 +0300] "POST /realtime_request/ HTTP/2" 200 332 "https://network.digitalhubbd.com/jp_asher/chat/" "Mozilla/5.0 (Linux; Android 10; SM-A750F) AppleWebKit/537.36 (KHTML, like Gecko) Chrome/95.0.4638.50 Mobile Safari/537.36"
103.60.175.42 - - [20/Mar/2025:10:49:11 +0300] "POST /realtime_request/ HTTP/1.1" 200 344 "https://network.digitalhubbd.com/prio/chat/" "Mozilla/5.0 (Windows NT 10.0; Win64; x64) AppleWebKit/537.36 (KHTML, like Gecko) Chrome/134.0.0.0 Safari/537.36"
45.115.113.53 - - [20/Mar/2025:10:49:14 +0300] "POST /entry/user_online_status/ HTTP/2" 200 0 "https://network.digitalhubbd.com/jp_asher/chat/" "Mozilla/5.0 (Linux; Android 10; SM-A750F) AppleWebKit/537.36 (KHTML, like Gecko) Chrome/95.0.4638.50 Mobile Safari/537.36"
45.115.113.53 - - [20/Mar/2025:10:49:14 +0300] "POST /entry/user_online_status/ HTTP/2" 200 0 "https://network.digitalhubbd.com/jp_asher/chat/" "Mozilla/5.0 (Linux; Android 10; SM-A750F) AppleWebKit/537.36 (KHTML, like Gecko) Chrome/95.0.4638.50 Mobile Safari/537.36"
103.60.175.42 - - [20/Mar/2025:10:49:15 +0300] "GET /assets/files/storage/8/files/Jw3vrZ-gr-Screenshot_20250320-064839.png HTTP/1.1" 200 338508 "https://network.digitalhubbd.com/prio/chat/" "Mozilla/5.0 (Windows NT 10.0; Win64; x64) AppleWebKit/537.36 (KHTML, like Gecko) Chrome/134.0.0.0 Safari/537.36"
45.115.113.53 - - [20/Mar/2025:10:49:16 +0300] "POST /web_request/ HTTP/2" 200 828 "https://network.digitalhubbd.com/jp_asher/chat/" "Mozilla/5.0 (Linux; Android 10; SM-A750F) AppleWebKit/537.36 (KHTML, like Gecko) Chrome/95.0.4638.50 Mobile Safari/537.36"
45.115.113.53 - - [20/Mar/2025:10:49:16 +0300] "GET /assets/files/storage/8/thumbnails/C3BSzR-gr-FB_IMG_1742449469459.jpg HTTP/2" 200 8056 "https://network.digitalhubbd.com/jp_asher/chat/" "Mozilla/5.0 (Linux; Android 10; SM-A750F) AppleWebKit/537.36 (KHTML, like Gecko) Chrome/95.0.4638.50 Mobile Safari/537.36"
103.60.175.42 - - [20/Mar/2025:10:49:17 +0300] "POST /realtime_request/ HTTP/1.1" 200 824 "https://network.digitalhubbd.com/prio/chat/" "Mozilla/5.0 (Windows NT 10.0; Win64; x64) AppleWebKit/537.36 (KHTML, like Gecko) Chrome/134.0.0.0 Safari/537.36"
103.60.175.42 - - [20/Mar/2025:10:49:17 +0300] "GET /assets/files/storage/8/thumbnails/C3BSzR-gr-FB_IMG_1742449469459.jpg HTTP/1.1" 200 8056 "https://network.digitalhubbd.com/prio/chat/" "Mozilla/5.0 (Windows NT 10.0; Win64; x64) AppleWebKit/537.36 (KHTML, like Gecko) Chrome/134.0.0.0 Safari/537.36"
45.115.113.53 - - [20/Mar/2025:10:49:19 +0300] "POST /realtime_request/ HTTP/2" 200 359 "https://network.digitalhubbd.com/jp_asher/chat/" "Mozilla/5.0 (Linux; Android 10; SM-A750F) AppleWebKit/537.36 (KHTML, like Gecko) Chrome/95.0.4638.50 Mobile Safari/537.36"
103.60.175.42 - - [20/Mar/2025:10:49:20 +0300] "POST /realtime_request/ HTTP/1.1" 200 344 "https://network.digitalhubbd.com/prio/chat/" "Mozilla/5.0 (Windows NT 10.0; Win64; x64) AppleWebKit/537.36 (KHTML, like Gecko) Chrome/134.0.0.0 Safari/537.36"
45.115.113.53 - - [20/Mar/2025:10:49:22 +0300] "POST /realtime_request/ HTTP/2" 200 332 "https://network.digitalhubbd.com/jp_asher/chat/" "Mozilla/5.0 (Linux; Android 10; SM-A750F) AppleWebKit/537.36 (KHTML, like Gecko) Chrome/95.0.4638.50 Mobile Safari/537.36"
103.60.175.42 - - [20/Mar/2025:10:49:25 +0300] "POST /realtime_request/ HTTP/1.1" 200 344 "https://network.digitalhubbd.com/prio/chat/" "Mozilla/5.0 (Windows NT 10.0; Win64; x64) AppleWebKit/537.36 (KHTML, like Gecko) Chrome/134.0.0.0 Safari/537.36"
45.115.113.53 - - [20/Mar/2025:10:49:28 +0300] "POST /realtime_request/ HTTP/2" 200 332 "https://network.digitalhubbd.com/jp_asher/chat/" "Mozilla/5.0 (Linux; Android 10; SM-A750F) AppleWebKit/537.36 (KHTML, like Gecko) Chrome/95.0.4638.50 Mobile Safari/537.36"
103.60.175.42 - - [20/Mar/2025:10:49:31 +0300] "POST /web_request/ HTTP/1.1" 200 20 "https://network.digitalhubbd.com/prio/chat/" "Mozilla/5.0 (Windows NT 10.0; Win64; x64) AppleWebKit/537.36 (KHTML, like Gecko) Chrome/134.0.0.0 Safari/537.36"
103.60.175.42 - - [20/Mar/2025:10:49:31 +0300] "POST /realtime_request/ HTTP/1.1" 200 344 "https://network.digitalhubbd.com/prio/chat/" "Mozilla/5.0 (Windows NT 10.0; Win64; x64) AppleWebKit/537.36 (KHTML, like Gecko) Chrome/134.0.0.0 Safari/537.36"
45.115.113.53 - - [20/Mar/2025:10:49:33 +0300] "POST /realtime_request/ HTTP/2" 200 366 "https://network.digitalhubbd.com/jp_asher/chat/" "Mozilla/5.0 (Linux; Android 10; SM-A750F) AppleWebKit/537.36 (KHTML, like Gecko) Chrome/95.0.4638.50 Mobile Safari/537.36"
103.60.175.42 - - [20/Mar/2025:10:49:35 +0300] "POST /web_request/ HTTP/1.1" 200 20 "https://network.digitalhubbd.com/prio/chat/" "Mozilla/5.0 (Windows NT 10.0; Win64; x64) AppleWebKit/537.36 (KHTML, like Gecko) Chrome/134.0.0.0 Safari/537.36"
103.60.175.42 - - [20/Mar/2025:10:49:35 +0300] "POST /web_request/ HTTP/1.1" 200 781 "https://network.digitalhubbd.com/prio/chat/" "Mozilla/5.0 (Windows NT 10.0; Win64; x64) AppleWebKit/537.36 (KHTML, like Gecko) Chrome/134.0.0.0 Safari/537.36"
45.115.113.53 - - [20/Mar/2025:10:49:36 +0300] "POST /realtime_request/ HTTP/2" 200 651 "https://network.digitalhubbd.com/jp_asher/chat/" "Mozilla/5.0 (Linux; Android 10; SM-A750F) AppleWebKit/537.36 (KHTML, like Gecko) Chrome/95.0.4638.50 Mobile Safari/537.36"
103.60.175.42 - - [20/Mar/2025:10:49:36 +0300] "POST /realtime_request/ HTTP/1.1" 200 369 "https://network.digitalhubbd.com/prio/chat/" "Mozilla/5.0 (Windows NT 10.0; Win64; x64) AppleWebKit/537.36 (KHTML, like Gecko) Chrome/134.0.0.0 Safari/537.36"
103.60.175.42 - - [20/Mar/2025:10:49:42 +0300] "POST /web_request/ HTTP/1.1" 200 20 "https://network.digitalhubbd.com/prio/chat/" "Mozilla/5.0 (Windows NT 10.0; Win64; x64) AppleWebKit/537.36 (KHTML, like Gecko) Chrome/134.0.0.0 Safari/537.36"
103.60.175.42 - - [20/Mar/2025:10:49:42 +0300] "POST /web_request/ HTTP/1.1" 200 770 "https://network.digitalhubbd.com/prio/chat/" "Mozilla/5.0 (Windows NT 10.0; Win64; x64) AppleWebKit/537.36 (KHTML, like Gecko) Chrome/134.0.0.0 Safari/537.36"
103.60.175.42 - - [20/Mar/2025:10:49:41 +0300] "POST /realtime_request/ HTTP/1.1" 200 774 "https://network.digitalhubbd.com/prio/chat/" "Mozilla/5.0 (Windows NT 10.0; Win64; x64) AppleWebKit/537.36 (KHTML, like Gecko) Chrome/134.0.0.0 Safari/537.36"
45.115.113.53 - - [20/Mar/2025:10:49:40 +0300] "POST /realtime_request/ HTTP/2" 200 332 "https://network.digitalhubbd.com/jp_asher/chat/" "Mozilla/5.0 (Linux; Android 10; SM-A750F) AppleWebKit/537.36 (KHTML, like Gecko) Chrome/95.0.4638.50 Mobile Safari/537.36"
45.115.113.53 - - [20/Mar/2025:10:49:44 +0300] "POST /web_request/ HTTP/2" 200 20 "https://network.digitalhubbd.com/jp_asher/chat/" "Mozilla/5.0 (Linux; Android 10; SM-A750F) AppleWebKit/537.36 (KHTML, like Gecko) Chrome/95.0.4638.50 Mobile Safari/537.36"
103.60.175.42 - - [20/Mar/2025:10:49:45 +0300] "POST /realtime_request/ HTTP/1.1" 200 377 "https://network.digitalhubbd.com/prio/chat/" "Mozilla/5.0 (Windows NT 10.0; Win64; x64) AppleWebKit/537.36 (KHTML, like Gecko) Chrome/134.0.0.0 Safari/537.36"
45.115.113.53 - - [20/Mar/2025:10:49:45 +0300] "POST /web_request/ HTTP/2" 200 727 "https://network.digitalhubbd.com/jp_asher/chat/" "Mozilla/5.0 (Linux; Android 10; SM-A750F) AppleWebKit/537.36 (KHTML, like Gecko) Chrome/95.0.4638.50 Mobile Safari/537.36"
45.115.113.53 - - [20/Mar/2025:10:49:45 +0300] "POST /realtime_request/ HTTP/2" 200 821 "https://network.digitalhubbd.com/jp_asher/chat/" "Mozilla/5.0 (Linux; Android 10; SM-A750F) AppleWebKit/537.36 (KHTML, like Gecko) Chrome/95.0.4638.50 Mobile Safari/537.36"
103.60.175.42 - - [20/Mar/2025:10:49:48 +0300] "POST /realtime_request/ HTTP/1.1" 200 759 "https://network.digitalhubbd.com/prio/chat/" "Mozilla/5.0 (Windows NT 10.0; Win64; x64) AppleWebKit/537.36 (KHTML, like Gecko) Chrome/134.0.0.0 Safari/537.36"
45.115.113.53 - - [20/Mar/2025:10:49:49 +0300] "POST /realtime_request/ HTTP/2" 200 359 "https://network.digitalhubbd.com/jp_asher/chat/" "Mozilla/5.0 (Linux; Android 10; SM-A750F) AppleWebKit/537.36 (KHTML, like Gecko) Chrome/95.0.4638.50 Mobile Safari/537.36"
103.60.175.42 - - [20/Mar/2025:10:49:52 +0300] "POST /realtime_request/ HTTP/1.1" 200 344 "https://network.digitalhubbd.com/prio/chat/" "Mozilla/5.0 (Windows NT 10.0; Win64; x64) AppleWebKit/537.36 (KHTML, like Gecko) Chrome/134.0.0.0 Safari/537.36"
103.60.175.42 - - [20/Mar/2025:10:49:57 +0300] "POST /realtime_request/ HTTP/1.1" 200 344 "https://network.digitalhubbd.com/prio/chat/" "Mozilla/5.0 (Windows NT 10.0; Win64; x64) AppleWebKit/537.36 (KHTML, like Gecko) Chrome/134.0.0.0 Safari/537.36"
103.60.175.42 - - [20/Mar/2025:10:50:02 +0300] "POST /realtime_request/ HTTP/1.1" 200 344 "https://network.digitalhubbd.com/prio/chat/" "Mozilla/5.0 (Windows NT 10.0; Win64; x64) AppleWebKit/537.36 (KHTML, like Gecko) Chrome/134.0.0.0 Safari/537.36"
103.60.175.42 - - [20/Mar/2025:10:50:05 +0300] "POST /web_request/ HTTP/1.1" 200 20 "https://network.digitalhubbd.com/prio/chat/" "Mozilla/5.0 (Windows NT 10.0; Win64; x64) AppleWebKit/537.36 (KHTML, like Gecko) Chrome/134.0.0.0 Safari/537.36"
103.60.175.42 - - [20/Mar/2025:10:50:07 +0300] "POST /web_request/ HTTP/1.1" 200 20 "https://network.digitalhubbd.com/prio/chat/" "Mozilla/5.0 (Windows NT 10.0; Win64; x64) AppleWebKit/537.36 (KHTML, like Gecko) Chrome/134.0.0.0 Safari/537.36"
103.60.175.42 - - [20/Mar/2025:10:50:07 +0300] "POST /web_request/ HTTP/1.1" 200 734 "https://network.digitalhubbd.com/prio/chat/" "Mozilla/5.0 (Windows NT 10.0; Win64; x64) AppleWebKit/537.36 (KHTML, like Gecko) Chrome/134.0.0.0 Safari/537.36"
103.60.175.42 - - [20/Mar/2025:10:50:08 +0300] "POST /realtime_request/ HTTP/1.1" 200 344 "https://network.digitalhubbd.com/prio/chat/" "Mozilla/5.0 (Windows NT 10.0; Win64; x64) AppleWebKit/537.36 (KHTML, like Gecko) Chrome/134.0.0.0 Safari/537.36"
103.60.175.42 - - [20/Mar/2025:10:50:13 +0300] "POST /realtime_request/ HTTP/1.1" 200 344 "https://network.digitalhubbd.com/prio/chat/" "Mozilla/5.0 (Windows NT 10.0; Win64; x64) AppleWebKit/537.36 (KHTML, like Gecko) Chrome/134.0.0.0 Safari/537.36"
103.60.175.42 - - [20/Mar/2025:10:50:18 +0300] "POST /realtime_request/ HTTP/1.1" 200 344 "https://network.digitalhubbd.com/prio/chat/" "Mozilla/5.0 (Windows NT 10.0; Win64; x64) AppleWebKit/537.36 (KHTML, like Gecko) Chrome/134.0.0.0 Safari/537.36"
103.60.175.42 - - [20/Mar/2025:10:50:25 +0300] "POST /realtime_request/ HTTP/1.1" 200 344 "https://network.digitalhubbd.com/prio/chat/" "Mozilla/5.0 (Windows NT 10.0; Win64; x64) AppleWebKit/537.36 (KHTML, like Gecko) Chrome/134.0.0.0 Safari/537.36"
103.60.175.42 - - [20/Mar/2025:10:50:30 +0300] "POST /realtime_request/ HTTP/1.1" 200 344 "https://network.digitalhubbd.com/prio/chat/" "Mozilla/5.0 (Windows NT 10.0; Win64; x64) AppleWebKit/537.36 (KHTML, like Gecko) Chrome/134.0.0.0 Safari/537.36"
103.60.175.42 - - [20/Mar/2025:10:50:37 +0300] "POST /realtime_request/ HTTP/1.1" 200 344 "https://network.digitalhubbd.com/prio/chat/" "Mozilla/5.0 (Windows NT 10.0; Win64; x64) AppleWebKit/537.36 (KHTML, like Gecko) Chrome/134.0.0.0 Safari/537.36"
45.115.113.53 - - [20/Mar/2025:10:50:42 +0300] "POST /entry/user_online_status/ HTTP/2" 200 0 "https://network.digitalhubbd.com/jp_asher/chat/" "Mozilla/5.0 (Linux; Android 10; SM-A750F) AppleWebKit/537.36 (KHTML, like Gecko) Chrome/95.0.4638.50 Mobile Safari/537.36"
45.115.113.53 - - [20/Mar/2025:10:50:42 +0300] "POST /entry/user_online_status/ HTTP/2" 200 0 "https://network.digitalhubbd.com/jp_asher/chat/" "Mozilla/5.0 (Linux; Android 10; SM-A750F) AppleWebKit/537.36 (KHTML, like Gecko) Chrome/95.0.4638.50 Mobile Safari/537.36"
45.115.113.53 - - [20/Mar/2025:10:50:42 +0300] "POST /realtime_request/ HTTP/2" 200 574 "https://network.digitalhubbd.com/jp_asher/chat/" "Mozilla/5.0 (Linux; Android 10; SM-A750F) AppleWebKit/537.36 (KHTML, like Gecko) Chrome/95.0.4638.50 Mobile Safari/537.36"
103.60.175.42 - - [20/Mar/2025:10:50:42 +0300] "POST /realtime_request/ HTTP/1.1" 200 369 "https://network.digitalhubbd.com/prio/chat/" "Mozilla/5.0 (Windows NT 10.0; Win64; x64) AppleWebKit/537.36 (KHTML, like Gecko) Chrome/134.0.0.0 Safari/537.36"
45.115.113.53 - - [20/Mar/2025:10:50:46 +0300] "POST /realtime_request/ HTTP/2" 200 332 "https://network.digitalhubbd.com/jp_asher/chat/" "Mozilla/5.0 (Linux; Android 10; SM-A750F) AppleWebKit/537.36 (KHTML, like Gecko) Chrome/95.0.4638.50 Mobile Safari/537.36"
103.60.175.42 - - [20/Mar/2025:10:50:46 +0300] "POST /realtime_request/ HTTP/1.1" 200 344 "https://network.digitalhubbd.com/prio/chat/" "Mozilla/5.0 (Windows NT 10.0; Win64; x64) AppleWebKit/537.36 (KHTML, like Gecko) Chrome/134.0.0.0 Safari/537.36"
45.115.113.53 - - [20/Mar/2025:10:50:51 +0300] "POST /realtime_request/ HTTP/2" 200 332 "https://network.digitalhubbd.com/jp_asher/chat/" "Mozilla/5.0 (Linux; Android 10; SM-A750F) AppleWebKit/537.36 (KHTML, like Gecko) Chrome/95.0.4638.50 Mobile Safari/537.36"
103.60.175.42 - - [20/Mar/2025:10:50:52 +0300] "POST /realtime_request/ HTTP/1.1" 200 344 "https://network.digitalhubbd.com/prio/chat/" "Mozilla/5.0 (Windows NT 10.0; Win64; x64) AppleWebKit/537.36 (KHTML, like Gecko) Chrome/134.0.0.0 Safari/537.36"
45.115.113.53 - - [20/Mar/2025:10:50:57 +0300] "POST /realtime_request/ HTTP/2" 200 332 "https://network.digitalhubbd.com/jp_asher/chat/" "Mozilla/5.0 (Linux; Android 10; SM-A750F) AppleWebKit/537.36 (KHTML, like Gecko) Chrome/95.0.4638.50 Mobile Safari/537.36"
103.60.175.42 - - [20/Mar/2025:10:50:58 +0300] "POST /realtime_request/ HTTP/1.1" 200 344 "https://network.digitalhubbd.com/prio/chat/" "Mozilla/5.0 (Windows NT 10.0; Win64; x64) AppleWebKit/537.36 (KHTML, like Gecko) Chrome/134.0.0.0 Safari/537.36"
45.115.113.53 - - [20/Mar/2025:10:51:02 +0300] "POST /web_request/ HTTP/2" 200 20 "https://network.digitalhubbd.com/jp_asher/chat/" "Mozilla/5.0 (Linux; Android 10; SM-A750F) AppleWebKit/537.36 (KHTML, like Gecko) Chrome/95.0.4638.50 Mobile Safari/537.36"
103.60.175.42 - - [20/Mar/2025:10:51:04 +0300] "POST /realtime_request/ HTTP/1.1" 200 377 "https://network.digitalhubbd.com/prio/chat/" "Mozilla/5.0 (Windows NT 10.0; Win64; x64) AppleWebKit/537.36 (KHTML, like Gecko) Chrome/134.0.0.0 Safari/537.36"
45.115.113.53 - - [20/Mar/2025:10:51:03 +0300] "POST /realtime_request/ HTTP/2" 200 332 "https://network.digitalhubbd.com/jp_asher/chat/" "Mozilla/5.0 (Linux; Android 10; SM-A750F) AppleWebKit/537.36 (KHTML, like Gecko) Chrome/95.0.4638.50 Mobile Safari/537.36"
103.60.175.42 - - [20/Mar/2025:10:51:08 +0300] "POST /realtime_request/ HTTP/1.1" 200 344 "https://network.digitalhubbd.com/prio/chat/" "Mozilla/5.0 (Windows NT 10.0; Win64; x64) AppleWebKit/537.36 (KHTML, like Gecko) Chrome/134.0.0.0 Safari/537.36"
45.115.113.53 - - [20/Mar/2025:10:51:08 +0300] "POST /realtime_request/ HTTP/2" 200 332 "https://network.digitalhubbd.com/jp_asher/chat/" "Mozilla/5.0 (Linux; Android 10; SM-A750F) AppleWebKit/537.36 (KHTML, like Gecko) Chrome/95.0.4638.50 Mobile Safari/537.36"
45.115.113.53 - - [20/Mar/2025:10:51:12 +0300] "POST /web_request/ HTTP/2" 200 20 "https://network.digitalhubbd.com/jp_asher/chat/" "Mozilla/5.0 (Linux; Android 10; SM-A750F) AppleWebKit/537.36 (KHTML, like Gecko) Chrome/95.0.4638.50 Mobile Safari/537.36"
103.60.175.42 - - [20/Mar/2025:10:51:13 +0300] "POST /realtime_request/ HTTP/1.1" 200 344 "https://network.digitalhubbd.com/prio/chat/" "Mozilla/5.0 (Windows NT 10.0; Win64; x64) AppleWebKit/537.36 (KHTML, like Gecko) Chrome/134.0.0.0 Safari/537.36"
45.115.113.53 - - [20/Mar/2025:10:51:13 +0300] "POST /realtime_request/ HTTP/2" 200 332 "https://network.digitalhubbd.com/jp_asher/chat/" "Mozilla/5.0 (Linux; Android 10; SM-A750F) AppleWebKit/537.36 (KHTML, like Gecko) Chrome/95.0.4638.50 Mobile Safari/537.36"
103.60.175.42 - - [20/Mar/2025:10:51:18 +0300] "POST /realtime_request/ HTTP/1.1" 200 344 "https://network.digitalhubbd.com/prio/chat/" "Mozilla/5.0 (Windows NT 10.0; Win64; x64) AppleWebKit/537.36 (KHTML, like Gecko) Chrome/134.0.0.0 Safari/537.36"
45.115.113.53 - - [20/Mar/2025:10:51:19 +0300] "POST /realtime_request/ HTTP/2" 200 332 "https://network.digitalhubbd.com/jp_asher/chat/" "Mozilla/5.0 (Linux; Android 10; SM-A750F) AppleWebKit/537.36 (KHTML, like Gecko) Chrome/95.0.4638.50 Mobile Safari/537.36"
45.115.113.53 - - [20/Mar/2025:10:51:23 +0300] "POST /web_request/ HTTP/2" 200 20 "https://network.digitalhubbd.com/jp_asher/chat/" "Mozilla/5.0 (Linux; Android 10; SM-A750F) AppleWebKit/537.36 (KHTML, like Gecko) Chrome/95.0.4638.50 Mobile Safari/537.36"
103.60.175.42 - - [20/Mar/2025:10:51:24 +0300] "POST /realtime_request/ HTTP/1.1" 200 344 "https://network.digitalhubbd.com/prio/chat/" "Mozilla/5.0 (Windows NT 10.0; Win64; x64) AppleWebKit/537.36 (KHTML, like Gecko) Chrome/134.0.0.0 Safari/537.36"
45.115.113.53 - - [20/Mar/2025:10:51:26 +0300] "POST /web_request/ HTTP/2" 200 930 "https://network.digitalhubbd.com/jp_asher/chat/" "Mozilla/5.0 (Linux; Android 10; SM-A750F) AppleWebKit/537.36 (KHTML, like Gecko) Chrome/95.0.4638.50 Mobile Safari/537.36"
45.115.113.53 - - [20/Mar/2025:10:51:25 +0300] "POST /realtime_request/ HTTP/2" 200 332 "https://network.digitalhubbd.com/jp_asher/chat/" "Mozilla/5.0 (Linux; Android 10; SM-A750F) AppleWebKit/537.36 (KHTML, like Gecko) Chrome/95.0.4638.50 Mobile Safari/537.36"
103.60.175.42 - - [20/Mar/2025:10:51:29 +0300] "POST /realtime_request/ HTTP/1.1" 200 956 "https://network.digitalhubbd.com/prio/chat/" "Mozilla/5.0 (Windows NT 10.0; Win64; x64) AppleWebKit/537.36 (KHTML, like Gecko) Chrome/134.0.0.0 Safari/537.36"
45.115.113.53 - - [20/Mar/2025:10:51:30 +0300] "POST /realtime_request/ HTTP/2" 200 359 "https://network.digitalhubbd.com/jp_asher/chat/" "Mozilla/5.0 (Linux; Android 10; SM-A750F) AppleWebKit/537.36 (KHTML, like Gecko) Chrome/95.0.4638.50 Mobile Safari/537.36"
103.60.175.42 - - [20/Mar/2025:10:51:32 +0300] "POST /realtime_request/ HTTP/1.1" 200 344 "https://network.digitalhubbd.com/prio/chat/" "Mozilla/5.0 (Windows NT 10.0; Win64; x64) AppleWebKit/537.36 (KHTML, like Gecko) Chrome/134.0.0.0 Safari/537.36"
45.115.113.53 - - [20/Mar/2025:10:51:34 +0300] "POST /realtime_request/ HTTP/2" 200 332 "https://network.digitalhubbd.com/jp_asher/chat/" "Mozilla/5.0 (Linux; Android 10; SM-A750F) AppleWebKit/537.36 (KHTML, like Gecko) Chrome/95.0.4638.50 Mobile Safari/537.36"
103.60.175.42 - - [20/Mar/2025:10:51:38 +0300] "POST /realtime_request/ HTTP/1.1" 200 344 "https://network.digitalhubbd.com/prio/chat/" "Mozilla/5.0 (Windows NT 10.0; Win64; x64) AppleWebKit/537.36 (KHTML, like Gecko) Chrome/134.0.0.0 Safari/537.36"
45.115.113.53 - - [20/Mar/2025:10:51:39 +0300] "POST /realtime_request/ HTTP/2" 200 332 "https://network.digitalhubbd.com/jp_asher/chat/" "Mozilla/5.0 (Linux; Android 10; SM-A750F) AppleWebKit/537.36 (KHTML, like Gecko) Chrome/95.0.4638.50 Mobile Safari/537.36"
103.60.175.42 - - [20/Mar/2025:10:51:43 +0300] "POST /realtime_request/ HTTP/1.1" 200 344 "https://network.digitalhubbd.com/prio/chat/" "Mozilla/5.0 (Windows NT 10.0; Win64; x64) AppleWebKit/537.36 (KHTML, like Gecko) Chrome/134.0.0.0 Safari/537.36"
45.115.113.53 - - [20/Mar/2025:10:51:44 +0300] "POST /realtime_request/ HTTP/2" 200 332 "https://network.digitalhubbd.com/jp_asher/chat/" "Mozilla/5.0 (Linux; Android 10; SM-A750F) AppleWebKit/537.36 (KHTML, like Gecko) Chrome/95.0.4638.50 Mobile Safari/537.36"
103.60.175.42 - - [20/Mar/2025:10:51:49 +0300] "POST /web_request/ HTTP/1.1" 200 20 "https://network.digitalhubbd.com/prio/chat/" "Mozilla/5.0 (Windows NT 10.0; Win64; x64) AppleWebKit/537.36 (KHTML, like Gecko) Chrome/134.0.0.0 Safari/537.36"
103.60.175.42 - - [20/Mar/2025:10:51:48 +0300] "POST /realtime_request/ HTTP/1.1" 200 344 "https://network.digitalhubbd.com/prio/chat/" "Mozilla/5.0 (Windows NT 10.0; Win64; x64) AppleWebKit/537.36 (KHTML, like Gecko) Chrome/134.0.0.0 Safari/537.36"
103.60.175.42 - - [20/Mar/2025:10:51:54 +0300] "POST /realtime_request/ HTTP/1.1" 200 344 "https://network.digitalhubbd.com/prio/chat/" "Mozilla/5.0 (Windows NT 10.0; Win64; x64) AppleWebKit/537.36 (KHTML, like Gecko) Chrome/134.0.0.0 Safari/537.36"
103.60.175.42 - - [20/Mar/2025:10:51:59 +0300] "POST /web_request/ HTTP/1.1" 200 20 "https://network.digitalhubbd.com/prio/chat/" "Mozilla/5.0 (Windows NT 10.0; Win64; x64) AppleWebKit/537.36 (KHTML, like Gecko) Chrome/134.0.0.0 Safari/537.36"
103.60.175.42 - - [20/Mar/2025:10:51:59 +0300] "POST /realtime_request/ HTTP/1.1" 200 344 "https://network.digitalhubbd.com/prio/chat/" "Mozilla/5.0 (Windows NT 10.0; Win64; x64) AppleWebKit/537.36 (KHTML, like Gecko) Chrome/134.0.0.0 Safari/537.36"
103.60.175.42 - - [20/Mar/2025:10:52:02 +0300] "POST /web_request/ HTTP/1.1" 200 20 "https://network.digitalhubbd.com/prio/chat/" "Mozilla/5.0 (Windows NT 10.0; Win64; x64) AppleWebKit/537.36 (KHTML, like Gecko) Chrome/134.0.0.0 Safari/537.36"
103.60.175.42 - - [20/Mar/2025:10:52:02 +0300] "POST /web_request/ HTTP/1.1" 200 828 "https://network.digitalhubbd.com/prio/chat/" "Mozilla/5.0 (Windows NT 10.0; Win64; x64) AppleWebKit/537.36 (KHTML, like Gecko) Chrome/134.0.0.0 Safari/537.36"
103.60.175.42 - - [20/Mar/2025:10:52:04 +0300] "POST /realtime_request/ HTTP/1.1" 200 344 "https://network.digitalhubbd.com/prio/chat/" "Mozilla/5.0 (Windows NT 10.0; Win64; x64) AppleWebKit/537.36 (KHTML, like Gecko) Chrome/134.0.0.0 Safari/537.36"
103.60.175.42 - - [20/Mar/2025:10:52:10 +0300] "POST /realtime_request/ HTTP/1.1" 200 350 "https://network.digitalhubbd.com/prio/chat/" "Mozilla/5.0 (Windows NT 10.0; Win64; x64) AppleWebKit/537.36 (KHTML, like Gecko) Chrome/134.0.0.0 Safari/537.36"
103.60.175.42 - - [20/Mar/2025:10:52:12 +0300] "POST /realtime_request/ HTTP/1.1" 200 0 "https://network.digitalhubbd.com/prio/chat/" "Mozilla/5.0 (Windows NT 10.0; Win64; x64) AppleWebKit/537.36 (KHTML, like Gecko) Chrome/134.0.0.0 Safari/537.36"
103.60.175.42 - - [20/Mar/2025:10:52:15 +0300] "POST /realtime_request/ HTTP/1.1" 200 344 "https://network.digitalhubbd.com/prio/chat/" "Mozilla/5.0 (Windows NT 10.0; Win64; x64) AppleWebKit/537.36 (KHTML, like Gecko) Chrome/134.0.0.0 Safari/537.36"
103.60.175.42 - - [20/Mar/2025:10:52:21 +0300] "POST /realtime_request/ HTTP/1.1" 200 344 "https://network.digitalhubbd.com/prio/chat/" "Mozilla/5.0 (Windows NT 10.0; Win64; x64) AppleWebKit/537.36 (KHTML, like Gecko) Chrome/134.0.0.0 Safari/537.36"
103.60.175.42 - - [20/Mar/2025:10:52:26 +0300] "POST /realtime_request/ HTTP/1.1" 200 344 "https://network.digitalhubbd.com/prio/chat/" "Mozilla/5.0 (Windows NT 10.0; Win64; x64) AppleWebKit/537.36 (KHTML, like Gecko) Chrome/134.0.0.0 Safari/537.36"
103.60.175.42 - - [20/Mar/2025:10:52:31 +0300] "POST /realtime_request/ HTTP/1.1" 200 344 "https://network.digitalhubbd.com/prio/chat/" "Mozilla/5.0 (Windows NT 10.0; Win64; x64) AppleWebKit/537.36 (KHTML, like Gecko) Chrome/134.0.0.0 Safari/537.36"
103.60.175.42 - - [20/Mar/2025:10:52:37 +0300] "POST /realtime_request/ HTTP/1.1" 200 344 "https://network.digitalhubbd.com/prio/chat/" "Mozilla/5.0 (Windows NT 10.0; Win64; x64) AppleWebKit/537.36 (KHTML, like Gecko) Chrome/134.0.0.0 Safari/537.36"
103.60.175.42 - - [20/Mar/2025:10:52:42 +0300] "POST /realtime_request/ HTTP/1.1" 200 344 "https://network.digitalhubbd.com/prio/chat/" "Mozilla/5.0 (Windows NT 10.0; Win64; x64) AppleWebKit/537.36 (KHTML, like Gecko) Chrome/134.0.0.0 Safari/537.36"
103.60.175.42 - - [20/Mar/2025:10:52:47 +0300] "POST /realtime_request/ HTTP/1.1" 200 344 "https://network.digitalhubbd.com/prio/chat/" "Mozilla/5.0 (Windows NT 10.0; Win64; x64) AppleWebKit/537.36 (KHTML, like Gecko) Chrome/134.0.0.0 Safari/537.36"
103.60.175.42 - - [20/Mar/2025:10:52:53 +0300] "POST /realtime_request/ HTTP/1.1" 200 344 "https://network.digitalhubbd.com/prio/chat/" "Mozilla/5.0 (Windows NT 10.0; Win64; x64) AppleWebKit/537.36 (KHTML, like Gecko) Chrome/134.0.0.0 Safari/537.36"
103.60.175.42 - - [20/Mar/2025:10:52:58 +0300] "POST /realtime_request/ HTTP/1.1" 200 344 "https://network.digitalhubbd.com/prio/chat/" "Mozilla/5.0 (Windows NT 10.0; Win64; x64) AppleWebKit/537.36 (KHTML, like Gecko) Chrome/134.0.0.0 Safari/537.36"
103.60.175.42 - - [20/Mar/2025:10:53:03 +0300] "POST /realtime_request/ HTTP/1.1" 200 344 "https://network.digitalhubbd.com/prio/chat/" "Mozilla/5.0 (Windows NT 10.0; Win64; x64) AppleWebKit/537.36 (KHTML, like Gecko) Chrome/134.0.0.0 Safari/537.36"
