66.249.68.65 - - [15/Mar/2025:06:18:55 +0300] "GET /shopdetail/4605014 HTTP/1.1" 200 18175 "-" "Mozilla/5.0 (Linux; Android 6.0.1; Nexus 5X Build/MMB29P) AppleWebKit/537.36 (KHTML, like Gecko) Chrome/133.0.6943.141 Mobile Safari/537.36 (compatible; GoogleOther)"
66.249.68.66 - - [15/Mar/2025:06:23:26 +0300] "GET /shopdetail/9456025 HTTP/1.1" 200 19433 "-" "Mozilla/5.0 (Linux; Android 6.0.1; Nexus 5X Build/MMB29P) AppleWebKit/537.36 (KHTML, like Gecko) Chrome/133.0.6943.141 Mobile Safari/537.36 (compatible; GoogleOther)"
66.249.68.65 - - [15/Mar/2025:06:30:10 +0300] "GET /shopdetail/9187658 HTTP/1.1" 200 19886 "-" "Mozilla/5.0 (Linux; Android 6.0.1; Nexus 5X Build/MMB29P) AppleWebKit/537.36 (KHTML, like Gecko) Chrome/133.0.6943.141 Mobile Safari/537.36 (compatible; GoogleOther)"
66.249.68.65 - - [15/Mar/2025:06:14:23 +0300] "POST /get-message-notify HTTP/1.1" 200 18048 "https://digitalhubbd.com/shopdetail/16335303" "Mozilla/5.0 (Linux; Android 6.0.1; Nexus 5X Build/MMB29P) AppleWebKit/537.36 (KHTML, like Gecko) Chrome/133.0.6943.141 Mobile Safari/537.36 (compatible; Googlebot/2.1; +http://www.google.com/bot.html)"
66.249.68.65 - - [15/Mar/2025:06:18:18 +0300] "POST /get-message-notify HTTP/1.1" 200 18048 "https://digitalhubbd.com/shopdetail/7776336" "Mozilla/5.0 (Linux; Android 6.0.1; Nexus 5X Build/MMB29P) AppleWebKit/537.36 (KHTML, like Gecko) Chrome/133.0.6943.141 Mobile Safari/537.36 (compatible; Googlebot/2.1; +http://www.google.com/bot.html)"
66.249.68.65 - - [15/Mar/2025:06:27:22 +0300] "POST /get-message-notify HTTP/1.1" 200 18048 "https://digitalhubbd.com/shopdetail/8643770" "Mozilla/5.0 (Linux; Android 6.0.1; Nexus 5X Build/MMB29P) AppleWebKit/537.36 (KHTML, like Gecko) Chrome/133.0.6943.141 Mobile Safari/537.36 (compatible; Googlebot/2.1; +http://www.google.com/bot.html)"
66.249.68.65 - - [15/Mar/2025:06:28:20 +0300] "POST /get-message-notify HTTP/1.1" 200 18048 "https://digitalhubbd.com/shopdetail/7810547" "Mozilla/5.0 (Linux; Android 6.0.1; Nexus 5X Build/MMB29P) AppleWebKit/537.36 (KHTML, like Gecko) Chrome/133.0.6943.141 Mobile Safari/537.36 (compatible; Googlebot/2.1; +http://www.google.com/bot.html)"
66.249.68.65 - - [15/Mar/2025:06:32:18 +0300] "GET /shopdetail/9605147 HTTP/1.1" 200 18116 "-" "Mozilla/5.0 (Linux; Android 6.0.1; Nexus 5X Build/MMB29P) AppleWebKit/537.36 (KHTML, like Gecko) Chrome/133.0.6943.141 Mobile Safari/537.36 (compatible; GoogleOther)"
66.249.68.67 - - [15/Mar/2025:06:34:17 +0300] "GET /shopdetail/13862958 HTTP/1.1" 200 19152 "-" "Mozilla/5.0 (Linux; Android 6.0.1; Nexus 5X Build/MMB29P) AppleWebKit/537.36 (KHTML, like Gecko) Chrome/133.0.6943.141 Mobile Safari/537.36 (compatible; Googlebot/2.1; +http://www.google.com/bot.html)"
66.249.68.65 - - [15/Mar/2025:06:38:18 +0300] "GET /shopdetail/7247214 HTTP/1.1" 200 18631 "-" "Mozilla/5.0 (Linux; Android 6.0.1; Nexus 5X Build/MMB29P) AppleWebKit/537.36 (KHTML, like Gecko) Chrome/133.0.6943.141 Mobile Safari/537.36 (compatible; GoogleOther)"
66.249.68.65 - - [15/Mar/2025:06:43:40 +0300] "GET /shopdetail/10428169 HTTP/1.1" 200 18521 "-" "Mozilla/5.0 (Linux; Android 6.0.1; Nexus 5X Build/MMB29P) AppleWebKit/537.36 (KHTML, like Gecko) Chrome/133.0.6943.141 Mobile Safari/537.36 (compatible; Googlebot/2.1; +http://www.google.com/bot.html)"
66.249.68.65 - - [15/Mar/2025:06:44:18 +0300] "GET /shopdetail/7024058 HTTP/1.1" 200 18091 "-" "Mozilla/5.0 (Linux; Android 6.0.1; Nexus 5X Build/MMB29P) AppleWebKit/537.36 (KHTML, like Gecko) Chrome/133.0.6943.141 Mobile Safari/537.36 (compatible; GoogleOther)"
66.249.68.65 - - [15/Mar/2025:06:44:39 +0300] "POST /get-message-notify HTTP/1.1" 200 18048 "https://digitalhubbd.com/shopdetail/7024058" "Mozilla/5.0 (Linux; Android 6.0.1; Nexus 5X Build/MMB29P) AppleWebKit/537.36 (KHTML, like Gecko) Chrome/133.0.6943.141 Mobile Safari/537.36 (compatible; Googlebot/2.1; +http://www.google.com/bot.html)"
66.249.68.65 - - [15/Mar/2025:06:32:56 +0300] "GET /shopdetail/10428169 HTTP/1.1" 200 18521 "-" "Mozilla/5.0 (Linux; Android 6.0.1; Nexus 5X Build/MMB29P) AppleWebKit/537.36 (KHTML, like Gecko) Chrome/133.0.6943.141 Mobile Safari/537.36 (compatible; GoogleOther)"
66.249.68.65 - - [15/Mar/2025:06:34:19 +0300] "GET /shopdetail/9324436 HTTP/1.1" 200 19008 "-" "Mozilla/5.0 (Linux; Android 6.0.1; Nexus 5X Build/MMB29P) AppleWebKit/537.36 (KHTML, like Gecko) Chrome/133.0.6943.141 Mobile Safari/537.36 (compatible; Googlebot/2.1; +http://www.google.com/bot.html)"
66.249.68.66 - - [15/Mar/2025:06:35:27 +0300] "POST /get-message-notify HTTP/1.1" 200 18048 "https://digitalhubbd.com/shopdetail/8449692" "Mozilla/5.0 (Linux; Android 6.0.1; Nexus 5X Build/MMB29P) AppleWebKit/537.36 (KHTML, like Gecko) Chrome/133.0.6943.141 Mobile Safari/537.36 (compatible; Googlebot/2.1; +http://www.google.com/bot.html)"
66.249.68.65 - - [15/Mar/2025:06:34:36 +0300] "GET /shopdetail/9737469 HTTP/1.1" 200 19398 "-" "Mozilla/5.0 (Linux; Android 6.0.1; Nexus 5X Build/MMB29P) AppleWebKit/537.36 (KHTML, like Gecko) Chrome/133.0.6943.141 Mobile Safari/537.36 (compatible; GoogleOther)"
66.249.68.66 - - [15/Mar/2025:06:39:48 +0300] "GET /shopdetail/7885169 HTTP/1.1" 200 19478 "-" "Mozilla/5.0 (Linux; Android 6.0.1; Nexus 5X Build/MMB29P) AppleWebKit/537.36 (KHTML, like Gecko) Chrome/133.0.6943.141 Mobile Safari/537.36 (compatible; GoogleOther)"
66.249.68.65 - - [15/Mar/2025:06:41:18 +0300] "GET /shopdetail/16946536 HTTP/1.1" 200 18756 "-" "Mozilla/5.0 (Linux; Android 6.0.1; Nexus 5X Build/MMB29P) AppleWebKit/537.36 (KHTML, like Gecko) Chrome/133.0.6943.141 Mobile Safari/537.36 (compatible; GoogleOther)"
66.249.66.35 - - [15/Mar/2025:06:31:04 +0300] "GET /shopdetail/8677458 HTTP/1.1" 200 19186 "-" "Mozilla/5.0 (Linux; Android 6.0.1; Nexus 5X Build/MMB29P) AppleWebKit/537.36 (KHTML, like Gecko) Chrome/133.0.6943.141 Mobile Safari/537.36 (compatible; GoogleOther)"
66.249.68.67 - - [15/Mar/2025:06:32:11 +0300] "GET /pcmypage?callback=product/review/44812863 HTTP/1.1" 200 19463 "-" "Mozilla/5.0 (Linux; Android 6.0.1; Nexus 5X Build/MMB29P) AppleWebKit/537.36 (KHTML, like Gecko) Chrome/133.0.6943.141 Mobile Safari/537.36 (compatible; GoogleOther)"
66.249.68.66 - - [15/Mar/2025:06:35:21 +0300] "GET /shopdetail/8449692 HTTP/1.1" 200 19770 "-" "Mozilla/5.0 (Linux; Android 6.0.1; Nexus 5X Build/MMB29P) AppleWebKit/537.36 (KHTML, like Gecko) Chrome/133.0.6943.141 Mobile Safari/537.36 (compatible; GoogleOther)"
66.249.68.65 - - [15/Mar/2025:06:36:48 +0300] "GET /shopdetail/13439292 HTTP/1.1" 200 18382 "-" "Mozilla/5.0 (Linux; Android 6.0.1; Nexus 5X Build/MMB29P) AppleWebKit/537.36 (KHTML, like Gecko) Chrome/133.0.6943.141 Mobile Safari/537.36 (compatible; GoogleOther)"
66.249.68.65 - - [15/Mar/2025:06:42:48 +0300] "GET /shopdetail/8577870 HTTP/1.1" 200 18783 "-" "Mozilla/5.0 (Linux; Android 6.0.1; Nexus 5X Build/MMB29P) AppleWebKit/537.36 (KHTML, like Gecko) Chrome/133.0.6943.141 Mobile Safari/537.36 (compatible; GoogleOther)"
66.249.68.65 - - [15/Mar/2025:06:59:48 +0300] "GET /shopdetail/12477058 HTTP/1.1" 200 18555 "-" "Mozilla/5.0 (Linux; Android 6.0.1; Nexus 5X Build/MMB29P) AppleWebKit/537.36 (KHTML, like Gecko) Chrome/133.0.6943.141 Mobile Safari/537.36 (compatible; GoogleOther)"
66.249.68.66 - - [15/Mar/2025:07:00:20 +0300] "POST /get-message-notify HTTP/1.1" 200 18048 "https://digitalhubbd.com/shopdetail/16527081" "Mozilla/5.0 (Linux; Android 6.0.1; Nexus 5X Build/MMB29P) AppleWebKit/537.36 (KHTML, like Gecko) Chrome/133.0.6943.141 Mobile Safari/537.36 (compatible; Googlebot/2.1; +http://www.google.com/bot.html)"
66.249.68.66 - - [15/Mar/2025:06:57:36 +0300] "POST /get-message-notify HTTP/1.1" 200 18048 "https://digitalhubbd.com/shopdetail/10931658" "Mozilla/5.0 (Linux; Android 6.0.1; Nexus 5X Build/MMB29P) AppleWebKit/537.36 (KHTML, like Gecko) Chrome/133.0.6943.141 Mobile Safari/537.36 (compatible; Googlebot/2.1; +http://www.google.com/bot.html)"
66.249.68.65 - - [15/Mar/2025:06:54:18 +0300] "GET /shopdetail/6782003 HTTP/1.1" 200 18831 "-" "Mozilla/5.0 (Linux; Android 6.0.1; Nexus 5X Build/MMB29P) AppleWebKit/537.36 (KHTML, like Gecko) Chrome/133.0.6943.141 Mobile Safari/537.36 (compatible; GoogleOther)"
66.249.68.65 - - [15/Mar/2025:07:00:45 +0300] "GET /shopdetail/3290214 HTTP/1.1" 200 19104 "-" "Mozilla/5.0 (Linux; Android 6.0.1; Nexus 5X Build/MMB29P) AppleWebKit/537.36 (KHTML, like Gecko) Chrome/133.0.6943.141 Mobile Safari/537.36 (compatible; GoogleOther)"
66.249.68.65 - - [15/Mar/2025:06:52:49 +0300] "GET /shopdetail/9028492 HTTP/1.1" 200 18389 "-" "Mozilla/5.0 (Linux; Android 6.0.1; Nexus 5X Build/MMB29P) AppleWebKit/537.36 (KHTML, like Gecko) Chrome/133.0.6943.141 Mobile Safari/537.36 (compatible; GoogleOther)"
66.249.68.66 - - [15/Mar/2025:06:53:33 +0300] "GET /shopdetail/9161925 HTTP/1.1" 200 19075 "-" "Mozilla/5.0 (Linux; Android 6.0.1; Nexus 5X Build/MMB29P) AppleWebKit/537.36 (KHTML, like Gecko) Chrome/133.0.6943.141 Mobile Safari/537.36 (compatible; GoogleOther)"
66.249.68.67 - - [15/Mar/2025:06:56:45 +0300] "GET /shopdetail/8267225 HTTP/1.1" 200 18521 "-" "Mozilla/5.0 (Linux; Android 6.0.1; Nexus 5X Build/MMB29P) AppleWebKit/537.36 (KHTML, like Gecko) Chrome/133.0.6943.141 Mobile Safari/537.36 (compatible; GoogleOther)"
66.249.68.67 - - [15/Mar/2025:06:59:06 +0300] "GET /shopdetail/7038381 HTTP/1.1" 200 20306 "-" "Mozilla/5.0 (Linux; Android 6.0.1; Nexus 5X Build/MMB29P) AppleWebKit/537.36 (KHTML, like Gecko) Chrome/133.0.6943.141 Mobile Safari/537.36 (compatible; GoogleOther)"
66.249.68.65 - - [15/Mar/2025:07:00:17 +0300] "GET /shopdetail/16527081 HTTP/1.1" 200 19920 "-" "Mozilla/5.0 (Linux; Android 6.0.1; Nexus 5X Build/MMB29P) AppleWebKit/537.36 (KHTML, like Gecko) Chrome/133.0.6943.141 Mobile Safari/537.36 (compatible; GoogleOther)"
66.249.73.225 - - [15/Mar/2025:06:48:10 +0300] "GET /shopdetail/8592614 HTTP/1.1" 200 18633 "-" "Mozilla/5.0 (Linux; Android 6.0.1; Nexus 5X Build/MMB29P) AppleWebKit/537.36 (KHTML, like Gecko) Chrome/133.0.6943.141 Mobile Safari/537.36 (compatible; GoogleOther)"
66.249.68.65 - - [15/Mar/2025:06:53:37 +0300] "POST /get-message-notify HTTP/1.1" 200 18048 "https://digitalhubbd.com/shopdetail/9161925" "Mozilla/5.0 (Linux; Android 6.0.1; Nexus 5X Build/MMB29P) AppleWebKit/537.36 (KHTML, like Gecko) Chrome/133.0.6943.141 Mobile Safari/537.36 (compatible; Googlebot/2.1; +http://www.google.com/bot.html)"
66.249.68.65 - - [15/Mar/2025:07:01:14 +0300] "GET /shopdetail/9039803 HTTP/1.1" 200 19230 "-" "Mozilla/5.0 (Linux; Android 6.0.1; Nexus 5X Build/MMB29P) AppleWebKit/537.36 (KHTML, like Gecko) Chrome/133.0.6943.141 Mobile Safari/537.36 (compatible; GoogleOther)"
66.249.68.65 - - [15/Mar/2025:06:57:30 +0300] "GET /shopdetail/10931658 HTTP/1.1" 200 18204 "-" "Mozilla/5.0 (Linux; Android 6.0.1; Nexus 5X Build/MMB29P) AppleWebKit/537.36 (KHTML, like Gecko) Chrome/133.0.6943.141 Mobile Safari/537.36 (compatible; GoogleOther)"
66.249.68.67 - - [15/Mar/2025:06:49:43 +0300] "GET /shopdetail/6631347 HTTP/1.1" 200 18762 "-" "Mozilla/5.0 (Linux; Android 6.0.1; Nexus 5X Build/MMB29P) AppleWebKit/537.36 (KHTML, like Gecko) Chrome/133.0.6943.141 Mobile Safari/537.36 (compatible; GoogleOther)"
66.249.68.66 - - [15/Mar/2025:07:00:04 +0300] "POST /get-message-notify HTTP/1.1" 200 18048 "https://digitalhubbd.com/shopdetail/12477058" "Mozilla/5.0 (Linux; Android 6.0.1; Nexus 5X Build/MMB29P) AppleWebKit/537.36 (KHTML, like Gecko) Chrome/133.0.6943.141 Mobile Safari/537.36 (compatible; Googlebot/2.1; +http://www.google.com/bot.html)"
66.249.68.65 - - [15/Mar/2025:06:51:15 +0300] "GET /shopdetail/15061325 HTTP/1.1" 200 18309 "-" "Mozilla/5.0 (Linux; Android 6.0.1; Nexus 5X Build/MMB29P) AppleWebKit/537.36 (KHTML, like Gecko) Chrome/133.0.6943.141 Mobile Safari/537.36 (compatible; GoogleOther)"
66.249.68.65 - - [15/Mar/2025:07:00:50 +0300] "POST /get-message-notify HTTP/1.1" 200 18048 "https://digitalhubbd.com/shopdetail/3290214" "Mozilla/5.0 (Linux; Android 6.0.1; Nexus 5X Build/MMB29P) AppleWebKit/537.36 (KHTML, like Gecko) Chrome/133.0.6943.141 Mobile Safari/537.36 (compatible; Googlebot/2.1; +http://www.google.com/bot.html)"
66.249.68.65 - - [15/Mar/2025:07:01:57 +0300] "GET /shopdetail/9739547 HTTP/1.1" 200 18173 "-" "Mozilla/5.0 (Linux; Android 6.0.1; Nexus 5X Build/MMB29P) AppleWebKit/537.36 (KHTML, like Gecko) Chrome/133.0.6943.141 Mobile Safari/537.36 (compatible; GoogleOther)"
66.249.68.67 - - [15/Mar/2025:07:02:53 +0300] "GET /shopdetail/13014636 HTTP/1.1" 200 18735 "-" "Mozilla/5.0 (Linux; Android 6.0.1; Nexus 5X Build/MMB29P) AppleWebKit/537.36 (KHTML, like Gecko) Chrome/133.0.6943.141 Mobile Safari/537.36 (compatible; GoogleOther)"
66.249.68.66 - - [15/Mar/2025:07:07:37 +0300] "GET /shopdetail/7515614 HTTP/1.1" 200 17898 "-" "Mozilla/5.0 (Linux; Android 6.0.1; Nexus 5X Build/MMB29P) AppleWebKit/537.36 (KHTML, like Gecko) Chrome/133.0.6943.141 Mobile Safari/537.36 (compatible; GoogleOther)"
52.167.144.212 - - [15/Mar/2025:07:08:15 +0300] "GET / HTTP/2" 200 18268 "-" "Mozilla/5.0 AppleWebKit/537.36 (KHTML, like Gecko; compatible; bingbot/2.0; +http://www.bing.com/bingbot.htm) Chrome/116.0.1938.76 Safari/537.36"
220.181.108.105 - - [15/Mar/2025:07:09:59 +0300] "GET / HTTP/1.1" 200 16861 "-" "Mozilla/5.0 (compatible; Baiduspider/2.0; +http://www.baidu.com/search/spider.html)"
116.179.37.131 - - [15/Mar/2025:07:09:59 +0300] "GET / HTTP/1.1" 200 16863 "-" "Mozilla/5.0 (compatible; Baiduspider-render/2.0; +http://www.baidu.com/search/spider.html)"
66.249.68.65 - - [15/Mar/2025:07:14:59 +0300] "POST /get-message-notify HTTP/1.1" 200 18048 "https://digitalhubbd.com/shopdetail/6162792" "Mozilla/5.0 (Linux; Android 6.0.1; Nexus 5X Build/MMB29P) AppleWebKit/537.36 (KHTML, like Gecko) Chrome/133.0.6943.141 Mobile Safari/537.36 (compatible; Googlebot/2.1; +http://www.google.com/bot.html)"
66.249.68.65 - - [15/Mar/2025:07:20:42 +0300] "GET /shopdetail/11765469 HTTP/1.1" 200 18243 "-" "Mozilla/5.0 (Linux; Android 6.0.1; Nexus 5X Build/MMB29P) AppleWebKit/537.36 (KHTML, like Gecko) Chrome/133.0.6943.141 Mobile Safari/537.36 (compatible; GoogleOther)"
66.249.68.66 - - [15/Mar/2025:07:05:35 +0300] "GET /shopdetail/8696170 HTTP/1.1" 200 18589 "-" "Mozilla/5.0 (Linux; Android 6.0.1; Nexus 5X Build/MMB29P) AppleWebKit/537.36 (KHTML, like Gecko) Chrome/133.0.6943.141 Mobile Safari/537.36 (compatible; GoogleOther)"
66.249.68.66 - - [15/Mar/2025:07:06:04 +0300] "GET /shopdetail/2846025 HTTP/1.1" 200 19194 "-" "Mozilla/5.0 (Linux; Android 6.0.1; Nexus 5X Build/MMB29P) AppleWebKit/537.36 (KHTML, like Gecko) Chrome/133.0.6943.141 Mobile Safari/537.36 (compatible; GoogleOther)"
66.249.68.65 - - [15/Mar/2025:07:06:40 +0300] "GET /shopdetail/15195481 HTTP/1.1" 200 17907 "-" "Mozilla/5.0 (Linux; Android 6.0.1; Nexus 5X Build/MMB29P) AppleWebKit/537.36 (KHTML, like Gecko) Chrome/133.0.6943.141 Mobile Safari/537.36 (compatible; GoogleOther)"
66.249.68.66 - - [15/Mar/2025:07:13:18 +0300] "GET /shopdetail/8683469 HTTP/1.1" 200 19031 "-" "Mozilla/5.0 (Linux; Android 6.0.1; Nexus 5X Build/MMB29P) AppleWebKit/537.36 (KHTML, like Gecko) Chrome/133.0.6943.141 Mobile Safari/537.36 (compatible; GoogleOther)"
172.203.190.138 - - [15/Mar/2025:07:05:36 +0300] "GET /robots.txt HTTP/2" 200 134 "-" "Mozilla/5.0 (Macintosh; Intel Mac OS X 10_15_7) AppleWebKit/537.36 (KHTML, like Gecko) Chrome/131.0.0.0 Safari/537.36; compatible; OAI-SearchBot/1.0; +https://openai.com/searchbot"
66.249.68.65 - - [15/Mar/2025:07:11:05 +0300] "GET /shopdetail/8932525 HTTP/1.1" 200 20278 "-" "Mozilla/5.0 (Linux; Android 6.0.1; Nexus 5X Build/MMB29P) AppleWebKit/537.36 (KHTML, like Gecko) Chrome/133.0.6943.141 Mobile Safari/537.36 (compatible; GoogleOther)"
66.249.68.66 - - [15/Mar/2025:07:12:11 +0300] "GET /shopdetail/15607547 HTTP/1.1" 200 18692 "-" "Mozilla/5.0 (Linux; Android 6.0.1; Nexus 5X Build/MMB29P) AppleWebKit/537.36 (KHTML, like Gecko) Chrome/133.0.6943.141 Mobile Safari/537.36 (compatible; GoogleOther)"
66.249.68.65 - - [15/Mar/2025:07:05:07 +0300] "GET /shopdetail/12547770 HTTP/1.1" 200 18421 "-" "Mozilla/5.0 (Linux; Android 6.0.1; Nexus 5X Build/MMB29P) AppleWebKit/537.36 (KHTML, like Gecko) Chrome/133.0.6943.141 Mobile Safari/537.36 (compatible; GoogleOther)"
66.249.68.65 - - [15/Mar/2025:07:13:52 +0300] "POST /get-message-notify HTTP/1.1" 200 18048 "https://digitalhubbd.com/shopdetail/2325469" "Mozilla/5.0 (Linux; Android 6.0.1; Nexus 5X Build/MMB29P) AppleWebKit/537.36 (KHTML, like Gecko) Chrome/133.0.6943.141 Mobile Safari/537.36 (compatible; Googlebot/2.1; +http://www.google.com/bot.html)"
66.249.68.66 - - [15/Mar/2025:07:17:23 +0300] "GET /shopdetail/13339147 HTTP/1.1" 200 18428 "-" "Mozilla/5.0 (Linux; Android 6.0.1; Nexus 5X Build/MMB29P) AppleWebKit/537.36 (KHTML, like Gecko) Chrome/133.0.6943.141 Mobile Safari/537.36 (compatible; GoogleOther)"
66.249.68.66 - - [15/Mar/2025:07:20:14 +0300] "GET /shopdetail/9149070 HTTP/1.1" 200 18601 "-" "Mozilla/5.0 (Linux; Android 6.0.1; Nexus 5X Build/MMB29P) AppleWebKit/537.36 (KHTML, like Gecko) Chrome/133.0.6943.141 Mobile Safari/537.36 (compatible; GoogleOther)"
66.249.68.65 - - [15/Mar/2025:07:06:03 +0300] "POST /get-message-notify HTTP/1.1" 200 18048 "https://digitalhubbd.com/shopdetail/8696170" "Mozilla/5.0 (Linux; Android 6.0.1; Nexus 5X Build/MMB29P) AppleWebKit/537.36 (KHTML, like Gecko) Chrome/133.0.6943.141 Mobile Safari/537.36 (compatible; Googlebot/2.1; +http://www.google.com/bot.html)"
66.249.68.66 - - [15/Mar/2025:07:09:40 +0300] "GET /shopdetail/12199325 HTTP/1.1" 200 18106 "-" "Mozilla/5.0 (Linux; Android 6.0.1; Nexus 5X Build/MMB29P) AppleWebKit/537.36 (KHTML, like Gecko) Chrome/133.0.6943.141 Mobile Safari/537.36 (compatible; GoogleOther)"
66.249.68.67 - - [15/Mar/2025:07:14:53 +0300] "GET /shopdetail/6162792 HTTP/1.1" 200 18705 "-" "Mozilla/5.0 (Linux; Android 6.0.1; Nexus 5X Build/MMB29P) AppleWebKit/537.36 (KHTML, like Gecko) Chrome/133.0.6943.141 Mobile Safari/537.36 (compatible; GoogleOther)"
66.249.68.65 - - [15/Mar/2025:07:09:11 +0300] "GET /shopdetail/7913647 HTTP/1.1" 200 18471 "-" "Mozilla/5.0 (Linux; Android 6.0.1; Nexus 5X Build/MMB29P) AppleWebKit/537.36 (KHTML, like Gecko) Chrome/133.0.6943.141 Mobile Safari/537.36 (compatible; GoogleOther)"
66.249.68.66 - - [15/Mar/2025:07:13:46 +0300] "GET /shopdetail/2325469 HTTP/1.1" 200 18615 "-" "Mozilla/5.0 (Linux; Android 6.0.1; Nexus 5X Build/MMB29P) AppleWebKit/537.36 (KHTML, like Gecko) Chrome/133.0.6943.141 Mobile Safari/537.36 (compatible; GoogleOther)"
66.249.68.65 - - [15/Mar/2025:07:15:21 +0300] "GET /shopdetail/15521314 HTTP/1.1" 200 19558 "-" "Mozilla/5.0 (Linux; Android 6.0.1; Nexus 5X Build/MMB29P) AppleWebKit/537.36 (KHTML, like Gecko) Chrome/133.0.6943.141 Mobile Safari/537.36 (compatible; GoogleOther)"
66.249.68.67 - - [15/Mar/2025:07:18:29 +0300] "GET /shopdetail/14772414 HTTP/1.1" 200 18122 "-" "Mozilla/5.0 (Linux; Android 6.0.1; Nexus 5X Build/MMB29P) AppleWebKit/537.36 (KHTML, like Gecko) Chrome/133.0.6943.141 Mobile Safari/537.36 (compatible; GoogleOther)"
111.68.1.178 - - [15/Mar/2025:07:05:22 +0300] "GET /yseoa/login.php HTTP/1.1" 200 5495 "-" "Mozilla/5.0 (Windows NT 10.0; WOW64; rv:48.0) Gecko/20100101 Firefox/48.0"
66.249.68.66 - - [15/Mar/2025:07:21:49 +0300] "GET /shopdetail/7926114 HTTP/1.1" 200 18277 "-" "Mozilla/5.0 (Linux; Android 6.0.1; Nexus 5X Build/MMB29P) AppleWebKit/537.36 (KHTML, like Gecko) Chrome/133.0.6943.141 Mobile Safari/537.36 (compatible; GoogleOther)"
66.249.68.66 - - [15/Mar/2025:07:22:20 +0300] "POST /get-message-notify HTTP/1.1" 200 18048 "https://digitalhubbd.com/shopdetail/7659992" "Mozilla/5.0 (Linux; Android 6.0.1; Nexus 5X Build/MMB29P) AppleWebKit/537.36 (KHTML, like Gecko) Chrome/133.0.6943.141 Mobile Safari/537.36 (compatible; Googlebot/2.1; +http://www.google.com/bot.html)"
66.249.68.66 - - [15/Mar/2025:07:26:51 +0300] "GET /shopdetail/9329525 HTTP/1.1" 200 18290 "-" "Mozilla/5.0 (Linux; Android 6.0.1; Nexus 5X Build/MMB29P) AppleWebKit/537.36 (KHTML, like Gecko) Chrome/133.0.6943.141 Mobile Safari/537.36 (compatible; GoogleOther)"
66.249.68.65 - - [15/Mar/2025:07:32:05 +0300] "GET /shopdetail/8622381 HTTP/1.1" 200 18520 "-" "Mozilla/5.0 (Linux; Android 6.0.1; Nexus 5X Build/MMB29P) AppleWebKit/537.36 (KHTML, like Gecko) Chrome/133.0.6943.141 Mobile Safari/537.36 (compatible; GoogleOther)"
66.249.68.65 - - [15/Mar/2025:07:25:09 +0300] "GET /shopdetail/9373270 HTTP/1.1" 200 19107 "-" "Mozilla/5.0 (Linux; Android 6.0.1; Nexus 5X Build/MMB29P) AppleWebKit/537.36 (KHTML, like Gecko) Chrome/133.0.6943.141 Mobile Safari/537.36 (compatible; GoogleOther)"
66.249.68.67 - - [15/Mar/2025:07:30:20 +0300] "GET /shopdetail/9044769 HTTP/1.1" 200 20207 "-" "Mozilla/5.0 (Linux; Android 6.0.1; Nexus 5X Build/MMB29P) AppleWebKit/537.36 (KHTML, like Gecko) Chrome/133.0.6943.141 Mobile Safari/537.36 (compatible; GoogleOther)"
66.249.68.67 - - [15/Mar/2025:07:33:14 +0300] "GET /shopdetail/13940914 HTTP/1.1" 200 18520 "-" "Mozilla/5.0 (Linux; Android 6.0.1; Nexus 5X Build/MMB29P) AppleWebKit/537.36 (KHTML, like Gecko) Chrome/133.0.6943.141 Mobile Safari/537.36 (compatible; GoogleOther)"
66.249.68.67 - - [15/Mar/2025:07:21:52 +0300] "POST /get-message-notify HTTP/1.1" 200 18048 "https://digitalhubbd.com/shopdetail/7926114" "Mozilla/5.0 (Linux; Android 6.0.1; Nexus 5X Build/MMB29P) AppleWebKit/537.36 (KHTML, like Gecko) Chrome/133.0.6943.141 Mobile Safari/537.36 (compatible; Googlebot/2.1; +http://www.google.com/bot.html)"
66.249.68.66 - - [15/Mar/2025:07:24:02 +0300] "GET /shopdetail/10034492 HTTP/1.1" 200 18174 "-" "Mozilla/5.0 (Linux; Android 6.0.1; Nexus 5X Build/MMB29P) AppleWebKit/537.36 (KHTML, like Gecko) Chrome/133.0.6943.141 Mobile Safari/537.36 (compatible; GoogleOther)"
66.249.68.66 - - [15/Mar/2025:07:32:23 +0300] "POST /get-message-notify HTTP/1.1" 200 18048 "https://digitalhubbd.com/shopdetail/8622381" "Mozilla/5.0 (Linux; Android 6.0.1; Nexus 5X Build/MMB29P) AppleWebKit/537.36 (KHTML, like Gecko) Chrome/133.0.6943.141 Mobile Safari/537.36 (compatible; Googlebot/2.1; +http://www.google.com/bot.html)"
40.77.190.237 - - [15/Mar/2025:07:24:10 +0300] "POST /get-message-notify HTTP/2" 200 112430 "-" "Mozilla/5.0 AppleWebKit/537.36 (KHTML, like Gecko; compatible; bingbot/2.0; +http://www.bing.com/bingbot.htm) Chrome/100.0.4896.127 Safari/537.36"
66.249.68.66 - - [15/Mar/2025:07:36:24 +0300] "POST /get-message-notify HTTP/1.1" 200 18048 "https://digitalhubbd.com/shopdetail/9101314" "Mozilla/5.0 (Linux; Android 6.0.1; Nexus 5X Build/MMB29P) AppleWebKit/537.36 (KHTML, like Gecko) Chrome/133.0.6943.141 Mobile Safari/537.36 (compatible; Googlebot/2.1; +http://www.google.com/bot.html)"
66.249.68.65 - - [15/Mar/2025:07:29:24 +0300] "GET /shopdetail/8004058 HTTP/1.1" 200 19177 "-" "Mozilla/5.0 (Linux; Android 6.0.1; Nexus 5X Build/MMB29P) AppleWebKit/537.36 (KHTML, like Gecko) Chrome/133.0.6943.141 Mobile Safari/537.36 (compatible; GoogleOther)"
66.249.68.65 - - [15/Mar/2025:07:22:17 +0300] "GET /shopdetail/7659992 HTTP/1.1" 200 17793 "-" "Mozilla/5.0 (Linux; Android 6.0.1; Nexus 5X Build/MMB29P) AppleWebKit/537.36 (KHTML, like Gecko) Chrome/133.0.6943.141 Mobile Safari/537.36 (compatible; GoogleOther)"
66.249.68.65 - - [15/Mar/2025:07:27:19 +0300] "GET /shopdetail/11240147 HTTP/1.1" 200 18942 "-" "Mozilla/5.0 (Linux; Android 6.0.1; Nexus 5X Build/MMB29P) AppleWebKit/537.36 (KHTML, like Gecko) Chrome/133.0.6943.141 Mobile Safari/537.36 (compatible; GoogleOther)"
66.249.68.65 - - [15/Mar/2025:07:28:04 +0300] "GET /shopdetail/10236303 HTTP/1.1" 200 18508 "-" "Mozilla/5.0 (Linux; Android 6.0.1; Nexus 5X Build/MMB29P) AppleWebKit/537.36 (KHTML, like Gecko) Chrome/133.0.6943.141 Mobile Safari/537.36 (compatible; GoogleOther)"
66.249.68.65 - - [15/Mar/2025:07:29:53 +0300] "GET /shopdetail/7176014 HTTP/1.1" 200 20383 "-" "Mozilla/5.0 (Linux; Android 6.0.1; Nexus 5X Build/MMB29P) AppleWebKit/537.36 (KHTML, like Gecko) Chrome/133.0.6943.141 Mobile Safari/537.36 (compatible; GoogleOther)"
66.249.68.66 - - [15/Mar/2025:07:36:12 +0300] "GET /shopdetail/9101314 HTTP/1.1" 200 18275 "-" "Mozilla/5.0 (Linux; Android 6.0.1; Nexus 5X Build/MMB29P) AppleWebKit/537.36 (KHTML, like Gecko) Chrome/133.0.6943.141 Mobile Safari/537.36 (compatible; GoogleOther)"
66.249.68.66 - - [15/Mar/2025:07:37:19 +0300] "GET /shopdetail/15265125 HTTP/1.1" 200 19334 "-" "Mozilla/5.0 (Linux; Android 6.0.1; Nexus 5X Build/MMB29P) AppleWebKit/537.36 (KHTML, like Gecko) Chrome/133.0.6943.141 Mobile Safari/537.36 (compatible; GoogleOther)"
66.249.68.65 - - [15/Mar/2025:07:39:02 +0300] "POST /get-message-notify HTTP/1.1" 200 18048 "https://digitalhubbd.com/shopdetail/8123236" "Mozilla/5.0 (Linux; Android 6.0.1; Nexus 5X Build/MMB29P) AppleWebKit/537.36 (KHTML, like Gecko) Chrome/133.0.6943.141 Mobile Safari/537.36 (compatible; Googlebot/2.1; +http://www.google.com/bot.html)"
66.249.68.65 - - [15/Mar/2025:07:45:52 +0300] "GET /shopdetail/9131769 HTTP/1.1" 200 18839 "-" "Mozilla/5.0 (Linux; Android 6.0.1; Nexus 5X Build/MMB29P) AppleWebKit/537.36 (KHTML, like Gecko) Chrome/133.0.6943.141 Mobile Safari/537.36 (compatible; GoogleOther)"
66.249.68.65 - - [15/Mar/2025:07:45:55 +0300] "POST /get-message-notify HTTP/1.1" 200 18048 "https://digitalhubbd.com/shopdetail/9131769" "Mozilla/5.0 (Linux; Android 6.0.1; Nexus 5X Build/MMB29P) AppleWebKit/537.36 (KHTML, like Gecko) Chrome/133.0.6943.141 Mobile Safari/537.36 (compatible; Googlebot/2.1; +http://www.google.com/bot.html)"
66.249.68.65 - - [15/Mar/2025:07:50:37 +0300] "GET /shopdetail/9978558 HTTP/1.1" 200 20369 "-" "Mozilla/5.0 (Linux; Android 6.0.1; Nexus 5X Build/MMB29P) AppleWebKit/537.36 (KHTML, like Gecko) Chrome/133.0.6943.141 Mobile Safari/537.36 (compatible; GoogleOther)"
66.249.68.66 - - [15/Mar/2025:07:40:29 +0300] "GET /shopdetail/14579814 HTTP/1.1" 200 17904 "-" "Mozilla/5.0 (Linux; Android 6.0.1; Nexus 5X Build/MMB29P) AppleWebKit/537.36 (KHTML, like Gecko) Chrome/133.0.6943.141 Mobile Safari/537.36 (compatible; GoogleOther)"
66.249.68.66 - - [15/Mar/2025:07:40:29 +0300] "GET /shopdetail/9220492 HTTP/1.1" 200 17946 "-" "Mozilla/5.0 (Linux; Android 6.0.1; Nexus 5X Build/MMB29P) AppleWebKit/537.36 (KHTML, like Gecko) Chrome/133.0.6943.141 Mobile Safari/537.36 (compatible; GoogleOther)"
66.249.68.66 - - [15/Mar/2025:07:44:38 +0300] "POST /get-message-notify HTTP/1.1" 200 18048 "https://digitalhubbd.com/shopdetail/15163158" "Mozilla/5.0 (Linux; Android 6.0.1; Nexus 5X Build/MMB29P) AppleWebKit/537.36 (KHTML, like Gecko) Chrome/133.0.6943.141 Mobile Safari/537.36 (compatible; Googlebot/2.1; +http://www.google.com/bot.html)"
64.124.8.189 - - [15/Mar/2025:07:50:27 +0300] "GET /robots.txt HTTP/2" 200 135 "-" "Mozilla/5.0 (compatible; ImagesiftBot; +imagesift.com)"
64.124.8.189 - - [15/Mar/2025:07:50:27 +0300] "GET /public/contacts HTTP/2" 200 4709 "-" "Mozilla/5.0 (compatible; ImagesiftBot; +imagesift.com)"
66.249.68.66 - - [15/Mar/2025:07:51:34 +0300] "GET /shopdetail/8210936 HTTP/1.1" 200 18615 "-" "Mozilla/5.0 (Linux; Android 6.0.1; Nexus 5X Build/MMB29P) AppleWebKit/537.36 (KHTML, like Gecko) Chrome/133.0.6943.141 Mobile Safari/537.36 (compatible; GoogleOther)"
66.249.68.65 - - [15/Mar/2025:07:44:18 +0300] "GET /shopdetail/15163158 HTTP/1.1" 200 19180 "-" "Mozilla/5.0 (Linux; Android 6.0.1; Nexus 5X Build/MMB29P) AppleWebKit/537.36 (KHTML, like Gecko) Chrome/133.0.6943.141 Mobile Safari/537.36 (compatible; GoogleOther)"
66.249.68.66 - - [15/Mar/2025:07:49:31 +0300] "GET /shopdetail/9837403 HTTP/1.1" 200 19503 "-" "Mozilla/5.0 (Linux; Android 6.0.1; Nexus 5X Build/MMB29P) AppleWebKit/537.36 (KHTML, like Gecko) Chrome/133.0.6943.141 Mobile Safari/537.36 (compatible; GoogleOther)"
87.250.224.235 - - [15/Mar/2025:07:50:25 +0300] "GET /robots.txt HTTP/1.1" 200 1049 "-" "Mozilla/5.0 (compatible; YandexBot/3.0; +http://yandex.com/bots)"
66.249.68.67 - - [15/Mar/2025:07:51:05 +0300] "GET /shopdetail/10260481 HTTP/1.1" 200 18475 "-" "Mozilla/5.0 (Linux; Android 6.0.1; Nexus 5X Build/MMB29P) AppleWebKit/537.36 (KHTML, like Gecko) Chrome/133.0.6943.141 Mobile Safari/537.36 (compatible; GoogleOther)"
5.255.231.143 - - [15/Mar/2025:07:50:25 +0300] "GET /services HTTP/1.1" 403 0 "-" "Mozilla/5.0 (compatible; YandexBot/3.0; +http://yandex.com/bots)"
66.249.68.66 - - [15/Mar/2025:07:54:00 +0300] "GET /shopdetail/14974647 HTTP/1.1" 200 17902 "-" "Mozilla/5.0 (Linux; Android 6.0.1; Nexus 5X Build/MMB29P) AppleWebKit/537.36 (KHTML, like Gecko) Chrome/133.0.6943.141 Mobile Safari/537.36 (compatible; GoogleOther)"
66.249.68.65 - - [15/Mar/2025:07:40:57 +0300] "GET /shopdetail/13427469 HTTP/1.1" 200 19176 "-" "Mozilla/5.0 (Linux; Android 6.0.1; Nexus 5X Build/MMB29P) AppleWebKit/537.36 (KHTML, like Gecko) Chrome/133.0.6943.141 Mobile Safari/537.36 (compatible; GoogleOther)"
66.249.68.65 - - [15/Mar/2025:07:45:37 +0300] "POST /get-message-notify HTTP/1.1" 200 18048 "https://digitalhubbd.com/shopdetail/6693947" "Mozilla/5.0 (Linux; Android 6.0.1; Nexus 5X Build/MMB29P) AppleWebKit/537.36 (KHTML, like Gecko) Chrome/133.0.6943.141 Mobile Safari/537.36 (compatible; Googlebot/2.1; +http://www.google.com/bot.html)"
66.249.68.66 - - [15/Mar/2025:07:52:25 +0300] "GET /shopdetail/10372414 HTTP/1.1" 200 18730 "-" "Mozilla/5.0 (Linux; Android 6.0.1; Nexus 5X Build/MMB29P) AppleWebKit/537.36 (KHTML, like Gecko) Chrome/133.0.6943.141 Mobile Safari/537.36 (compatible; GoogleOther)"
64.124.8.189 - - [15/Mar/2025:07:52:43 +0300] "GET /language/set-locale/1/portfolio-bracket-paper-design HTTP/2" 200 2969 "-" "Mozilla/5.0 (compatible; ImagesiftBot; +imagesift.com)"
66.249.68.65 - - [15/Mar/2025:07:42:04 +0300] "GET /shopdetail/7627525 HTTP/1.1" 200 19288 "-" "Mozilla/5.0 (Linux; Android 6.0.1; Nexus 5X Build/MMB29P) AppleWebKit/537.36 (KHTML, like Gecko) Chrome/133.0.6943.141 Mobile Safari/537.36 (compatible; GoogleOther)"
66.249.68.67 - - [15/Mar/2025:07:45:24 +0300] "GET /shopdetail/6693947 HTTP/1.1" 200 18550 "-" "Mozilla/5.0 (Linux; Android 6.0.1; Nexus 5X Build/MMB29P) AppleWebKit/537.36 (KHTML, like Gecko) Chrome/133.0.6943.141 Mobile Safari/537.36 (compatible; GoogleOther)"
66.249.68.65 - - [15/Mar/2025:07:47:56 +0300] "GET /shopdetail/24577125 HTTP/1.1" 200 19800 "-" "Mozilla/5.0 (Linux; Android 6.0.1; Nexus 5X Build/MMB29P) AppleWebKit/537.36 (KHTML, like Gecko) Chrome/133.0.6943.141 Mobile Safari/537.36 (compatible; GoogleOther)"
66.249.68.65 - - [15/Mar/2025:07:38:54 +0300] "GET /shopdetail/8123236 HTTP/1.1" 200 18449 "-" "Mozilla/5.0 (Linux; Android 6.0.1; Nexus 5X Build/MMB29P) AppleWebKit/537.36 (KHTML, like Gecko) Chrome/133.0.6943.141 Mobile Safari/537.36 (compatible; GoogleOther)"
66.249.68.66 - - [15/Mar/2025:07:39:22 +0300] "GET /shopdetail/15393581 HTTP/1.1" 200 18269 "-" "Mozilla/5.0 (Linux; Android 6.0.1; Nexus 5X Build/MMB29P) AppleWebKit/537.36 (KHTML, like Gecko) Chrome/133.0.6943.141 Mobile Safari/537.36 (compatible; GoogleOther)"
66.249.68.66 - - [15/Mar/2025:07:46:21 +0300] "GET /shopdetail/10247936 HTTP/1.1" 200 18769 "-" "Mozilla/5.0 (Linux; Android 6.0.1; Nexus 5X Build/MMB29P) AppleWebKit/537.36 (KHTML, like Gecko) Chrome/133.0.6943.141 Mobile Safari/537.36 (compatible; GoogleOther)"
66.249.68.66 - - [15/Mar/2025:07:49:02 +0300] "GET /shopdetail/9791214 HTTP/1.1" 200 18216 "-" "Mozilla/5.0 (Linux; Android 6.0.1; Nexus 5X Build/MMB29P) AppleWebKit/537.36 (KHTML, like Gecko) Chrome/133.0.6943.141 Mobile Safari/537.36 (compatible; GoogleOther)"
66.249.68.65 - - [15/Mar/2025:07:42:32 +0300] "GET /shopdetail/7966758 HTTP/1.1" 200 18730 "-" "Mozilla/5.0 (Linux; Android 6.0.1; Nexus 5X Build/MMB29P) AppleWebKit/537.36 (KHTML, like Gecko) Chrome/133.0.6943.141 Mobile Safari/537.36 (compatible; GoogleOther)"
66.249.68.65 - - [15/Mar/2025:07:47:28 +0300] "GET /shopdetail/6033258 HTTP/1.1" 200 19558 "-" "Mozilla/5.0 (Linux; Android 6.0.1; Nexus 5X Build/MMB29P) AppleWebKit/537.36 (KHTML, like Gecko) Chrome/133.0.6943.141 Mobile Safari/537.36 (compatible; GoogleOther)"
66.249.68.67 - - [15/Mar/2025:07:58:05 +0300] "GET /shopdetail/4883736 HTTP/1.1" 200 19790 "-" "Mozilla/5.0 (Linux; Android 6.0.1; Nexus 5X Build/MMB29P) AppleWebKit/537.36 (KHTML, like Gecko) Chrome/133.0.6943.141 Mobile Safari/537.36 (compatible; GoogleOther)"
66.249.68.67 - - [15/Mar/2025:08:00:08 +0300] "GET /shopdetail/5713314 HTTP/1.1" 200 18463 "-" "Mozilla/5.0 (Linux; Android 6.0.1; Nexus 5X Build/MMB29P) AppleWebKit/537.36 (KHTML, like Gecko) Chrome/133.0.6943.141 Mobile Safari/537.36 (compatible; GoogleOther)"
66.249.68.66 - - [15/Mar/2025:08:02:12 +0300] "GET /shopdetail/10792870 HTTP/1.1" 200 18047 "-" "Mozilla/5.0 (Linux; Android 6.0.1; Nexus 5X Build/MMB29P) AppleWebKit/537.36 (KHTML, like Gecko) Chrome/133.0.6943.141 Mobile Safari/537.36 (compatible; GoogleOther)"
66.249.68.65 - - [15/Mar/2025:07:55:35 +0300] "GET /shopdetail/16115781 HTTP/1.1" 200 19150 "-" "Mozilla/5.0 (Linux; Android 6.0.1; Nexus 5X Build/MMB29P) AppleWebKit/537.36 (KHTML, like Gecko) Chrome/133.0.6943.141 Mobile Safari/537.36 (compatible; GoogleOther)"
66.249.68.65 - - [15/Mar/2025:07:58:08 +0300] "GET /shopdetail/9981214 HTTP/1.1" 200 18272 "-" "Mozilla/5.0 (Linux; Android 6.0.1; Nexus 5X Build/MMB29P) AppleWebKit/537.36 (KHTML, like Gecko) Chrome/133.0.6943.141 Mobile Safari/537.36 (compatible; GoogleOther)"
64.124.8.189 - - [15/Mar/2025:07:59:55 +0300] "GET /public/affiliation-sister-concern HTTP/2" 200 4707 "-" "Mozilla/5.0 (compatible; ImagesiftBot; +imagesift.com)"
66.249.68.66 - - [15/Mar/2025:07:55:07 +0300] "GET /shopdetail/6043481 HTTP/1.1" 200 18651 "-" "Mozilla/5.0 (Linux; Android 6.0.1; Nexus 5X Build/MMB29P) AppleWebKit/537.36 (KHTML, like Gecko) Chrome/133.0.6943.141 Mobile Safari/537.36 (compatible; GoogleOther)"
64.124.8.189 - - [15/Mar/2025:07:55:31 +0300] "GET /public/infrastructure HTTP/2" 200 4705 "-" "Mozilla/5.0 (compatible; ImagesiftBot; +imagesift.com)"
66.249.68.66 - - [15/Mar/2025:07:57:17 +0300] "GET /pcmypage?callback=product%2Fdetail%2F50707634 HTTP/1.1" 200 19216 "-" "Mozilla/5.0 (Linux; Android 6.0.1; Nexus 5X Build/MMB29P) AppleWebKit/537.36 (KHTML, like Gecko) Chrome/133.0.6943.141 Mobile Safari/537.36 (compatible; GoogleOther)"
66.249.68.65 - - [15/Mar/2025:07:56:16 +0300] "GET /shopdetail/5856069 HTTP/1.1" 200 19355 "-" "Mozilla/5.0 (Linux; Android 6.0.1; Nexus 5X Build/MMB29P) AppleWebKit/537.36 (KHTML, like Gecko) Chrome/133.0.6943.141 Mobile Safari/537.36 (compatible; GoogleOther)"
66.249.68.66 - - [15/Mar/2025:07:57:08 +0300] "GET /shopdetail/5085347 HTTP/1.1" 200 18679 "-" "Mozilla/5.0 (Linux; Android 6.0.1; Nexus 5X Build/MMB29P) AppleWebKit/537.36 (KHTML, like Gecko) Chrome/133.0.6943.141 Mobile Safari/537.36 (compatible; GoogleOther)"
66.249.68.65 - - [15/Mar/2025:07:59:40 +0300] "GET /shopdetail/6154736 HTTP/1.1" 200 18205 "-" "Mozilla/5.0 (Linux; Android 6.0.1; Nexus 5X Build/MMB29P) AppleWebKit/537.36 (KHTML, like Gecko) Chrome/133.0.6943.141 Mobile Safari/537.36 (compatible; GoogleOther)"
66.249.68.65 - - [15/Mar/2025:08:02:11 +0300] "GET /shopdetail/4851169 HTTP/1.1" 200 20063 "-" "Mozilla/5.0 (Linux; Android 6.0.1; Nexus 5X Build/MMB29P) AppleWebKit/537.36 (KHTML, like Gecko) Chrome/133.0.6943.141 Mobile Safari/537.36 (compatible; GoogleOther)"
66.249.68.66 - - [15/Mar/2025:08:04:52 +0300] "GET /shopdetail/8910269 HTTP/1.1" 200 18617 "-" "Mozilla/5.0 (Linux; Android 6.0.1; Nexus 5X Build/MMB29P) AppleWebKit/537.36 (KHTML, like Gecko) Chrome/133.0.6943.141 Mobile Safari/537.36 (compatible; GoogleOther)"
66.249.68.66 - - [15/Mar/2025:08:05:31 +0300] "GET /shopdetail/8274203 HTTP/1.1" 200 18508 "-" "Mozilla/5.0 (Linux; Android 6.0.1; Nexus 5X Build/MMB29P) AppleWebKit/537.36 (KHTML, like Gecko) Chrome/133.0.6943.141 Mobile Safari/537.36 (compatible; GoogleOther)"
37.112.238.243 - - [15/Mar/2025:08:06:09 +0300] "GET /public/blog HTTP/1.0" 200 26215 "-" "-"
51.77.126.110 - - [15/Mar/2025:08:08:15 +0300] "GET /wp-login.php HTTP/1.1" 200 5489 "-" "GRequests/0.10"
51.77.126.110 - - [15/Mar/2025:08:08:16 +0300] "POST /wp-login.php HTTP/1.1" 200 5606 "-" "GRequests/0.10"
51.77.126.110 - - [15/Mar/2025:08:08:17 +0300] "GET /wp-admin/ HTTP/1.1" 301 795 "-" "GRequests/0.10"
51.77.126.110 - - [15/Mar/2025:08:08:17 +0300] "GET /public/wp-admin HTTP/1.1" 200 5493 "https://digitalhubbd.com/wp-admin/" "GRequests/0.10"
66.249.68.65 - - [15/Mar/2025:08:08:41 +0300] "POST /get-message-notify HTTP/1.1" 200 18048 "https://digitalhubbd.com/shopdetail/6708247" "Mozilla/5.0 (Linux; Android 6.0.1; Nexus 5X Build/MMB29P) AppleWebKit/537.36 (KHTML, like Gecko) Chrome/133.0.6943.141 Mobile Safari/537.36 (compatible; Googlebot/2.1; +http://www.google.com/bot.html)"
66.249.68.66 - - [15/Mar/2025:08:06:09 +0300] "GET /shopdetail/10803969 HTTP/1.1" 200 19259 "-" "Mozilla/5.0 (Linux; Android 6.0.1; Nexus 5X Build/MMB29P) AppleWebKit/537.36 (KHTML, like Gecko) Chrome/133.0.6943.141 Mobile Safari/537.36 (compatible; GoogleOther)"
37.112.238.243 - - [15/Mar/2025:08:06:11 +0300] "GET /public/blog HTTP/1.0" 200 26215 "-" "-"
37.112.238.243 - - [15/Mar/2025:08:06:07 +0300] "GET /blog/ HTTP/1.0" 301 795 "-" "-"
37.112.238.243 - - [15/Mar/2025:08:06:10 +0300] "GET /blog/ HTTP/1.0" 301 795 "-" "-"
66.249.68.65 - - [15/Mar/2025:08:07:16 +0300] "GET /shopdetail/6456492 HTTP/1.1" 200 18250 "-" "Mozilla/5.0 (Linux; Android 6.0.1; Nexus 5X Build/MMB29P) AppleWebKit/537.36 (KHTML, like Gecko) Chrome/133.0.6943.141 Mobile Safari/537.36 (compatible; GoogleOther)"
66.249.68.65 - - [15/Mar/2025:08:08:23 +0300] "GET /shopdetail/6708247 HTTP/1.1" 200 18367 "-" "Mozilla/5.0 (Linux; Android 6.0.1; Nexus 5X Build/MMB29P) AppleWebKit/537.36 (KHTML, like Gecko) Chrome/133.0.6943.141 Mobile Safari/537.36 (compatible; GoogleOther)"
66.249.68.66 - - [15/Mar/2025:08:06:14 +0300] "POST /get-message-notify HTTP/1.1" 200 18048 "https://digitalhubbd.com/shopdetail/10803969" "Mozilla/5.0 (Linux; Android 6.0.1; Nexus 5X Build/MMB29P) AppleWebKit/537.36 (KHTML, like Gecko) Chrome/133.0.6943.141 Mobile Safari/537.36 (compatible; Googlebot/2.1; +http://www.google.com/bot.html)"
66.249.68.66 - - [15/Mar/2025:08:08:15 +0300] "GET /shopdetail/8910269 HTTP/1.1" 200 18617 "-" "Mozilla/5.0 (Linux; Android 6.0.1; Nexus 5X Build/MMB29P) AppleWebKit/537.36 (KHTML, like Gecko) Chrome/133.0.6943.141 Mobile Safari/537.36 (compatible; Googlebot/2.1; +http://www.google.com/bot.html)"
66.249.68.65 - - [15/Mar/2025:08:08:51 +0300] "GET /shopdetail/10793647 HTTP/1.1" 200 18936 "-" "Mozilla/5.0 (Linux; Android 6.0.1; Nexus 5X Build/MMB29P) AppleWebKit/537.36 (KHTML, like Gecko) Chrome/133.0.6943.141 Mobile Safari/537.36 (compatible; GoogleOther)"
66.249.68.65 - - [15/Mar/2025:08:04:13 +0300] "GET /shopdetail/5151792 HTTP/1.1" 200 18725 "-" "Mozilla/5.0 (Linux; Android 6.0.1; Nexus 5X Build/MMB29P) AppleWebKit/537.36 (KHTML, like Gecko) Chrome/133.0.6943.141 Mobile Safari/537.36 (compatible; GoogleOther)"
66.249.68.65 - - [15/Mar/2025:08:08:54 +0300] "POST /get-message-notify HTTP/1.1" 200 18048 "https://digitalhubbd.com/shopdetail/10793647" "Mozilla/5.0 (Linux; Android 6.0.1; Nexus 5X Build/MMB29P) AppleWebKit/537.36 (KHTML, like Gecko) Chrome/133.0.6943.141 Mobile Safari/537.36 (compatible; Googlebot/2.1; +http://www.google.com/bot.html)"
66.249.68.66 - - [15/Mar/2025:08:09:19 +0300] "GET /shopdetail/5589725 HTTP/1.1" 200 18495 "-" "Mozilla/5.0 (Linux; Android 6.0.1; Nexus 5X Build/MMB29P) AppleWebKit/537.36 (KHTML, like Gecko) Chrome/133.0.6943.141 Mobile Safari/537.36 (compatible; GoogleOther)"
64.124.8.189 - - [15/Mar/2025:08:18:55 +0300] "GET /portfolios HTTP/2" 200 7987 "-" "Mozilla/5.0 (compatible; ImagesiftBot; +imagesift.com)"
66.249.68.65 - - [15/Mar/2025:08:25:03 +0300] "POST /get-message-notify HTTP/1.1" 200 18048 "https://digitalhubbd.com/shopdetail/6043347" "Mozilla/5.0 (Linux; Android 6.0.1; Nexus 5X Build/MMB29P) AppleWebKit/537.36 (KHTML, like Gecko) Chrome/133.0.6943.141 Mobile Safari/537.36 (compatible; Googlebot/2.1; +http://www.google.com/bot.html)"
31.13.103.112 - - [15/Mar/2025:08:27:27 +0300] "GET / HTTP/2" 200 137817 "-" "facebookexternalhit/1.1 (+http://www.facebook.com/externalhit_uatext.php)"
66.249.68.65 - - [15/Mar/2025:08:14:52 +0300] "GET /shopdetail/6792825 HTTP/1.1" 200 19442 "-" "Mozilla/5.0 (Linux; Android 6.0.1; Nexus 5X Build/MMB29P) AppleWebKit/537.36 (KHTML, like Gecko) Chrome/133.0.6943.141 Mobile Safari/537.36 (compatible; GoogleOther)"
66.249.68.66 - - [15/Mar/2025:08:16:31 +0300] "POST /get-message-notify HTTP/1.1" 200 18048 "https://digitalhubbd.com/shopdetail/4936847" "Mozilla/5.0 (Linux; Android 6.0.1; Nexus 5X Build/MMB29P) AppleWebKit/537.36 (KHTML, like Gecko) Chrome/133.0.6943.141 Mobile Safari/537.36 (compatible; Googlebot/2.1; +http://www.google.com/bot.html)"
116.179.37.44 - - [15/Mar/2025:08:19:07 +0300] "GET / HTTP/1.1" 200 16861 "-" "Mozilla/5.0 (compatible; Baiduspider-render/2.0; +http://www.baidu.com/search/spider.html)"
66.249.68.67 - - [15/Mar/2025:08:23:14 +0300] "GET /shopdetail/6043347 HTTP/1.1" 200 19145 "-" "Mozilla/5.0 (Linux; Android 6.0.1; Nexus 5X Build/MMB29P) AppleWebKit/537.36 (KHTML, like Gecko) Chrome/133.0.6943.141 Mobile Safari/537.36 (compatible; GoogleOther)"
66.249.68.66 - - [15/Mar/2025:08:15:16 +0300] "POST /get-message-notify HTTP/1.1" 200 18048 "https://digitalhubbd.com/shopdetail/6792825" "Mozilla/5.0 (Linux; Android 6.0.1; Nexus 5X Build/MMB29P) AppleWebKit/537.36 (KHTML, like Gecko) Chrome/133.0.6943.141 Mobile Safari/537.36 (compatible; Googlebot/2.1; +http://www.google.com/bot.html)"
66.249.68.66 - - [15/Mar/2025:08:11:04 +0300] "GET /shopdetail/4655070 HTTP/1.1" 200 19322 "-" "Mozilla/5.0 (Linux; Android 6.0.1; Nexus 5X Build/MMB29P) AppleWebKit/537.36 (KHTML, like Gecko) Chrome/133.0.6943.141 Mobile Safari/537.36 (compatible; GoogleOther)"
66.249.68.67 - - [15/Mar/2025:08:18:01 +0300] "GET /shopdetail/10808003 HTTP/1.1" 200 18336 "-" "Mozilla/5.0 (Linux; Android 6.0.1; Nexus 5X Build/MMB29P) AppleWebKit/537.36 (KHTML, like Gecko) Chrome/133.0.6943.141 Mobile Safari/537.36 (compatible; GoogleOther)"
66.249.68.66 - - [15/Mar/2025:08:20:43 +0300] "GET /shopdetail/13776658 HTTP/1.1" 200 17956 "-" "Mozilla/5.0 (Linux; Android 6.0.1; Nexus 5X Build/MMB29P) AppleWebKit/537.36 (KHTML, like Gecko) Chrome/133.0.6943.141 Mobile Safari/537.36 (compatible; GoogleOther)"
66.249.68.65 - - [15/Mar/2025:08:26:25 +0300] "GET /shopdetail/15327269 HTTP/1.1" 200 18602 "-" "Mozilla/5.0 (Linux; Android 6.0.1; Nexus 5X Build/MMB29P) AppleWebKit/537.36 (KHTML, like Gecko) Chrome/133.0.6943.141 Mobile Safari/537.36 (compatible; GoogleOther)"
66.249.68.65 - - [15/Mar/2025:08:13:07 +0300] "GET /shopdetail/6133047 HTTP/1.1" 200 18446 "-" "Mozilla/5.0 (Linux; Android 6.0.1; Nexus 5X Build/MMB29P) AppleWebKit/537.36 (KHTML, like Gecko) Chrome/133.0.6943.141 Mobile Safari/537.36 (compatible; GoogleOther)"
66.249.68.65 - - [15/Mar/2025:08:14:39 +0300] "POST /get-message-notify HTTP/1.1" 200 18048 "https://digitalhubbd.com/shopdetail/6133047" "Mozilla/5.0 (Linux; Android 6.0.1; Nexus 5X Build/MMB29P) AppleWebKit/537.36 (KHTML, like Gecko) Chrome/133.0.6943.141 Mobile Safari/537.36 (compatible; Googlebot/2.1; +http://www.google.com/bot.html)"
66.249.68.66 - - [15/Mar/2025:08:20:14 +0300] "GET /shopdetail/9874036 HTTP/1.1" 200 19704 "-" "Mozilla/5.0 (Linux; Android 6.0.1; Nexus 5X Build/MMB29P) AppleWebKit/537.36 (KHTML, like Gecko) Chrome/133.0.6943.141 Mobile Safari/537.36 (compatible; GoogleOther)"
66.249.68.66 - - [15/Mar/2025:08:11:32 +0300] "GET /shopdetail/4659825 HTTP/1.1" 200 18811 "-" "Mozilla/5.0 (Linux; Android 6.0.1; Nexus 5X Build/MMB29P) AppleWebKit/537.36 (KHTML, like Gecko) Chrome/133.0.6943.141 Mobile Safari/537.36 (compatible; GoogleOther)"
66.249.68.67 - - [15/Mar/2025:08:16:27 +0300] "GET /shopdetail/4936847 HTTP/1.1" 200 18535 "-" "Mozilla/5.0 (Linux; Android 6.0.1; Nexus 5X Build/MMB29P) AppleWebKit/537.36 (KHTML, like Gecko) Chrome/133.0.6943.141 Mobile Safari/537.36 (compatible; GoogleOther)"
66.249.68.65 - - [15/Mar/2025:08:19:47 +0300] "GET /shopdetail/9401258 HTTP/1.1" 200 19594 "-" "Mozilla/5.0 (Linux; Android 6.0.1; Nexus 5X Build/MMB29P) AppleWebKit/537.36 (KHTML, like Gecko) Chrome/133.0.6943.141 Mobile Safari/537.36 (compatible; GoogleOther)"
66.249.68.66 - - [15/Mar/2025:08:22:18 +0300] "GET /shopdetail/14041758 HTTP/1.1" 200 19730 "-" "Mozilla/5.0 (Linux; Android 6.0.1; Nexus 5X Build/MMB29P) AppleWebKit/537.36 (KHTML, like Gecko) Chrome/133.0.6943.141 Mobile Safari/537.36 (compatible; GoogleOther)"
66.249.68.67 - - [15/Mar/2025:08:24:59 +0300] "GET /shopdetail/5336914 HTTP/1.1" 200 18270 "-" "Mozilla/5.0 (Linux; Android 6.0.1; Nexus 5X Build/MMB29P) AppleWebKit/537.36 (KHTML, like Gecko) Chrome/133.0.6943.141 Mobile Safari/537.36 (compatible; GoogleOther)"
66.249.68.65 - - [15/Mar/2025:08:25:56 +0300] "GET /shopdetail/12511147 HTTP/1.1" 200 18305 "-" "Mozilla/5.0 (Linux; Android 6.0.1; Nexus 5X Build/MMB29P) AppleWebKit/537.36 (KHTML, like Gecko) Chrome/133.0.6943.141 Mobile Safari/537.36 (compatible; GoogleOther)"
66.249.68.67 - - [15/Mar/2025:08:12:00 +0300] "GET /shopdetail/5022170 HTTP/1.1" 200 19220 "-" "Mozilla/5.0 (Linux; Android 6.0.1; Nexus 5X Build/MMB29P) AppleWebKit/537.36 (KHTML, like Gecko) Chrome/133.0.6943.141 Mobile Safari/537.36 (compatible; GoogleOther)"
66.249.68.65 - - [15/Mar/2025:08:16:55 +0300] "GET /shopdetail/10791758 HTTP/1.1" 200 18390 "-" "Mozilla/5.0 (Linux; Android 6.0.1; Nexus 5X Build/MMB29P) AppleWebKit/537.36 (KHTML, like Gecko) Chrome/133.0.6943.141 Mobile Safari/537.36 (compatible; GoogleOther)"
220.181.108.102 - - [15/Mar/2025:08:19:06 +0300] "GET / HTTP/1.1" 200 16864 "-" "Mozilla/5.0 (compatible; Baiduspider/2.0; +http://www.baidu.com/search/spider.html)"
66.249.68.65 - - [15/Mar/2025:08:22:46 +0300] "GET /shopdetail/5500870 HTTP/1.1" 200 19090 "-" "Mozilla/5.0 (Linux; Android 6.0.1; Nexus 5X Build/MMB29P) AppleWebKit/537.36 (KHTML, like Gecko) Chrome/133.0.6943.141 Mobile Safari/537.36 (compatible; GoogleOther)"
66.249.68.65 - - [15/Mar/2025:08:22:57 +0300] "POST /get-message-notify HTTP/1.1" 200 18048 "https://digitalhubbd.com/shopdetail/5500870" "Mozilla/5.0 (Linux; Android 6.0.1; Nexus 5X Build/MMB29P) AppleWebKit/537.36 (KHTML, like Gecko) Chrome/133.0.6943.141 Mobile Safari/537.36 (compatible; Googlebot/2.1; +http://www.google.com/bot.html)"
66.249.68.66 - - [15/Mar/2025:08:25:27 +0300] "GET /shopdetail/4571769 HTTP/1.1" 200 18558 "-" "Mozilla/5.0 (Linux; Android 6.0.1; Nexus 5X Build/MMB29P) AppleWebKit/537.36 (KHTML, like Gecko) Chrome/133.0.6943.141 Mobile Safari/537.36 (compatible; GoogleOther)"
66.249.68.65 - - [15/Mar/2025:08:33:31 +0300] "GET /shopdetail/10850358 HTTP/1.1" 200 19108 "-" "Mozilla/5.0 (Linux; Android 6.0.1; Nexus 5X Build/MMB29P) AppleWebKit/537.36 (KHTML, like Gecko) Chrome/133.0.6943.141 Mobile Safari/537.36 (compatible; GoogleOther)"
66.249.68.65 - - [15/Mar/2025:08:30:25 +0300] "GET /shopdetail/5860881 HTTP/1.1" 200 19365 "-" "Mozilla/5.0 (Linux; Android 6.0.1; Nexus 5X Build/MMB29P) AppleWebKit/537.36 (KHTML, like Gecko) Chrome/133.0.6943.141 Mobile Safari/537.36 (compatible; GoogleOther)"
66.249.68.65 - - [15/Mar/2025:08:30:40 +0300] "GET / HTTP/1.1" 200 18268 "-" "Mozilla/5.0 (Linux; Android 6.0.1; Nexus 5X Build/MMB29P) AppleWebKit/537.36 (KHTML, like Gecko) Chrome/133.0.6943.141 Mobile Safari/537.36 (compatible; Googlebot/2.1; +http://www.google.com/bot.html)"
66.249.68.67 - - [15/Mar/2025:08:31:18 +0300] "GET /shopdetail/9638003 HTTP/1.1" 200 18924 "-" "Mozilla/5.0 (Linux; Android 6.0.1; Nexus 5X Build/MMB29P) AppleWebKit/537.36 (KHTML, like Gecko) Chrome/133.0.6943.141 Mobile Safari/537.36 (compatible; GoogleOther)"
66.249.68.66 - - [15/Mar/2025:08:33:17 +0300] "GET /shopdetail/9834225 HTTP/1.1" 200 18746 "-" "Mozilla/5.0 (Linux; Android 6.0.1; Nexus 5X Build/MMB29P) AppleWebKit/537.36 (KHTML, like Gecko) Chrome/133.0.6943.141 Mobile Safari/537.36 (compatible; GoogleOther)"
66.249.68.65 - - [15/Mar/2025:08:36:50 +0300] "GET /shopdetail/10439892 HTTP/1.1" 200 18659 "-" "Mozilla/5.0 (Linux; Android 6.0.1; Nexus 5X Build/MMB29P) AppleWebKit/537.36 (KHTML, like Gecko) Chrome/133.0.6943.141 Mobile Safari/537.36 (compatible; GoogleOther)"
66.249.68.66 - - [15/Mar/2025:08:37:19 +0300] "GET /shopdetail/2889303 HTTP/1.1" 200 19165 "-" "Mozilla/5.0 (Linux; Android 6.0.1; Nexus 5X Build/MMB29P) AppleWebKit/537.36 (KHTML, like Gecko) Chrome/133.0.6943.141 Mobile Safari/537.36 (compatible; GoogleOther)"
66.249.68.65 - - [15/Mar/2025:08:37:59 +0300] "POST /get-message-notify HTTP/1.1" 200 18048 "https://digitalhubbd.com/shopdetail/10519181" "Mozilla/5.0 (Linux; Android 6.0.1; Nexus 5X Build/MMB29P) AppleWebKit/537.36 (KHTML, like Gecko) Chrome/133.0.6943.141 Mobile Safari/537.36 (compatible; Googlebot/2.1; +http://www.google.com/bot.html)"
66.249.68.65 - - [15/Mar/2025:08:39:54 +0300] "POST /get-message-notify HTTP/1.1" 200 18048 "https://digitalhubbd.com/shopdetail/3380181" "Mozilla/5.0 (Linux; Android 6.0.1; Nexus 5X Build/MMB29P) AppleWebKit/537.36 (KHTML, like Gecko) Chrome/133.0.6943.141 Mobile Safari/537.36 (compatible; Googlebot/2.1; +http://www.google.com/bot.html)"
66.249.68.65 - - [15/Mar/2025:08:28:45 +0300] "GET /shopdetail/2284692 HTTP/1.1" 200 18895 "-" "Mozilla/5.0 (Linux; Android 6.0.1; Nexus 5X Build/MMB29P) AppleWebKit/537.36 (KHTML, like Gecko) Chrome/133.0.6943.141 Mobile Safari/537.36 (compatible; GoogleOther)"
66.249.68.66 - - [15/Mar/2025:08:28:49 +0300] "POST /get-message-notify HTTP/1.1" 200 18048 "https://digitalhubbd.com/shopdetail/2284692" "Mozilla/5.0 (Linux; Android 6.0.1; Nexus 5X Build/MMB29P) AppleWebKit/537.36 (KHTML, like Gecko) Chrome/133.0.6943.141 Mobile Safari/537.36 (compatible; Googlebot/2.1; +http://www.google.com/bot.html)"
66.249.68.65 - - [15/Mar/2025:08:33:59 +0300] "GET /shopdetail/2778903 HTTP/1.1" 200 19561 "-" "Mozilla/5.0 (Linux; Android 6.0.1; Nexus 5X Build/MMB29P) AppleWebKit/537.36 (KHTML, like Gecko) Chrome/133.0.6943.141 Mobile Safari/537.36 (compatible; GoogleOther)"
