66.249.68.66 - - [15/Mar/2025:09:51:13 +0300] "GET /shopdetail/9195670 HTTP/1.1" 200 18236 "-" "Mozilla/5.0 (Linux; Android 6.0.1; Nexus 5X Build/MMB29P) AppleWebKit/537.36 (KHTML, like Gecko) Chrome/133.0.6943.141 Mobile Safari/537.36 (compatible; GoogleOther)"
66.249.68.66 - - [15/Mar/2025:09:51:18 +0300] "POST /get-message-notify HTTP/1.1" 200 18048 "https://digitalhubbd.com/shopdetail/9195670" "Mozilla/5.0 (Linux; Android 6.0.1; Nexus 5X Build/MMB29P) AppleWebKit/537.36 (KHTML, like Gecko) Chrome/133.0.6943.141 Mobile Safari/537.36 (compatible; Googlebot/2.1; +http://www.google.com/bot.html)"
66.249.68.65 - - [15/Mar/2025:09:53:08 +0300] "POST /get-message-notify HTTP/1.1" 200 18048 "https://digitalhubbd.com/shopdetail/5621958" "Mozilla/5.0 (Linux; Android 6.0.1; Nexus 5X Build/MMB29P) AppleWebKit/537.36 (KHTML, like Gecko) Chrome/133.0.6943.141 Mobile Safari/537.36 (compatible; Googlebot/2.1; +http://www.google.com/bot.html)"
162.142.125.211 - - [15/Mar/2025:09:53:10 +0300] "GET / HTTP/1.1" 401 53 "-" "Mozilla/5.0 (compatible; CensysInspect/1.1; +https://about.censys.io/)"
66.249.68.66 - - [15/Mar/2025:10:05:35 +0300] "GET /pcmypage?callback=product%2Fdetail%2F88096433 HTTP/1.1" 200 18446 "-" "Mozilla/5.0 (Linux; Android 6.0.1; Nexus 5X Build/MMB29P) AppleWebKit/537.36 (KHTML, like Gecko) Chrome/133.0.6943.141 Mobile Safari/537.36 (compatible; GoogleOther)"
66.249.68.65 - - [15/Mar/2025:10:06:28 +0300] "POST /get-message-notify HTTP/1.1" 200 18048 "https://digitalhubbd.com/shopdetail/25535281" "Mozilla/5.0 (Linux; Android 6.0.1; Nexus 5X Build/MMB29P) AppleWebKit/537.36 (KHTML, like Gecko) Chrome/133.0.6943.141 Mobile Safari/537.36 (compatible; Googlebot/2.1; +http://www.google.com/bot.html)"
43.130.37.243 - - [15/Mar/2025:10:07:18 +0300] "GET /?f=/home/digitalh/public_html/.gitignore&a=bj HTTP/1.1" 200 14524 "-" "Mozilla/5.0 (iPhone; CPU iPhone OS 13_2_3 like Mac OS X) AppleWebKit/605.1.15 (KHTML, like Gecko) Version/13.0.3 Mobile/15E148 Safari/604.1"
66.249.68.65 - - [15/Mar/2025:09:54:29 +0300] "GET /shopdetail/7399136 HTTP/1.1" 200 18710 "-" "Mozilla/5.0 (Linux; Android 6.0.1; Nexus 5X Build/MMB29P) AppleWebKit/537.36 (KHTML, like Gecko) Chrome/133.0.6943.141 Mobile Safari/537.36 (compatible; GoogleOther)"
66.249.68.67 - - [15/Mar/2025:09:56:00 +0300] "GET /shopdetail/13972069 HTTP/1.1" 200 18968 "-" "Mozilla/5.0 (Linux; Android 6.0.1; Nexus 5X Build/MMB29P) AppleWebKit/537.36 (KHTML, like Gecko) Chrome/133.0.6943.141 Mobile Safari/537.36 (compatible; GoogleOther)"
66.249.68.65 - - [15/Mar/2025:10:03:01 +0300] "GET /shopdetail/12547358 HTTP/1.1" 200 19637 "-" "Mozilla/5.0 (Linux; Android 6.0.1; Nexus 5X Build/MMB29P) AppleWebKit/537.36 (KHTML, like Gecko) Chrome/133.0.6943.141 Mobile Safari/537.36 (compatible; GoogleOther)"
66.249.68.65 - - [15/Mar/2025:10:03:19 +0300] "GET /shopdetail/10878025 HTTP/1.1" 200 18474 "-" "Mozilla/5.0 (Linux; Android 6.0.1; Nexus 5X Build/MMB29P) AppleWebKit/537.36 (KHTML, like Gecko) Chrome/133.0.6943.141 Mobile Safari/537.36 (compatible; GoogleOther)"
66.249.68.66 - - [15/Mar/2025:09:52:24 +0300] "POST /get-message-notify HTTP/1.1" 200 18048 "https://digitalhubbd.com/shopdetail/8303914" "Mozilla/5.0 (Linux; Android 6.0.1; Nexus 5X Build/MMB29P) AppleWebKit/537.36 (KHTML, like Gecko) Chrome/133.0.6943.141 Mobile Safari/537.36 (compatible; Googlebot/2.1; +http://www.google.com/bot.html)"
66.249.68.65 - - [15/Mar/2025:09:54:32 +0300] "POST /get-message-notify HTTP/1.1" 200 18048 "https://digitalhubbd.com/shopdetail/7399136" "Mozilla/5.0 (Linux; Android 6.0.1; Nexus 5X Build/MMB29P) AppleWebKit/537.36 (KHTML, like Gecko) Chrome/133.0.6943.141 Mobile Safari/537.36 (compatible; Googlebot/2.1; +http://www.google.com/bot.html)"
66.249.68.65 - - [15/Mar/2025:09:58:27 +0300] "GET /shopdetail/5933881 HTTP/1.1" 200 18246 "-" "Mozilla/5.0 (Linux; Android 6.0.1; Nexus 5X Build/MMB29P) AppleWebKit/537.36 (KHTML, like Gecko) Chrome/133.0.6943.141 Mobile Safari/537.36 (compatible; GoogleOther)"
66.249.68.67 - - [15/Mar/2025:09:59:13 +0300] "GET /shopdetail/24229203 HTTP/1.1" 200 18193 "-" "Mozilla/5.0 (Linux; Android 6.0.1; Nexus 5X Build/MMB29P) AppleWebKit/537.36 (KHTML, like Gecko) Chrome/133.0.6943.141 Mobile Safari/537.36 (compatible; GoogleOther)"
66.249.68.66 - - [15/Mar/2025:10:01:39 +0300] "GET /shopdetail/13109492 HTTP/1.1" 200 19232 "-" "Mozilla/5.0 (Linux; Android 6.0.1; Nexus 5X Build/MMB29P) AppleWebKit/537.36 (KHTML, like Gecko) Chrome/133.0.6943.141 Mobile Safari/537.36 (compatible; GoogleOther)"
66.249.68.65 - - [15/Mar/2025:10:07:47 +0300] "GET /shopdetail/7579492 HTTP/1.1" 200 17919 "-" "Mozilla/5.0 (Linux; Android 6.0.1; Nexus 5X Build/MMB29P) AppleWebKit/537.36 (KHTML, like Gecko) Chrome/133.0.6943.141 Mobile Safari/537.36 (compatible; Googlebot/2.1; +http://www.google.com/bot.html)"
66.249.68.65 - - [15/Mar/2025:09:52:34 +0300] "GET /shopdetail/7023114 HTTP/1.1" 200 19924 "-" "Mozilla/5.0 (Linux; Android 6.0.1; Nexus 5X Build/MMB29P) AppleWebKit/537.36 (KHTML, like Gecko) Chrome/133.0.6943.141 Mobile Safari/537.36 (compatible; GoogleOther)"
47.82.11.210 - - [15/Mar/2025:09:56:07 +0300] "GET /language/set-locale/1/portfolio-bracket-square-box HTTP/1.1" 200 3549 "https://digitalhubbd.com/language/set-locale/1/portfolio-bracket-square-box" "Mozilla/5.0 (Windows NT 10.0; Win64; x64) AppleWebKit/537.36 (KHTML, like Gecko) Chrome/114.0.0.0 Safari/537.36 Edg/114.0.1823.43"
66.249.68.65 - - [15/Mar/2025:10:01:57 +0300] "GET /shopdetail/25900470 HTTP/1.1" 200 19435 "-" "Mozilla/5.0 (Linux; Android 6.0.1; Nexus 5X Build/MMB29P) AppleWebKit/537.36 (KHTML, like Gecko) Chrome/133.0.6943.141 Mobile Safari/537.36 (compatible; GoogleOther)"
185.241.208.84 - - [15/Mar/2025:10:02:50 +0300] "GET /.env HTTP/1.1" 403 1242 "-" "Mozilla/5.0 (Windows NT 10.0; Win64; x64) AppleWebKit/537.36 (KHTML, like Gecko) Chrome/58.0.3029.110 Safari/537.3"
66.249.68.65 - - [15/Mar/2025:09:52:52 +0300] "GET /shopdetail/5621958 HTTP/1.1" 200 18250 "-" "Mozilla/5.0 (Linux; Android 6.0.1; Nexus 5X Build/MMB29P) AppleWebKit/537.36 (KHTML, like Gecko) Chrome/133.0.6943.141 Mobile Safari/537.36 (compatible; GoogleOther)"
66.249.68.67 - - [15/Mar/2025:09:55:15 +0300] "GET /shopdetail/8721969 HTTP/1.1" 200 17975 "-" "Mozilla/5.0 (Linux; Android 6.0.1; Nexus 5X Build/MMB29P) AppleWebKit/537.36 (KHTML, like Gecko) Chrome/133.0.6943.141 Mobile Safari/537.36 (compatible; GoogleOther)"
66.249.68.67 - - [15/Mar/2025:10:05:36 +0300] "GET /shopdetail/9213836 HTTP/1.1" 200 18871 "-" "Mozilla/5.0 (Linux; Android 6.0.1; Nexus 5X Build/MMB29P) AppleWebKit/537.36 (KHTML, like Gecko) Chrome/133.0.6943.141 Mobile Safari/537.36 (compatible; GoogleOther)"
66.249.68.65 - - [15/Mar/2025:10:05:53 +0300] "GET /shopdetail/25535281 HTTP/1.1" 200 19857 "-" "Mozilla/5.0 (Linux; Android 6.0.1; Nexus 5X Build/MMB29P) AppleWebKit/537.36 (KHTML, like Gecko) Chrome/133.0.6943.141 Mobile Safari/537.36 (compatible; GoogleOther)"
66.249.68.66 - - [15/Mar/2025:10:09:38 +0300] "POST /get-message-notify HTTP/1.1" 200 18048 "https://digitalhubbd.com/shopdetail/5560025" "Mozilla/5.0 (Linux; Android 6.0.1; Nexus 5X Build/MMB29P) AppleWebKit/537.36 (KHTML, like Gecko) Chrome/133.0.6943.141 Mobile Safari/537.36 (compatible; Googlebot/2.1; +http://www.google.com/bot.html)"
66.249.68.65 - - [15/Mar/2025:10:12:57 +0300] "GET /shopdetail/10733814 HTTP/1.1" 200 17954 "-" "Mozilla/5.0 (Linux; Android 6.0.1; Nexus 5X Build/MMB29P) AppleWebKit/537.36 (KHTML, like Gecko) Chrome/133.0.6943.141 Mobile Safari/537.36 (compatible; GoogleOther)"
66.249.68.66 - - [15/Mar/2025:10:16:28 +0300] "POST /get-message-notify HTTP/1.1" 200 18048 "https://digitalhubbd.com/shopdetail/11284381" "Mozilla/5.0 (Linux; Android 6.0.1; Nexus 5X Build/MMB29P) AppleWebKit/537.36 (KHTML, like Gecko) Chrome/133.0.6943.141 Mobile Safari/537.36 (compatible; Googlebot/2.1; +http://www.google.com/bot.html)"
66.249.68.66 - - [15/Mar/2025:10:08:16 +0300] "GET /shopdetail/25763092 HTTP/1.1" 200 21012 "-" "Mozilla/5.0 (Linux; Android 6.0.1; Nexus 5X Build/MMB29P) AppleWebKit/537.36 (KHTML, like Gecko) Chrome/133.0.6943.141 Mobile Safari/537.36 (compatible; GoogleOther)"
66.249.68.65 - - [15/Mar/2025:10:09:37 +0300] "GET /shopdetail/26261670 HTTP/1.1" 200 19356 "-" "Mozilla/5.0 (Linux; Android 6.0.1; Nexus 5X Build/MMB29P) AppleWebKit/537.36 (KHTML, like Gecko) Chrome/133.0.6943.141 Mobile Safari/537.36 (compatible; GoogleOther)"
66.249.68.65 - - [15/Mar/2025:10:10:23 +0300] "GET /shopdetail/12482081 HTTP/1.1" 200 19198 "-" "Mozilla/5.0 (Linux; Android 6.0.1; Nexus 5X Build/MMB29P) AppleWebKit/537.36 (KHTML, like Gecko) Chrome/133.0.6943.141 Mobile Safari/537.36 (compatible; GoogleOther)"
66.249.68.66 - - [15/Mar/2025:10:09:20 +0300] "GET /shopdetail/12088370 HTTP/1.1" 200 18475 "-" "Mozilla/5.0 (Linux; Android 6.0.1; Nexus 5X Build/MMB29P) AppleWebKit/537.36 (KHTML, like Gecko) Chrome/133.0.6943.141 Mobile Safari/537.36 (compatible; GoogleOther)"
66.249.68.65 - - [15/Mar/2025:10:10:51 +0300] "POST /get-message-notify HTTP/1.1" 200 18048 "https://digitalhubbd.com/shopdetail/12482081" "Mozilla/5.0 (Linux; Android 6.0.1; Nexus 5X Build/MMB29P) AppleWebKit/537.36 (KHTML, like Gecko) Chrome/133.0.6943.141 Mobile Safari/537.36 (compatible; Googlebot/2.1; +http://www.google.com/bot.html)"
3.219.80.71 - - [15/Mar/2025:10:11:38 +0300] "GET /abcabcabcabcabcabcabcabcabcabc HTTP/1.1" 403 0 "-" "Mozilla/5.0 AppleWebKit/537.36 (KHTML, like Gecko; compatible; Amazonbot/0.1; +https://developer.amazon.com/support/amazonbot) Chrome/119.0.6045.214 Safari/537.36"
66.249.68.65 - - [15/Mar/2025:10:16:21 +0300] "GET /shopdetail/11284381 HTTP/1.1" 200 19736 "-" "Mozilla/5.0 (Linux; Android 6.0.1; Nexus 5X Build/MMB29P) AppleWebKit/537.36 (KHTML, like Gecko) Chrome/133.0.6943.141 Mobile Safari/537.36 (compatible; GoogleOther)"
66.249.68.67 - - [15/Mar/2025:10:11:08 +0300] "GET /shopdetail/24264614 HTTP/1.1" 200 19794 "-" "Mozilla/5.0 (Linux; Android 6.0.1; Nexus 5X Build/MMB29P) AppleWebKit/537.36 (KHTML, like Gecko) Chrome/133.0.6943.141 Mobile Safari/537.36 (compatible; GoogleOther)"
66.249.68.67 - - [15/Mar/2025:10:12:40 +0300] "GET /shopdetail/24915603 HTTP/1.1" 200 19465 "-" "Mozilla/5.0 (Linux; Android 6.0.1; Nexus 5X Build/MMB29P) AppleWebKit/537.36 (KHTML, like Gecko) Chrome/133.0.6943.141 Mobile Safari/537.36 (compatible; GoogleOther)"
66.249.68.66 - - [15/Mar/2025:10:08:34 +0300] "GET /shopdetail/9167147 HTTP/1.1" 200 18777 "-" "Mozilla/5.0 (Linux; Android 6.0.1; Nexus 5X Build/MMB29P) AppleWebKit/537.36 (KHTML, like Gecko) Chrome/133.0.6943.141 Mobile Safari/537.36 (compatible; GoogleOther)"
66.249.68.66 - - [15/Mar/2025:10:11:26 +0300] "GET /shopdetail/11376170 HTTP/1.1" 200 19437 "-" "Mozilla/5.0 (Linux; Android 6.0.1; Nexus 5X Build/MMB29P) AppleWebKit/537.36 (KHTML, like Gecko) Chrome/133.0.6943.141 Mobile Safari/537.36 (compatible; GoogleOther)"
66.249.68.67 - - [15/Mar/2025:10:14:11 +0300] "GET /shopdetail/10093236 HTTP/1.1" 200 18762 "-" "Mozilla/5.0 (Linux; Android 6.0.1; Nexus 5X Build/MMB29P) AppleWebKit/537.36 (KHTML, like Gecko) Chrome/133.0.6943.141 Mobile Safari/537.36 (compatible; GoogleOther)"
66.249.68.65 - - [15/Mar/2025:10:20:09 +0300] "GET /shopdetail/26069403 HTTP/1.1" 200 18741 "-" "Mozilla/5.0 (Linux; Android 6.0.1; Nexus 5X Build/MMB29P) AppleWebKit/537.36 (KHTML, like Gecko) Chrome/133.0.6943.141 Mobile Safari/537.36 (compatible; GoogleOther)"
66.249.68.65 - - [15/Mar/2025:10:17:07 +0300] "GET /shopdetail/10394614 HTTP/1.1" 200 17785 "-" "Mozilla/5.0 (Linux; Android 6.0.1; Nexus 5X Build/MMB29P) AppleWebKit/537.36 (KHTML, like Gecko) Chrome/133.0.6943.141 Mobile Safari/537.36 (compatible; GoogleOther)"
66.249.68.66 - - [15/Mar/2025:10:22:26 +0300] "GET /shopdetail/24243647 HTTP/1.1" 200 19236 "-" "Mozilla/5.0 (Linux; Android 6.0.1; Nexus 5X Build/MMB29P) AppleWebKit/537.36 (KHTML, like Gecko) Chrome/133.0.6943.141 Mobile Safari/537.36 (compatible; GoogleOther)"
66.249.68.65 - - [15/Mar/2025:10:18:20 +0300] "GET /shopdetail/23944536 HTTP/1.1" 200 19968 "-" "Mozilla/5.0 (Linux; Android 6.0.1; Nexus 5X Build/MMB29P) AppleWebKit/537.36 (KHTML, like Gecko) Chrome/133.0.6943.141 Mobile Safari/537.36 (compatible; GoogleOther)"
66.249.68.65 - - [15/Mar/2025:10:19:40 +0300] "POST /get-message-notify HTTP/1.1" 200 18048 "https://digitalhubbd.com/shopdetail/24264614" "Mozilla/5.0 (Linux; Android 6.0.1; Nexus 5X Build/MMB29P) AppleWebKit/537.36 (KHTML, like Gecko) Chrome/133.0.6943.141 Mobile Safari/537.36 (compatible; Googlebot/2.1; +http://www.google.com/bot.html)"
66.249.68.66 - - [15/Mar/2025:10:19:23 +0300] "GET /shopdetail/24766269 HTTP/1.1" 200 19343 "-" "Mozilla/5.0 (Linux; Android 6.0.1; Nexus 5X Build/MMB29P) AppleWebKit/537.36 (KHTML, like Gecko) Chrome/133.0.6943.141 Mobile Safari/537.36 (compatible; GoogleOther)"
66.249.68.65 - - [15/Mar/2025:10:23:39 +0300] "GET /shopdetail/9630747 HTTP/1.1" 200 18607 "-" "Mozilla/5.0 (Linux; Android 6.0.1; Nexus 5X Build/MMB29P) AppleWebKit/537.36 (KHTML, like Gecko) Chrome/133.0.6943.141 Mobile Safari/537.36 (compatible; GoogleOther)"
66.249.68.67 - - [15/Mar/2025:10:19:05 +0300] "GET /shopdetail/24114092 HTTP/1.1" 200 18552 "-" "Mozilla/5.0 (Linux; Android 6.0.1; Nexus 5X Build/MMB29P) AppleWebKit/537.36 (KHTML, like Gecko) Chrome/133.0.6943.141 Mobile Safari/537.36 (compatible; GoogleOther)"
66.249.68.66 - - [15/Mar/2025:10:21:50 +0300] "GET /shopdetail/10737492 HTTP/1.1" 200 19805 "-" "Mozilla/5.0 (Linux; Android 6.0.1; Nexus 5X Build/MMB29P) AppleWebKit/537.36 (KHTML, like Gecko) Chrome/133.0.6943.141 Mobile Safari/537.36 (compatible; GoogleOther)"
66.249.68.66 - - [15/Mar/2025:10:22:08 +0300] "GET /shopdetail/24166114 HTTP/1.1" 200 19416 "-" "Mozilla/5.0 (Linux; Android 6.0.1; Nexus 5X Build/MMB29P) AppleWebKit/537.36 (KHTML, like Gecko) Chrome/133.0.6943.141 Mobile Safari/537.36 (compatible; GoogleOther)"
66.249.68.66 - - [15/Mar/2025:10:17:15 +0300] "POST /get-message-notify HTTP/1.1" 200 18048 "https://digitalhubbd.com/shopdetail/10394614" "Mozilla/5.0 (Linux; Android 6.0.1; Nexus 5X Build/MMB29P) AppleWebKit/537.36 (KHTML, like Gecko) Chrome/133.0.6943.141 Mobile Safari/537.36 (compatible; Googlebot/2.1; +http://www.google.com/bot.html)"
66.249.68.66 - - [15/Mar/2025:10:20:14 +0300] "POST /get-message-notify HTTP/1.1" 200 18048 "https://digitalhubbd.com/shopdetail/24766269" "Mozilla/5.0 (Linux; Android 6.0.1; Nexus 5X Build/MMB29P) AppleWebKit/537.36 (KHTML, like Gecko) Chrome/133.0.6943.141 Mobile Safari/537.36 (compatible; Googlebot/2.1; +http://www.google.com/bot.html)"
66.249.68.65 - - [15/Mar/2025:10:22:47 +0300] "POST /get-message-notify HTTP/1.1" 200 18048 "https://digitalhubbd.com/shopdetail/24243647" "Mozilla/5.0 (Linux; Android 6.0.1; Nexus 5X Build/MMB29P) AppleWebKit/537.36 (KHTML, like Gecko) Chrome/133.0.6943.141 Mobile Safari/537.36 (compatible; Googlebot/2.1; +http://www.google.com/bot.html)"
66.249.68.65 - - [15/Mar/2025:10:25:51 +0300] "POST /get-message-notify HTTP/1.1" 200 18048 "https://digitalhubbd.com/shopdetail/26067592" "Mozilla/5.0 (Linux; Android 6.0.1; Nexus 5X Build/MMB29P) AppleWebKit/537.36 (KHTML, like Gecko) Chrome/133.0.6943.141 Mobile Safari/537.36 (compatible; Googlebot/2.1; +http://www.google.com/bot.html)"
66.249.68.65 - - [15/Mar/2025:10:36:11 +0300] "POST /get-message-notify HTTP/1.1" 200 18048 "https://digitalhubbd.com/shopdetail/12130470" "Mozilla/5.0 (Linux; Android 6.0.1; Nexus 5X Build/MMB29P) AppleWebKit/537.36 (KHTML, like Gecko) Chrome/133.0.6943.141 Mobile Safari/537.36 (compatible; Googlebot/2.1; +http://www.google.com/bot.html)"
102.129.223.92 - - [15/Mar/2025:10:36:14 +0300] "GET /portfolio/paper-design HTTP/1.1" 200 8526 "https://digitalhubbd.com/contacts/%09%092024-06-17+13:17%09Ready+contact+form+successfully+found%09http://digitalhubbd.com%09%09%09%09%09" "Mozilla/5.0 (Macintosh; Intel Mac OS X 12_5) AppleWebKit/537.36 (KHTML, like Gecko) Chrome/114.0.0.0 YaBrowser/22.7.0 Yowser/2.5 Safari/537.36"
66.249.68.66 - - [15/Mar/2025:10:37:26 +0300] "POST /get-message-notify HTTP/1.1" 200 18048 "https://digitalhubbd.com/shopdetail/7908770" "Mozilla/5.0 (Linux; Android 6.0.1; Nexus 5X Build/MMB29P) AppleWebKit/537.36 (KHTML, like Gecko) Chrome/133.0.6943.141 Mobile Safari/537.36 (compatible; Googlebot/2.1; +http://www.google.com/bot.html)"
47.128.60.91 - - [15/Mar/2025:10:27:20 +0300] "GET /robots.txt HTTP/1.1" 403 1242 "-" "Mozilla/5.0 (Linux; Android 5.0) AppleWebKit/537.36 (KHTML, like Gecko) Mobile Safari/537.36 (compatible; Bytespider; spider-feedback@bytedance.com)"
66.249.68.67 - - [15/Mar/2025:10:28:13 +0300] "GET /shopdetail/15711725 HTTP/1.1" 200 18534 "-" "Mozilla/5.0 (Linux; Android 6.0.1; Nexus 5X Build/MMB29P) AppleWebKit/537.36 (KHTML, like Gecko) Chrome/133.0.6943.141 Mobile Safari/537.36 (compatible; GoogleOther)"
66.249.68.65 - - [15/Mar/2025:10:30:05 +0300] "GET /shopdetail/15449369 HTTP/1.1" 200 19073 "-" "Mozilla/5.0 (Linux; Android 6.0.1; Nexus 5X Build/MMB29P) AppleWebKit/537.36 (KHTML, like Gecko) Chrome/133.0.6943.141 Mobile Safari/537.36 (compatible; GoogleOther)"
66.249.68.66 - - [15/Mar/2025:10:33:15 +0300] "GET /shopdetail/6970381 HTTP/1.1" 200 18916 "-" "Mozilla/5.0 (Linux; Android 6.0.1; Nexus 5X Build/MMB29P) AppleWebKit/537.36 (KHTML, like Gecko) Chrome/133.0.6943.141 Mobile Safari/537.36 (compatible; GoogleOther)"
66.249.68.65 - - [15/Mar/2025:10:35:22 +0300] "POST /get-message-notify HTTP/1.1" 200 18048 "https://digitalhubbd.com/shopdetail/25689169" "Mozilla/5.0 (Linux; Android 6.0.1; Nexus 5X Build/MMB29P) AppleWebKit/537.36 (KHTML, like Gecko) Chrome/133.0.6943.141 Mobile Safari/537.36 (compatible; Googlebot/2.1; +http://www.google.com/bot.html)"
66.249.68.66 - - [15/Mar/2025:10:37:21 +0300] "GET /shopdetail/7908770 HTTP/1.1" 200 18839 "-" "Mozilla/5.0 (Linux; Android 6.0.1; Nexus 5X Build/MMB29P) AppleWebKit/537.36 (KHTML, like Gecko) Chrome/133.0.6943.141 Mobile Safari/537.36 (compatible; GoogleOther)"
65.109.173.89 - - [15/Mar/2025:10:27:36 +0300] "GET /.git/config HTTP/1.1" 403 1242 "-" "-"
47.79.2.34 - - [15/Mar/2025:10:31:48 +0300] "GET /language/set-locale/1/blog-bracket-the-golden-rule-between-unique-design HTTP/1.1" 200 3566 "https://digitalhubbd.com/language/set-locale/1/blog-bracket-the-golden-rule-between-unique-design" "Mozilla/5.0 (Windows NT 10.0; Win64; x64) AppleWebKit/537.36 (KHTML, like Gecko) Chrome/114.0.0.0 Safari/537.36 Edg/114.0.1823.43"
66.249.68.65 - - [15/Mar/2025:10:35:32 +0300] "GET /shopdetail/28149858 HTTP/1.1" 200 18477 "-" "Mozilla/5.0 (Linux; Android 6.0.1; Nexus 5X Build/MMB29P) AppleWebKit/537.36 (KHTML, like Gecko) Chrome/133.0.6943.141 Mobile Safari/537.36 (compatible; GoogleOther)"
102.129.223.92 - - [15/Mar/2025:10:36:09 +0300] "GET /.editorconfig HTTP/1.1" 200 4697 "https://digitalhubbd.com/contacts/%09%092024-06-17+13:17%09Ready+contact+form+successfully+found%09http://digitalhubbd.com%09%09%09%09%09" "Mozilla/5.0 (Macintosh; Intel Mac OS X 12_5) AppleWebKit/537.36 (KHTML, like Gecko) Chrome/114.0.0.0 YaBrowser/22.7.0 Yowser/2.5 Safari/537.36"
102.129.223.92 - - [15/Mar/2025:10:36:11 +0300] "GET /contact HTTP/1.1" 200 8498 "https://digitalhubbd.com/contacts/%09%092024-06-17+13:17%09Ready+contact+form+successfully+found%09http://digitalhubbd.com%09%09%09%09%09" "Mozilla/5.0 (Macintosh; Intel Mac OS X 12_5) AppleWebKit/537.36 (KHTML, like Gecko) Chrome/114.0.0.0 YaBrowser/22.7.0 Yowser/2.5 Safari/537.36"
102.129.223.92 - - [15/Mar/2025:10:36:12 +0300] "GET /portfolio/paper-design HTTP/1.1" 200 8528 "https://digitalhubbd.com/contacts/%09%092024-06-17+13:17%09Ready+contact+form+successfully+found%09http://digitalhubbd.com%09%09%09%09%09" "Mozilla/5.0 (Macintosh; Intel Mac OS X 12_5) AppleWebKit/537.36 (KHTML, like Gecko) Chrome/114.0.0.0 YaBrowser/22.7.0 Yowser/2.5 Safari/537.36"
66.249.68.67 - - [15/Mar/2025:10:26:20 +0300] "GET /shopdetail/10013614 HTTP/1.1" 200 18390 "-" "Mozilla/5.0 (Linux; Android 6.0.1; Nexus 5X Build/MMB29P) AppleWebKit/537.36 (KHTML, like Gecko) Chrome/133.0.6943.141 Mobile Safari/537.36 (compatible; GoogleOther)"
102.129.223.92 - - [15/Mar/2025:10:36:08 +0300] "GET /contacts/%09%092024-06-17+13:17%09Ready+contact+form+successfully+found%09http://digitalhubbd.com%09%09%09%09%09 HTTP/1.1" 200 4696 "-" "Mozilla/5.0 (Macintosh; Intel Mac OS X 12_5) AppleWebKit/537.36 (KHTML, like Gecko) Chrome/114.0.0.0 YaBrowser/22.7.0 Yowser/2.5 Safari/537.36"
102.129.223.92 - - [15/Mar/2025:10:36:14 +0300] "GET /blog/the-golden-rule-between-unique-design HTTP/1.1" 200 8532 "https://digitalhubbd.com/contacts/%09%092024-06-17+13:17%09Ready+contact+form+successfully+found%09http://digitalhubbd.com%09%09%09%09%09" "Mozilla/5.0 (Macintosh; Intel Mac OS X 12_5) AppleWebKit/537.36 (KHTML, like Gecko) Chrome/114.0.0.0 YaBrowser/22.7.0 Yowser/2.5 Safari/537.36"
66.249.68.65 - - [15/Mar/2025:10:40:05 +0300] "GET /shopdetail/11736603 HTTP/1.1" 200 18508 "-" "Mozilla/5.0 (Linux; Android 6.0.1; Nexus 5X Build/MMB29P) AppleWebKit/537.36 (KHTML, like Gecko) Chrome/133.0.6943.141 Mobile Safari/537.36 (compatible; GoogleOther)"
66.249.68.66 - - [15/Mar/2025:10:30:50 +0300] "GET /shopdetail/25108136 HTTP/1.1" 200 19777 "-" "Mozilla/5.0 (Linux; Android 6.0.1; Nexus 5X Build/MMB29P) AppleWebKit/537.36 (KHTML, like Gecko) Chrome/133.0.6943.141 Mobile Safari/537.36 (compatible; GoogleOther)"
66.249.68.65 - - [15/Mar/2025:10:31:08 +0300] "GET /shopdetail/6142570 HTTP/1.1" 200 18767 "-" "Mozilla/5.0 (Linux; Android 6.0.1; Nexus 5X Build/MMB29P) AppleWebKit/537.36 (KHTML, like Gecko) Chrome/133.0.6943.141 Mobile Safari/537.36 (compatible; GoogleOther)"
66.249.68.66 - - [15/Mar/2025:10:31:29 +0300] "POST /get-message-notify HTTP/1.1" 200 18048 "https://digitalhubbd.com/shopdetail/7808970" "Mozilla/5.0 (Linux; Android 6.0.1; Nexus 5X Build/MMB29P) AppleWebKit/537.36 (KHTML, like Gecko) Chrome/133.0.6943.141 Mobile Safari/537.36 (compatible; Googlebot/2.1; +http://www.google.com/bot.html)"
205.210.31.31 - - [15/Mar/2025:10:38:26 +0300] "GET / HTTP/1.1" 200 37767 "http://107.181.252.142:80/" "-"
66.249.68.66 - - [15/Mar/2025:10:27:56 +0300] "GET /shopdetail/11286614 HTTP/1.1" 200 18461 "-" "Mozilla/5.0 (Linux; Android 6.0.1; Nexus 5X Build/MMB29P) AppleWebKit/537.36 (KHTML, like Gecko) Chrome/133.0.6943.141 Mobile Safari/537.36 (compatible; GoogleOther)"
66.249.68.66 - - [15/Mar/2025:10:31:26 +0300] "GET /shopdetail/7808970 HTTP/1.1" 200 18744 "-" "Mozilla/5.0 (Linux; Android 6.0.1; Nexus 5X Build/MMB29P) AppleWebKit/537.36 (KHTML, like Gecko) Chrome/133.0.6943.141 Mobile Safari/537.36 (compatible; GoogleOther)"
66.249.68.66 - - [15/Mar/2025:10:32:11 +0300] "GET /shopdetail/5713292 HTTP/1.1" 200 19256 "-" "Mozilla/5.0 (Linux; Android 6.0.1; Nexus 5X Build/MMB29P) AppleWebKit/537.36 (KHTML, like Gecko) Chrome/133.0.6943.141 Mobile Safari/537.36 (compatible; GoogleOther)"
102.129.223.92 - - [15/Mar/2025:10:36:10 +0300] "GET / HTTP/1.1" 200 13126 "https://digitalhubbd.com/contacts/%09%092024-06-17+13:17%09Ready+contact+form+successfully+found%09http://digitalhubbd.com%09%09%09%09%09" "Mozilla/5.0 (Macintosh; Intel Mac OS X 12_5) AppleWebKit/537.36 (KHTML, like Gecko) Chrome/114.0.0.0 YaBrowser/22.7.0 Yowser/2.5 Safari/537.36"
66.249.68.66 - - [15/Mar/2025:10:25:49 +0300] "GET /shopdetail/26067592 HTTP/1.1" 200 19784 "-" "Mozilla/5.0 (Linux; Android 6.0.1; Nexus 5X Build/MMB29P) AppleWebKit/537.36 (KHTML, like Gecko) Chrome/133.0.6943.141 Mobile Safari/537.36 (compatible; GoogleOther)"
66.249.68.66 - - [15/Mar/2025:10:26:38 +0300] "GET /shopdetail/9736436 HTTP/1.1" 200 18069 "-" "Mozilla/5.0 (Linux; Android 6.0.1; Nexus 5X Build/MMB29P) AppleWebKit/537.36 (KHTML, like Gecko) Chrome/133.0.6943.141 Mobile Safari/537.36 (compatible; GoogleOther)"
66.249.68.66 - - [15/Mar/2025:10:26:41 +0300] "POST /get-message-notify HTTP/1.1" 200 18048 "https://digitalhubbd.com/shopdetail/9736436" "Mozilla/5.0 (Linux; Android 6.0.1; Nexus 5X Build/MMB29P) AppleWebKit/537.36 (KHTML, like Gecko) Chrome/133.0.6943.141 Mobile Safari/537.36 (compatible; Googlebot/2.1; +http://www.google.com/bot.html)"
66.249.68.65 - - [15/Mar/2025:10:28:51 +0300] "GET /shopdetail/10284670 HTTP/1.1" 200 20294 "-" "Mozilla/5.0 (Linux; Android 6.0.1; Nexus 5X Build/MMB29P) AppleWebKit/537.36 (KHTML, like Gecko) Chrome/133.0.6943.141 Mobile Safari/537.36 (compatible; GoogleOther)"
102.129.223.92 - - [15/Mar/2025:10:36:11 +0300] "GET /blog/the-golden-rule-between-unique-design HTTP/1.1" 200 8529 "https://digitalhubbd.com/contacts/%09%092024-06-17+13:17%09Ready+contact+form+successfully+found%09http://digitalhubbd.com%09%09%09%09%09" "Mozilla/5.0 (Macintosh; Intel Mac OS X 12_5) AppleWebKit/537.36 (KHTML, like Gecko) Chrome/114.0.0.0 YaBrowser/22.7.0 Yowser/2.5 Safari/537.36"
66.249.68.65 - - [15/Mar/2025:10:39:20 +0300] "GET /shopdetail/5822681 HTTP/1.1" 200 19699 "-" "Mozilla/5.0 (Linux; Android 6.0.1; Nexus 5X Build/MMB29P) AppleWebKit/537.36 (KHTML, like Gecko) Chrome/133.0.6943.141 Mobile Safari/537.36 (compatible; GoogleOther)"
66.249.68.65 - - [15/Mar/2025:10:41:18 +0300] "GET /shopdetail/6506303 HTTP/1.1" 200 18453 "-" "Mozilla/5.0 (Linux; Android 6.0.1; Nexus 5X Build/MMB29P) AppleWebKit/537.36 (KHTML, like Gecko) Chrome/133.0.6943.141 Mobile Safari/537.36 (compatible; GoogleOther)"
47.128.33.17 - - [15/Mar/2025:10:26:56 +0300] "GET /robots.txt HTTP/1.1" 403 1242 "-" "Mozilla/5.0 (Linux; Android 5.0) AppleWebKit/537.36 (KHTML, like Gecko) Mobile Safari/537.36 (compatible; Bytespider; spider-feedback@bytedance.com)"
66.249.68.66 - - [15/Mar/2025:10:33:19 +0300] "POST /get-message-notify HTTP/1.1" 200 18048 "https://digitalhubbd.com/shopdetail/6970381" "Mozilla/5.0 (Linux; Android 6.0.1; Nexus 5X Build/MMB29P) AppleWebKit/537.36 (KHTML, like Gecko) Chrome/133.0.6943.141 Mobile Safari/537.36 (compatible; Googlebot/2.1; +http://www.google.com/bot.html)"
66.249.68.65 - - [15/Mar/2025:10:34:01 +0300] "GET /shopdetail/17065625 HTTP/1.1" 200 19355 "-" "Mozilla/5.0 (Linux; Android 6.0.1; Nexus 5X Build/MMB29P) AppleWebKit/537.36 (KHTML, like Gecko) Chrome/133.0.6943.141 Mobile Safari/537.36 (compatible; GoogleOther)"
66.249.68.65 - - [15/Mar/2025:10:35:14 +0300] "GET /shopdetail/25689169 HTTP/1.1" 200 20226 "-" "Mozilla/5.0 (Linux; Android 6.0.1; Nexus 5X Build/MMB29P) AppleWebKit/537.36 (KHTML, like Gecko) Chrome/133.0.6943.141 Mobile Safari/537.36 (compatible; GoogleOther)"
66.249.68.66 - - [15/Mar/2025:10:36:07 +0300] "GET /shopdetail/12130470 HTTP/1.1" 200 18238 "-" "Mozilla/5.0 (Linux; Android 6.0.1; Nexus 5X Build/MMB29P) AppleWebKit/537.36 (KHTML, like Gecko) Chrome/133.0.6943.141 Mobile Safari/537.36 (compatible; GoogleOther)"
102.129.223.92 - - [15/Mar/2025:10:36:13 +0300] "GET / HTTP/1.1" 200 13122 "-" "Mozilla/5.0 (Macintosh; Intel Mac OS X 12_5) AppleWebKit/537.36 (KHTML, like Gecko) Chrome/114.0.0.0 YaBrowser/22.7.0 Yowser/2.5 Safari/537.36"
66.249.68.67 - - [15/Mar/2025:10:38:06 +0300] "GET /shopdetail/9331570 HTTP/1.1" 200 18116 "-" "Mozilla/5.0 (Linux; Android 6.0.1; Nexus 5X Build/MMB29P) AppleWebKit/537.36 (KHTML, like Gecko) Chrome/133.0.6943.141 Mobile Safari/537.36 (compatible; GoogleOther)"
66.249.68.66 - - [15/Mar/2025:10:43:46 +0300] "GET /shopdetail/10058547 HTTP/1.1" 200 17931 "-" "Mozilla/5.0 (Linux; Android 6.0.1; Nexus 5X Build/MMB29P) AppleWebKit/537.36 (KHTML, like Gecko) Chrome/133.0.6943.141 Mobile Safari/537.36 (compatible; GoogleOther)"
47.82.10.33 - - [15/Mar/2025:10:47:07 +0300] "GET /language/set-locale/1/blog-bracket-category-bracket-marketing HTTP/1.1" 200 3551 "https://digitalhubbd.com/language/set-locale/1/blog-bracket-category-bracket-marketing" "Mozilla/5.0 (Windows NT 10.0; Win64; x64) AppleWebKit/537.36 (KHTML, like Gecko) Chrome/114.0.0.0 Safari/537.36 Edg/114.0.1823.43"
66.249.68.67 - - [15/Mar/2025:10:50:18 +0300] "GET /shopdetail/7917747 HTTP/1.1" 200 18639 "-" "Mozilla/5.0 (Linux; Android 6.0.1; Nexus 5X Build/MMB29P) AppleWebKit/537.36 (KHTML, like Gecko) Chrome/133.0.6943.141 Mobile Safari/537.36 (compatible; GoogleOther)"
66.249.68.65 - - [15/Mar/2025:10:54:25 +0300] "GET /shopdetail/14466692 HTTP/1.1" 200 18123 "-" "Mozilla/5.0 (Linux; Android 6.0.1; Nexus 5X Build/MMB29P) AppleWebKit/537.36 (KHTML, like Gecko) Chrome/133.0.6943.141 Mobile Safari/537.36 (compatible; GoogleOther)"
66.249.68.65 - - [15/Mar/2025:10:44:22 +0300] "GET /shopdetail/25624481 HTTP/1.1" 200 19488 "-" "Mozilla/5.0 (Linux; Android 6.0.1; Nexus 5X Build/MMB29P) AppleWebKit/537.36 (KHTML, like Gecko) Chrome/133.0.6943.141 Mobile Safari/537.36 (compatible; GoogleOther)"
66.249.68.66 - - [15/Mar/2025:10:50:36 +0300] "GET /shopdetail/8151769 HTTP/1.1" 200 18558 "-" "Mozilla/5.0 (Linux; Android 6.0.1; Nexus 5X Build/MMB29P) AppleWebKit/537.36 (KHTML, like Gecko) Chrome/133.0.6943.141 Mobile Safari/537.36 (compatible; GoogleOther)"
66.249.68.67 - - [15/Mar/2025:10:51:22 +0300] "GET /shopdetail/8353158 HTTP/1.1" 200 18024 "-" "Mozilla/5.0 (Linux; Android 6.0.1; Nexus 5X Build/MMB29P) AppleWebKit/537.36 (KHTML, like Gecko) Chrome/133.0.6943.141 Mobile Safari/537.36 (compatible; GoogleOther)"
51.8.102.181 - - [15/Mar/2025:10:52:45 +0300] "GET /robots.txt HTTP/2" 200 138 "-" "Mozilla/5.0 (Macintosh; Intel Mac OS X 10_15_7) AppleWebKit/537.36 (KHTML, like Gecko) Chrome/131.0.0.0 Safari/537.36; compatible; OAI-SearchBot/1.0; +https://openai.com/searchbot"
185.241.208.84 - - [15/Mar/2025:10:56:33 +0300] "GET /.env HTTP/1.1" 403 1242 "-" "Mozilla/5.0 (Windows NT 10.0; Win64; x64) AppleWebKit/537.36 (KHTML, like Gecko) Chrome/58.0.3029.110 Safari/537.3"
54.37.234.111 - - [15/Mar/2025:10:56:58 +0300] "GET /public/contacts HTTP/1.0" 200 31935 "https://digitalhubbd.com/public/contacts" "Mozilla/5.0 (Windows NT 10.0; Win64; x64) AppleWebKit/537.36 (KHTML, like Gecko) Chrome/130.0.0.0 Safari/537.36 CCleaner/130.0.0.0"
47.128.96.45 - - [15/Mar/2025:10:57:44 +0300] "GET /robots.txt HTTP/1.1" 403 1242 "-" "Mozilla/5.0 (Linux; Android 5.0) AppleWebKit/537.36 (KHTML, like Gecko) Mobile Safari/537.36 (compatible; Bytespider; spider-feedback@bytedance.com)"
66.249.68.65 - - [15/Mar/2025:10:51:57 +0300] "GET /shopdetail/5132470 HTTP/1.1" 200 19384 "-" "Mozilla/5.0 (Linux; Android 6.0.1; Nexus 5X Build/MMB29P) AppleWebKit/537.36 (KHTML, like Gecko) Chrome/133.0.6943.141 Mobile Safari/537.36 (compatible; GoogleOther)"
66.249.68.65 - - [15/Mar/2025:10:55:10 +0300] "GET /shopdetail/8135892 HTTP/1.1" 200 17761 "-" "Mozilla/5.0 (Linux; Android 6.0.1; Nexus 5X Build/MMB29P) AppleWebKit/537.36 (KHTML, like Gecko) Chrome/133.0.6943.141 Mobile Safari/537.36 (compatible; GoogleOther)"
66.249.68.67 - - [15/Mar/2025:10:44:04 +0300] "GET /shopdetail/10389492 HTTP/1.1" 200 18436 "-" "Mozilla/5.0 (Linux; Android 6.0.1; Nexus 5X Build/MMB29P) AppleWebKit/537.36 (KHTML, like Gecko) Chrome/133.0.6943.141 Mobile Safari/537.36 (compatible; GoogleOther)"
66.249.68.66 - - [15/Mar/2025:10:49:05 +0300] "GET /shopdetail/25746047 HTTP/1.1" 200 19140 "-" "Mozilla/5.0 (Linux; Android 6.0.1; Nexus 5X Build/MMB29P) AppleWebKit/537.36 (KHTML, like Gecko) Chrome/133.0.6943.141 Mobile Safari/537.36 (compatible; GoogleOther)"
47.128.118.72 - - [15/Mar/2025:10:58:10 +0300] "GET /robots.txt HTTP/1.1" 403 1242 "-" "Mozilla/5.0 (Linux; Android 5.0) AppleWebKit/537.36 (KHTML, like Gecko) Mobile Safari/537.36 (compatible; Bytespider; spider-feedback@bytedance.com)"
5.255.231.95 - - [15/Mar/2025:10:52:31 +0300] "GET /robots.txt HTTP/1.1" 200 1049 "-" "Mozilla/5.0 (compatible; YandexBot/3.0; +http://yandex.com/bots)"
5.255.231.188 - - [15/Mar/2025:10:52:32 +0300] "GET /careers HTTP/1.1" 403 0 "-" "Mozilla/5.0 (compatible; YandexBot/3.0; +http://yandex.com/bots)"
66.249.68.66 - - [15/Mar/2025:10:46:03 +0300] "GET /shopdetail/10882025 HTTP/1.1" 200 19363 "-" "Mozilla/5.0 (Linux; Android 6.0.1; Nexus 5X Build/MMB29P) AppleWebKit/537.36 (KHTML, like Gecko) Chrome/133.0.6943.141 Mobile Safari/537.36 (compatible; GoogleOther)"
66.249.68.66 - - [15/Mar/2025:10:46:20 +0300] "GET /shopdetail/6575758 HTTP/1.1" 200 18717 "-" "Mozilla/5.0 (Linux; Android 6.0.1; Nexus 5X Build/MMB29P) AppleWebKit/537.36 (KHTML, like Gecko) Chrome/133.0.6943.141 Mobile Safari/537.36 (compatible; GoogleOther)"
66.249.68.65 - - [15/Mar/2025:10:46:38 +0300] "GET /shopdetail/6930647 HTTP/1.1" 200 18430 "-" "Mozilla/5.0 (Linux; Android 6.0.1; Nexus 5X Build/MMB29P) AppleWebKit/537.36 (KHTML, like Gecko) Chrome/133.0.6943.141 Mobile Safari/537.36 (compatible; GoogleOther)"
66.249.68.65 - - [15/Mar/2025:10:48:19 +0300] "GET /shopdetail/7654347 HTTP/1.1" 200 17932 "-" "Mozilla/5.0 (Linux; Android 6.0.1; Nexus 5X Build/MMB29P) AppleWebKit/537.36 (KHTML, like Gecko) Chrome/133.0.6943.141 Mobile Safari/537.36 (compatible; GoogleOther)"
66.249.68.65 - - [15/Mar/2025:10:51:39 +0300] "GET /shopdetail/9981025 HTTP/1.1" 200 18322 "-" "Mozilla/5.0 (Linux; Android 6.0.1; Nexus 5X Build/MMB29P) AppleWebKit/537.36 (KHTML, like Gecko) Chrome/133.0.6943.141 Mobile Safari/537.36 (compatible; GoogleOther)"
66.249.68.65 - - [15/Mar/2025:10:58:14 +0300] "GET /shopdetail/7857481 HTTP/1.1" 200 18867 "-" "Mozilla/5.0 (Linux; Android 6.0.1; Nexus 5X Build/MMB29P) AppleWebKit/537.36 (KHTML, like Gecko) Chrome/133.0.6943.141 Mobile Safari/537.36 (compatible; GoogleOther)"
66.249.68.66 - - [15/Mar/2025:10:41:36 +0300] "GET /shopdetail/9687836 HTTP/1.1" 200 18055 "-" "Mozilla/5.0 (Linux; Android 6.0.1; Nexus 5X Build/MMB29P) AppleWebKit/537.36 (KHTML, like Gecko) Chrome/133.0.6943.141 Mobile Safari/537.36 (compatible; GoogleOther)"
66.249.68.65 - - [15/Mar/2025:10:44:39 +0300] "POST /get-message-notify HTTP/1.1" 200 18048 "https://digitalhubbd.com/shopdetail/25624481" "Mozilla/5.0 (Linux; Android 6.0.1; Nexus 5X Build/MMB29P) AppleWebKit/537.36 (KHTML, like Gecko) Chrome/133.0.6943.141 Mobile Safari/537.36 (compatible; Googlebot/2.1; +http://www.google.com/bot.html)"
66.249.68.65 - - [15/Mar/2025:10:46:24 +0300] "POST /get-message-notify HTTP/1.1" 200 18048 "https://digitalhubbd.com/shopdetail/6575758" "Mozilla/5.0 (Linux; Android 6.0.1; Nexus 5X Build/MMB29P) AppleWebKit/537.36 (KHTML, like Gecko) Chrome/133.0.6943.141 Mobile Safari/537.36 (compatible; Googlebot/2.1; +http://www.google.com/bot.html)"
66.249.68.66 - - [15/Mar/2025:10:53:11 +0300] "GET /shopdetail/16735714 HTTP/1.1" 200 21722 "-" "Mozilla/5.0 (Linux; Android 6.0.1; Nexus 5X Build/MMB29P) AppleWebKit/537.36 (KHTML, like Gecko) Chrome/133.0.6943.141 Mobile Safari/537.36 (compatible; GoogleOther)"
54.37.234.111 - - [15/Mar/2025:10:56:57 +0300] "GET /contacts/ HTTP/1.0" 301 795 "https://digitalhubbd.com/contacts/" "Mozilla/5.0 (Windows NT 10.0; Win64; x64) AppleWebKit/537.36 (KHTML, like Gecko) Chrome/130.0.0.0 Safari/537.36 CCleaner/130.0.0.0"
66.249.68.65 - - [15/Mar/2025:11:10:06 +0300] "GET /shopdetail/7293214 HTTP/1.1" 200 19141 "-" "Mozilla/5.0 (Linux; Android 6.0.1; Nexus 5X Build/MMB29P) AppleWebKit/537.36 (KHTML, like Gecko) Chrome/133.0.6943.141 Mobile Safari/537.36 (compatible; GoogleOther)"
66.249.68.67 - - [15/Mar/2025:11:12:18 +0300] "GET /shopdetail/5803881 HTTP/1.1" 200 17865 "-" "Mozilla/5.0 (Linux; Android 6.0.1; Nexus 5X Build/MMB29P) AppleWebKit/537.36 (KHTML, like Gecko) Chrome/133.0.6943.141 Mobile Safari/537.36 (compatible; Googlebot/2.1; +http://www.google.com/bot.html)"
66.249.68.67 - - [15/Mar/2025:10:59:00 +0300] "GET /shopdetail/11209803 HTTP/1.1" 200 18206 "-" "Mozilla/5.0 (Linux; Android 6.0.1; Nexus 5X Build/MMB29P) AppleWebKit/537.36 (KHTML, like Gecko) Chrome/133.0.6943.141 Mobile Safari/537.36 (compatible; GoogleOther)"
66.249.68.66 - - [15/Mar/2025:11:01:24 +0300] "GET /shopdetail/15431169 HTTP/1.1" 200 18501 "-" "Mozilla/5.0 (Linux; Android 6.0.1; Nexus 5X Build/MMB29P) AppleWebKit/537.36 (KHTML, like Gecko) Chrome/133.0.6943.141 Mobile Safari/537.36 (compatible; GoogleOther)"
66.249.68.65 - - [15/Mar/2025:11:06:04 +0300] "GET /shopdetail/12734314 HTTP/1.1" 200 17736 "-" "Mozilla/5.0 (Linux; Android 6.0.1; Nexus 5X Build/MMB29P) AppleWebKit/537.36 (KHTML, like Gecko) Chrome/133.0.6943.141 Mobile Safari/537.36 (compatible; GoogleOther)"
66.249.68.66 - - [15/Mar/2025:11:06:09 +0300] "POST /get-message-notify HTTP/1.1" 200 18048 "https://digitalhubbd.com/shopdetail/12734314" "Mozilla/5.0 (Linux; Android 6.0.1; Nexus 5X Build/MMB29P) AppleWebKit/537.36 (KHTML, like Gecko) Chrome/133.0.6943.141 Mobile Safari/537.36 (compatible; Googlebot/2.1; +http://www.google.com/bot.html)"
66.249.68.65 - - [15/Mar/2025:11:06:40 +0300] "GET /shopdetail/7447058 HTTP/1.1" 200 18215 "-" "Mozilla/5.0 (Linux; Android 6.0.1; Nexus 5X Build/MMB29P) AppleWebKit/537.36 (KHTML, like Gecko) Chrome/133.0.6943.141 Mobile Safari/537.36 (compatible; GoogleOther)"
66.249.68.66 - - [15/Mar/2025:11:02:10 +0300] "GET /shopdetail/17451203 HTTP/1.1" 200 19509 "-" "Mozilla/5.0 (Linux; Android 6.0.1; Nexus 5X Build/MMB29P) AppleWebKit/537.36 (KHTML, like Gecko) Chrome/133.0.6943.141 Mobile Safari/537.36 (compatible; GoogleOther)"
66.249.68.66 - - [15/Mar/2025:11:05:28 +0300] "GET /shopdetail/14369214 HTTP/1.1" 200 18834 "-" "Mozilla/5.0 (Linux; Android 6.0.1; Nexus 5X Build/MMB29P) AppleWebKit/537.36 (KHTML, like Gecko) Chrome/133.0.6943.141 Mobile Safari/537.36 (compatible; GoogleOther)"
66.249.68.65 - - [15/Mar/2025:11:06:58 +0300] "GET /product/edit/66142976 HTTP/1.1" 200 18753 "-" "Mozilla/5.0 (Linux; Android 6.0.1; Nexus 5X Build/MMB29P) AppleWebKit/537.36 (KHTML, like Gecko) Chrome/133.0.6943.141 Mobile Safari/537.36 (compatible; GoogleOther)"
66.249.68.65 - - [15/Mar/2025:11:07:42 +0300] "POST /get-message-notify HTTP/1.1" 200 18048 "https://digitalhubbd.com/shopdetail/24551736" "Mozilla/5.0 (Linux; Android 6.0.1; Nexus 5X Build/MMB29P) AppleWebKit/537.36 (KHTML, like Gecko) Chrome/133.0.6943.141 Mobile Safari/537.36 (compatible; Googlebot/2.1; +http://www.google.com/bot.html)"
66.249.68.65 - - [15/Mar/2025:11:05:46 +0300] "GET /shopdetail/10089914 HTTP/1.1" 200 19086 "-" "Mozilla/5.0 (Linux; Android 6.0.1; Nexus 5X Build/MMB29P) AppleWebKit/537.36 (KHTML, like Gecko) Chrome/133.0.6943.141 Mobile Safari/537.36 (compatible; GoogleOther)"
66.249.68.65 - - [15/Mar/2025:11:11:16 +0300] "GET /shopdetail/5803881 HTTP/1.1" 200 17865 "-" "Mozilla/5.0 (Linux; Android 6.0.1; Nexus 5X Build/MMB29P) AppleWebKit/537.36 (KHTML, like Gecko) Chrome/133.0.6943.141 Mobile Safari/537.36 (compatible; GoogleOther)"
66.249.68.65 - - [15/Mar/2025:11:11:17 +0300] "GET /shopdetail/6420236 HTTP/1.1" 200 18613 "-" "Mozilla/5.0 (Linux; Android 6.0.1; Nexus 5X Build/MMB29P) AppleWebKit/537.36 (KHTML, like Gecko) Chrome/133.0.6943.141 Mobile Safari/537.36 (compatible; GoogleOther)"
66.249.68.66 - - [15/Mar/2025:10:59:18 +0300] "GET /shopdetail/13226036 HTTP/1.1" 200 18451 "-" "Mozilla/5.0 (Linux; Android 6.0.1; Nexus 5X Build/MMB29P) AppleWebKit/537.36 (KHTML, like Gecko) Chrome/133.0.6943.141 Mobile Safari/537.36 (compatible; GoogleOther)"
66.249.68.66 - - [15/Mar/2025:11:01:06 +0300] "GET /shopdetail/12819681 HTTP/1.1" 200 18564 "-" "Mozilla/5.0 (Linux; Android 6.0.1; Nexus 5X Build/MMB29P) AppleWebKit/537.36 (KHTML, like Gecko) Chrome/133.0.6943.141 Mobile Safari/537.36 (compatible; GoogleOther)"
66.249.68.66 - - [15/Mar/2025:11:07:15 +0300] "GET /shopdetail/24551736 HTTP/1.1" 200 19842 "-" "Mozilla/5.0 (Linux; Android 6.0.1; Nexus 5X Build/MMB29P) AppleWebKit/537.36 (KHTML, like Gecko) Chrome/133.0.6943.141 Mobile Safari/537.36 (compatible; GoogleOther)"
66.249.68.65 - - [15/Mar/2025:11:07:55 +0300] "POST /get-message-notify HTTP/1.1" 200 18048 "https://digitalhubbd.com/shopdetail/7919614" "Mozilla/5.0 (Linux; Android 6.0.1; Nexus 5X Build/MMB29P) AppleWebKit/537.36 (KHTML, like Gecko) Chrome/133.0.6943.141 Mobile Safari/537.36 (compatible; Googlebot/2.1; +http://www.google.com/bot.html)"
66.249.68.65 - - [15/Mar/2025:11:14:05 +0300] "GET /shopdetail/12867714 HTTP/1.1" 200 18684 "-" "Mozilla/5.0 (Linux; Android 6.0.1; Nexus 5X Build/MMB29P) AppleWebKit/537.36 (KHTML, like Gecko) Chrome/133.0.6943.141 Mobile Safari/537.36 (compatible; GoogleOther)"
66.249.68.65 - - [15/Mar/2025:11:00:03 +0300] "GET /shopdetail/9921936 HTTP/1.1" 200 18729 "-" "Mozilla/5.0 (Linux; Android 6.0.1; Nexus 5X Build/MMB29P) AppleWebKit/537.36 (KHTML, like Gecko) Chrome/133.0.6943.141 Mobile Safari/537.36 (compatible; GoogleOther)"
66.249.68.67 - - [15/Mar/2025:11:04:15 +0300] "GET /shopdetail/10455036 HTTP/1.1" 200 18394 "-" "Mozilla/5.0 (Linux; Android 6.0.1; Nexus 5X Build/MMB29P) AppleWebKit/537.36 (KHTML, like Gecko) Chrome/133.0.6943.141 Mobile Safari/537.36 (compatible; GoogleOther)"
66.249.68.65 - - [15/Mar/2025:11:06:22 +0300] "GET /shopdetail/7919614 HTTP/1.1" 200 18494 "-" "Mozilla/5.0 (Linux; Android 6.0.1; Nexus 5X Build/MMB29P) AppleWebKit/537.36 (KHTML, like Gecko) Chrome/133.0.6943.141 Mobile Safari/537.36 (compatible; GoogleOther)"
66.249.68.65 - - [15/Mar/2025:11:07:51 +0300] "GET /shopdetail/6411103 HTTP/1.1" 200 20037 "-" "Mozilla/5.0 (Linux; Android 6.0.1; Nexus 5X Build/MMB29P) AppleWebKit/537.36 (KHTML, like Gecko) Chrome/133.0.6943.141 Mobile Safari/537.36 (compatible; GoogleOther)"
66.249.68.67 - - [15/Mar/2025:11:09:02 +0300] "GET /shopdetail/4288369 HTTP/1.1" 200 18688 "-" "Mozilla/5.0 (Linux; Android 6.0.1; Nexus 5X Build/MMB29P) AppleWebKit/537.36 (KHTML, like Gecko) Chrome/133.0.6943.141 Mobile Safari/537.36 (compatible; GoogleOther)"
66.249.68.66 - - [15/Mar/2025:11:00:21 +0300] "GET /shopdetail/15503092 HTTP/1.1" 200 18617 "-" "Mozilla/5.0 (Linux; Android 6.0.1; Nexus 5X Build/MMB29P) AppleWebKit/537.36 (KHTML, like Gecko) Chrome/133.0.6943.141 Mobile Safari/537.36 (compatible; GoogleOther)"
66.249.68.67 - - [15/Mar/2025:11:03:01 +0300] "GET /shopdetail/12695714 HTTP/1.1" 200 17844 "-" "Mozilla/5.0 (Linux; Android 6.0.1; Nexus 5X Build/MMB29P) AppleWebKit/537.36 (KHTML, like Gecko) Chrome/133.0.6943.141 Mobile Safari/537.36 (compatible; GoogleOther)"
34.147.80.234 - - [15/Mar/2025:11:08:00 +0300] "GET /.git/config HTTP/1.1" 403 1242 "-" "-"
66.249.68.67 - - [15/Mar/2025:11:08:26 +0300] "GET /shopdetail/10537525 HTTP/1.1" 200 18757 "-" "Mozilla/5.0 (Linux; Android 6.0.1; Nexus 5X Build/MMB29P) AppleWebKit/537.36 (KHTML, like Gecko) Chrome/133.0.6943.141 Mobile Safari/537.36 (compatible; GoogleOther)"
66.249.68.66 - - [15/Mar/2025:11:10:23 +0300] "GET /shopdetail/24766670 HTTP/1.1" 200 19008 "-" "Mozilla/5.0 (Linux; Android 6.0.1; Nexus 5X Build/MMB29P) AppleWebKit/537.36 (KHTML, like Gecko) Chrome/133.0.6943.141 Mobile Safari/537.36 (compatible; GoogleOther)"
66.249.68.65 - - [15/Mar/2025:11:20:02 +0300] "GET /shopdetail/16935725 HTTP/1.1" 200 19059 "-" "Mozilla/5.0 (Linux; Android 6.0.1; Nexus 5X Build/MMB29P) AppleWebKit/537.36 (KHTML, like Gecko) Chrome/133.0.6943.141 Mobile Safari/537.36 (compatible; GoogleOther)"
66.249.68.65 - - [15/Mar/2025:11:25:50 +0300] "GET /shopdetail/7177570 HTTP/1.1" 200 18560 "-" "Mozilla/5.0 (Linux; Android 6.0.1; Nexus 5X Build/MMB29P) AppleWebKit/537.36 (KHTML, like Gecko) Chrome/133.0.6943.141 Mobile Safari/537.36 (compatible; GoogleOther)"
66.249.68.66 - - [15/Mar/2025:11:25:52 +0300] "GET /shopdetail/15268025 HTTP/1.1" 200 18297 "-" "Mozilla/5.0 (Linux; Android 6.0.1; Nexus 5X Build/MMB29P) AppleWebKit/537.36 (KHTML, like Gecko) Chrome/133.0.6943.141 Mobile Safari/537.36 (compatible; Googlebot/2.1; +http://www.google.com/bot.html)"
66.249.68.65 - - [15/Mar/2025:11:27:09 +0300] "GET /shopdetail/7575258 HTTP/1.1" 200 18935 "-" "Mozilla/5.0 (Linux; Android 6.0.1; Nexus 5X Build/MMB29P) AppleWebKit/537.36 (KHTML, like Gecko) Chrome/133.0.6943.141 Mobile Safari/537.36 (compatible; GoogleOther)"
66.249.68.65 - - [15/Mar/2025:11:28:54 +0300] "POST /get-message-notify HTTP/1.1" 200 18048 "https://digitalhubbd.com/shopdetail/10305069" "Mozilla/5.0 (Linux; Android 6.0.1; Nexus 5X Build/MMB29P) AppleWebKit/537.36 (KHTML, like Gecko) Chrome/133.0.6943.141 Mobile Safari/537.36 (compatible; Googlebot/2.1; +http://www.google.com/bot.html)"
66.249.68.65 - - [15/Mar/2025:11:29:13 +0300] "POST /get-message-notify HTTP/1.1" 200 18048 "https://digitalhubbd.com/shopdetail/4457514" "Mozilla/5.0 (Linux; Android 6.0.1; Nexus 5X Build/MMB29P) AppleWebKit/537.36 (KHTML, like Gecko) Chrome/133.0.6943.141 Mobile Safari/537.36 (compatible; Googlebot/2.1; +http://www.google.com/bot.html)"
66.249.68.65 - - [15/Mar/2025:11:29:17 +0300] "GET /shopdetail/7909669 HTTP/1.1" 200 17784 "-" "Mozilla/5.0 (Linux; Android 6.0.1; Nexus 5X Build/MMB29P) AppleWebKit/537.36 (KHTML, like Gecko) Chrome/133.0.6943.141 Mobile Safari/537.36 (compatible; Googlebot/2.1; +http://www.google.com/bot.html)"
66.249.68.65 - - [15/Mar/2025:11:29:58 +0300] "GET /shopdetail/10405814 HTTP/1.1" 200 18608 "-" "Mozilla/5.0 (Linux; Android 6.0.1; Nexus 5X Build/MMB29P) AppleWebKit/537.36 (KHTML, like Gecko) Chrome/133.0.6943.141 Mobile Safari/537.36 (compatible; GoogleOther)"
66.249.68.66 - - [15/Mar/2025:11:30:13 +0300] "GET /shopdetail/5351114 HTTP/1.1" 200 19619 "-" "Mozilla/5.0 (Linux; Android 6.0.1; Nexus 5X Build/MMB29P) AppleWebKit/537.36 (KHTML, like Gecko) Chrome/133.0.6943.141 Mobile Safari/537.36 (compatible; GoogleOther)"
66.249.68.65 - - [15/Mar/2025:11:16:04 +0300] "GET /shopdetail/15228392 HTTP/1.1" 200 18952 "-" "Mozilla/5.0 (Linux; Android 6.0.1; Nexus 5X Build/MMB29P) AppleWebKit/537.36 (KHTML, like Gecko) Chrome/133.0.6943.141 Mobile Safari/537.36 (compatible; GoogleOther)"
66.249.68.65 - - [15/Mar/2025:11:16:45 +0300] "GET /shopdetail/5114947 HTTP/1.1" 200 18515 "-" "Mozilla/5.0 (Linux; Android 6.0.1; Nexus 5X Build/MMB29P) AppleWebKit/537.36 (KHTML, like Gecko) Chrome/133.0.6943.141 Mobile Safari/537.36 (compatible; GoogleOther)"
66.249.68.66 - - [15/Mar/2025:11:17:49 +0300] "GET /shopdetail/4161492 HTTP/1.1" 200 18747 "-" "Mozilla/5.0 (Linux; Android 6.0.1; Nexus 5X Build/MMB29P) AppleWebKit/537.36 (KHTML, like Gecko) Chrome/133.0.6943.141 Mobile Safari/537.36 (compatible; GoogleOther)"
66.249.68.66 - - [15/Mar/2025:11:20:18 +0300] "GET /shopdetail/2310581 HTTP/1.1" 200 18693 "-" "Mozilla/5.0 (Linux; Android 6.0.1; Nexus 5X Build/MMB29P) AppleWebKit/537.36 (KHTML, like Gecko) Chrome/133.0.6943.141 Mobile Safari/537.36 (compatible; GoogleOther)"
66.249.68.65 - - [15/Mar/2025:11:27:25 +0300] "GET /shopdetail/8198969 HTTP/1.1" 200 19275 "-" "Mozilla/5.0 (Linux; Android 6.0.1; Nexus 5X Build/MMB29P) AppleWebKit/537.36 (KHTML, like Gecko) Chrome/133.0.6943.141 Mobile Safari/537.36 (compatible; Googlebot/2.1; +http://www.google.com/bot.html)"
66.249.68.65 - - [15/Mar/2025:11:28:46 +0300] "GET /shopdetail/10305069 HTTP/1.1" 200 19838 "-" "Mozilla/5.0 (Linux; Android 6.0.1; Nexus 5X Build/MMB29P) AppleWebKit/537.36 (KHTML, like Gecko) Chrome/133.0.6943.141 Mobile Safari/537.36 (compatible; GoogleOther)"
66.249.68.67 - - [15/Mar/2025:11:29:02 +0300] "GET /shopdetail/15324958 HTTP/1.1" 200 17767 "-" "Mozilla/5.0 (Linux; Android 6.0.1; Nexus 5X Build/MMB29P) AppleWebKit/537.36 (KHTML, like Gecko) Chrome/133.0.6943.141 Mobile Safari/537.36 (compatible; GoogleOther)"
66.249.68.67 - - [15/Mar/2025:11:29:05 +0300] "GET /shopdetail/4457514 HTTP/1.1" 200 18688 "-" "Mozilla/5.0 (Linux; Android 6.0.1; Nexus 5X Build/MMB29P) AppleWebKit/537.36 (KHTML, like Gecko) Chrome/133.0.6943.141 Mobile Safari/537.36 (compatible; GoogleOther)"
66.249.68.67 - - [15/Mar/2025:11:15:09 +0300] "GET /shopdetail/9062525 HTTP/1.1" 200 18570 "-" "Mozilla/5.0 (Linux; Android 6.0.1; Nexus 5X Build/MMB29P) AppleWebKit/537.36 (KHTML, like Gecko) Chrome/133.0.6943.141 Mobile Safari/537.36 (compatible; GoogleOther)"
66.249.68.65 - - [15/Mar/2025:11:18:35 +0300] "GET /shopdetail/2965569 HTTP/1.1" 200 19150 "-" "Mozilla/5.0 (Linux; Android 6.0.1; Nexus 5X Build/MMB29P) AppleWebKit/537.36 (KHTML, like Gecko) Chrome/133.0.6943.141 Mobile Safari/537.36 (compatible; GoogleOther)"
66.249.68.65 - - [15/Mar/2025:11:18:03 +0300] "GET /shopdetail/16677569 HTTP/1.1" 200 18947 "-" "Mozilla/5.0 (Linux; Android 6.0.1; Nexus 5X Build/MMB29P) AppleWebKit/537.36 (KHTML, like Gecko) Chrome/133.0.6943.141 Mobile Safari/537.36 (compatible; GoogleOther)"
66.249.68.66 - - [15/Mar/2025:11:18:19 +0300] "GET /shopdetail/7123125 HTTP/1.1" 200 18334 "-" "Mozilla/5.0 (Linux; Android 6.0.1; Nexus 5X Build/MMB29P) AppleWebKit/537.36 (KHTML, like Gecko) Chrome/133.0.6943.141 Mobile Safari/537.36 (compatible; GoogleOther)"
66.249.68.65 - - [15/Mar/2025:11:27:16 +0300] "POST /get-message-notify HTTP/1.1" 200 18048 "https://digitalhubbd.com/shopdetail/7575258" "Mozilla/5.0 (Linux; Android 6.0.1; Nexus 5X Build/MMB29P) AppleWebKit/537.36 (KHTML, like Gecko) Chrome/133.0.6943.141 Mobile Safari/537.36 (compatible; Googlebot/2.1; +http://www.google.com/bot.html)"
66.249.68.65 - - [15/Mar/2025:11:27:25 +0300] "GET /shopdetail/14866358 HTTP/1.1" 200 20492 "-" "Mozilla/5.0 (Linux; Android 6.0.1; Nexus 5X Build/MMB29P) AppleWebKit/537.36 (KHTML, like Gecko) Chrome/133.0.6943.141 Mobile Safari/537.36 (compatible; GoogleOther)"
66.249.68.66 - - [15/Mar/2025:11:30:04 +0300] "GET /shopdetail/8323181 HTTP/1.1" 200 18290 "-" "Mozilla/5.0 (Linux; Android 6.0.1; Nexus 5X Build/MMB29P) AppleWebKit/537.36 (KHTML, like Gecko) Chrome/133.0.6943.141 Mobile Safari/537.36 (compatible; Googlebot/2.1; +http://www.google.com/bot.html)"
66.249.68.66 - - [15/Mar/2025:11:31:18 +0300] "GET /shopdetail/26093258 HTTP/1.1" 200 19136 "-" "Mozilla/5.0 (Linux; Android 6.0.1; Nexus 5X Build/MMB29P) AppleWebKit/537.36 (KHTML, like Gecko) Chrome/133.0.6943.141 Mobile Safari/537.36 (compatible; Googlebot/2.1; +http://www.google.com/bot.html)"
66.249.68.65 - - [15/Mar/2025:11:17:58 +0300] "POST /get-message-notify HTTP/1.1" 200 18048 "https://digitalhubbd.com/shopdetail/4161492" "Mozilla/5.0 (Linux; Android 6.0.1; Nexus 5X Build/MMB29P) AppleWebKit/537.36 (KHTML, like Gecko) Chrome/133.0.6943.141 Mobile Safari/537.36 (compatible; Googlebot/2.1; +http://www.google.com/bot.html)"
66.249.68.67 - - [15/Mar/2025:11:25:15 +0300] "GET /shopdetail/11195381 HTTP/1.1" 200 18204 "-" "Mozilla/5.0 (Linux; Android 6.0.1; Nexus 5X Build/MMB29P) AppleWebKit/537.36 (KHTML, like Gecko) Chrome/133.0.6943.141 Mobile Safari/537.36 (compatible; GoogleOther)"
