45.115.113.53 - - [15/Mar/2025:13:04:47 +0300] "GET /assets/js/combined_js_chat_page_after_load.js?_=1742032514825 HTTP/2" 200 184763 "https://network.digitalhubbd.com/" "Mozilla/5.0 (Linux; Android 10; SM-A750F) AppleWebKit/537.36 (KHTML, like Gecko) Chrome/95.0.4638.50 Mobile Safari/537.36"
45.115.113.53 - - [15/Mar/2025:13:04:48 +0300] "GET /assets/js/chat_page/audio_message_record_rtc.js?_=1742032514826 HTTP/2" 200 1701 "https://network.digitalhubbd.com/" "Mozilla/5.0 (Linux; Android 10; SM-A750F) AppleWebKit/537.36 (KHTML, like Gecko) Chrome/95.0.4638.50 Mobile Safari/537.36"
45.115.113.53 - - [15/Mar/2025:13:04:49 +0300] "GET /assets/thirdparty/recordrtc/recordrtc.min.js?_=1742032514827 HTTP/2" 200 17527 "https://network.digitalhubbd.com/" "Mozilla/5.0 (Linux; Android 10; SM-A750F) AppleWebKit/537.36 (KHTML, like Gecko) Chrome/95.0.4638.50 Mobile Safari/537.36"
45.115.113.53 - - [15/Mar/2025:13:04:51 +0300] "POST /web_request/ HTTP/2" 200 97 "https://network.digitalhubbd.com/" "Mozilla/5.0 (Linux; Android 10; SM-A750F) AppleWebKit/537.36 (KHTML, like Gecko) Chrome/95.0.4638.50 Mobile Safari/537.36"
45.115.113.53 - - [15/Mar/2025:13:04:51 +0300] "POST /web_request/ HTTP/2" 200 560 "https://network.digitalhubbd.com/" "Mozilla/5.0 (Linux; Android 10; SM-A750F) AppleWebKit/537.36 (KHTML, like Gecko) Chrome/95.0.4638.50 Mobile Safari/537.36"
45.115.113.53 - - [15/Mar/2025:13:04:53 +0300] "POST /web_request/ HTTP/2" 200 6 "https://network.digitalhubbd.com/" "Mozilla/5.0 (Linux; Android 10; SM-A750F) AppleWebKit/537.36 (KHTML, like Gecko) Chrome/95.0.4638.50 Mobile Safari/537.36"
37.111.207.218 - - [15/Mar/2025:13:04:41 +0300] "POST /entry/user_online_status/ HTTP/1.1" 200 0 "https://network.digitalhubbd.com/prio/chat/" "Mozilla/5.0 (iPhone; CPU iPhone OS 16_7_10 like Mac OS X) AppleWebKit/605.1.15 (KHTML, like Gecko) CriOS/134.0.6998.33 Mobile/15E148 Safari/604.1"
37.111.207.218 - - [15/Mar/2025:13:04:41 +0300] "POST /realtime_request/ HTTP/1.1" 200 369 "https://network.digitalhubbd.com/prio/chat/" "Mozilla/5.0 (iPhone; CPU iPhone OS 16_7_10 like Mac OS X) AppleWebKit/605.1.15 (KHTML, like Gecko) CriOS/134.0.6998.33 Mobile/15E148 Safari/604.1"
37.111.207.218 - - [15/Mar/2025:13:04:41 +0300] "POST /realtime_request/ HTTP/1.1" 200 369 "https://network.digitalhubbd.com/prio/chat/" "Mozilla/5.0 (iPhone; CPU iPhone OS 16_7_10 like Mac OS X) AppleWebKit/605.1.15 (KHTML, like Gecko) CriOS/134.0.6998.33 Mobile/15E148 Safari/604.1"
37.111.207.218 - - [15/Mar/2025:13:04:45 +0300] "POST /realtime_request/ HTTP/1.1" 200 344 "https://network.digitalhubbd.com/prio/chat/" "Mozilla/5.0 (iPhone; CPU iPhone OS 16_7_10 like Mac OS X) AppleWebKit/605.1.15 (KHTML, like Gecko) CriOS/134.0.6998.33 Mobile/15E148 Safari/604.1"
37.111.207.218 - - [15/Mar/2025:13:04:45 +0300] "POST /realtime_request/ HTTP/1.1" 200 344 "https://network.digitalhubbd.com/prio/chat/" "Mozilla/5.0 (iPhone; CPU iPhone OS 16_7_10 like Mac OS X) AppleWebKit/605.1.15 (KHTML, like Gecko) CriOS/134.0.6998.33 Mobile/15E148 Safari/604.1"
37.111.207.218 - - [15/Mar/2025:13:04:50 +0300] "POST /realtime_request/ HTTP/1.1" 200 344 "https://network.digitalhubbd.com/prio/chat/" "Mozilla/5.0 (iPhone; CPU iPhone OS 16_7_10 like Mac OS X) AppleWebKit/605.1.15 (KHTML, like Gecko) CriOS/134.0.6998.33 Mobile/15E148 Safari/604.1"
37.111.207.218 - - [15/Mar/2025:13:04:50 +0300] "POST /realtime_request/ HTTP/1.1" 200 344 "https://network.digitalhubbd.com/prio/chat/" "Mozilla/5.0 (iPhone; CPU iPhone OS 16_7_10 like Mac OS X) AppleWebKit/605.1.15 (KHTML, like Gecko) CriOS/134.0.6998.33 Mobile/15E148 Safari/604.1"
37.111.207.218 - - [15/Mar/2025:13:04:56 +0300] "POST /realtime_request/ HTTP/1.1" 200 344 "https://network.digitalhubbd.com/prio/chat/" "Mozilla/5.0 (iPhone; CPU iPhone OS 16_7_10 like Mac OS X) AppleWebKit/605.1.15 (KHTML, like Gecko) CriOS/134.0.6998.33 Mobile/15E148 Safari/604.1"
37.111.207.218 - - [15/Mar/2025:13:04:56 +0300] "POST /realtime_request/ HTTP/1.1" 200 344 "https://network.digitalhubbd.com/prio/chat/" "Mozilla/5.0 (iPhone; CPU iPhone OS 16_7_10 like Mac OS X) AppleWebKit/605.1.15 (KHTML, like Gecko) CriOS/134.0.6998.33 Mobile/15E148 Safari/604.1"
37.111.207.218 - - [15/Mar/2025:13:05:01 +0300] "POST /realtime_request/ HTTP/1.1" 200 377 "https://network.digitalhubbd.com/prio/chat/" "Mozilla/5.0 (iPhone; CPU iPhone OS 16_7_10 like Mac OS X) AppleWebKit/605.1.15 (KHTML, like Gecko) CriOS/134.0.6998.33 Mobile/15E148 Safari/604.1"
37.111.207.218 - - [15/Mar/2025:13:05:01 +0300] "POST /realtime_request/ HTTP/1.1" 200 377 "https://network.digitalhubbd.com/prio/chat/" "Mozilla/5.0 (iPhone; CPU iPhone OS 16_7_10 like Mac OS X) AppleWebKit/605.1.15 (KHTML, like Gecko) CriOS/134.0.6998.33 Mobile/15E148 Safari/604.1"
37.111.207.218 - - [15/Mar/2025:13:05:05 +0300] "POST /realtime_request/ HTTP/1.1" 200 344 "https://network.digitalhubbd.com/prio/chat/" "Mozilla/5.0 (iPhone; CPU iPhone OS 16_7_10 like Mac OS X) AppleWebKit/605.1.15 (KHTML, like Gecko) CriOS/134.0.6998.33 Mobile/15E148 Safari/604.1"
37.111.207.218 - - [15/Mar/2025:13:05:05 +0300] "POST /realtime_request/ HTTP/1.1" 200 344 "https://network.digitalhubbd.com/prio/chat/" "Mozilla/5.0 (iPhone; CPU iPhone OS 16_7_10 like Mac OS X) AppleWebKit/605.1.15 (KHTML, like Gecko) CriOS/134.0.6998.33 Mobile/15E148 Safari/604.1"
37.111.207.218 - - [15/Mar/2025:13:05:09 +0300] "POST /entry/user_online_status/ HTTP/1.1" 200 0 "https://network.digitalhubbd.com/prio/chat/" "Mozilla/5.0 (iPhone; CPU iPhone OS 16_7_10 like Mac OS X) AppleWebKit/605.1.15 (KHTML, like Gecko) CriOS/134.0.6998.33 Mobile/15E148 Safari/604.1"
45.115.113.53 - - [15/Mar/2025:13:04:53 +0300] "POST /web_request/ HTTP/2" 200 2707 "https://network.digitalhubbd.com/" "Mozilla/5.0 (Linux; Android 10; SM-A750F) AppleWebKit/537.36 (KHTML, like Gecko) Chrome/95.0.4638.50 Mobile Safari/537.36"
45.115.113.53 - - [15/Mar/2025:13:04:52 +0300] "POST /realtime_request/ HTTP/2" 200 6 "https://network.digitalhubbd.com/" "Mozilla/5.0 (Linux; Android 10; SM-A750F) AppleWebKit/537.36 (KHTML, like Gecko) Chrome/95.0.4638.50 Mobile Safari/537.36"
45.115.113.53 - - [15/Mar/2025:13:04:58 +0300] "POST /realtime_request/ HTTP/2" 200 332 "https://network.digitalhubbd.com/jp_asher/chat/" "Mozilla/5.0 (Linux; Android 10; SM-A750F) AppleWebKit/537.36 (KHTML, like Gecko) Chrome/95.0.4638.50 Mobile Safari/537.36"
45.115.113.53 - - [15/Mar/2025:13:05:00 +0300] "POST /web_request/ HTTP/2" 200 20 "https://network.digitalhubbd.com/jp_asher/chat/" "Mozilla/5.0 (Linux; Android 10; SM-A750F) AppleWebKit/537.36 (KHTML, like Gecko) Chrome/95.0.4638.50 Mobile Safari/537.36"
45.115.113.53 - - [15/Mar/2025:13:05:03 +0300] "POST /realtime_request/ HTTP/2" 200 332 "https://network.digitalhubbd.com/jp_asher/chat/" "Mozilla/5.0 (Linux; Android 10; SM-A750F) AppleWebKit/537.36 (KHTML, like Gecko) Chrome/95.0.4638.50 Mobile Safari/537.36"
45.115.113.53 - - [15/Mar/2025:13:05:08 +0300] "POST /realtime_request/ HTTP/2" 200 332 "https://network.digitalhubbd.com/jp_asher/chat/" "Mozilla/5.0 (Linux; Android 10; SM-A750F) AppleWebKit/537.36 (KHTML, like Gecko) Chrome/95.0.4638.50 Mobile Safari/537.36"
45.115.113.53 - - [15/Mar/2025:13:05:11 +0300] "POST /web_request/ HTTP/2" 200 20 "https://network.digitalhubbd.com/jp_asher/chat/" "Mozilla/5.0 (Linux; Android 10; SM-A750F) AppleWebKit/537.36 (KHTML, like Gecko) Chrome/95.0.4638.50 Mobile Safari/537.36"
45.115.113.53 - - [15/Mar/2025:13:05:14 +0300] "POST /realtime_request/ HTTP/2" 200 332 "https://network.digitalhubbd.com/jp_asher/chat/" "Mozilla/5.0 (Linux; Android 10; SM-A750F) AppleWebKit/537.36 (KHTML, like Gecko) Chrome/95.0.4638.50 Mobile Safari/537.36"
45.115.113.53 - - [15/Mar/2025:13:05:21 +0300] "POST /web_request/ HTTP/2" 200 20 "https://network.digitalhubbd.com/jp_asher/chat/" "Mozilla/5.0 (Linux; Android 10; SM-A750F) AppleWebKit/537.36 (KHTML, like Gecko) Chrome/95.0.4638.50 Mobile Safari/537.36"
45.115.113.53 - - [15/Mar/2025:13:05:20 +0300] "POST /realtime_request/ HTTP/2" 200 332 "https://network.digitalhubbd.com/jp_asher/chat/" "Mozilla/5.0 (Linux; Android 10; SM-A750F) AppleWebKit/537.36 (KHTML, like Gecko) Chrome/95.0.4638.50 Mobile Safari/537.36"
45.115.113.53 - - [15/Mar/2025:13:05:25 +0300] "POST /realtime_request/ HTTP/2" 200 332 "https://network.digitalhubbd.com/jp_asher/chat/" "Mozilla/5.0 (Linux; Android 10; SM-A750F) AppleWebKit/537.36 (KHTML, like Gecko) Chrome/95.0.4638.50 Mobile Safari/537.36"
45.115.113.53 - - [15/Mar/2025:13:05:32 +0300] "POST /web_request/ HTTP/2" 200 20 "https://network.digitalhubbd.com/jp_asher/chat/" "Mozilla/5.0 (Linux; Android 10; SM-A750F) AppleWebKit/537.36 (KHTML, like Gecko) Chrome/95.0.4638.50 Mobile Safari/537.36"
45.115.113.53 - - [15/Mar/2025:13:05:30 +0300] "POST /realtime_request/ HTTP/2" 200 332 "https://network.digitalhubbd.com/jp_asher/chat/" "Mozilla/5.0 (Linux; Android 10; SM-A750F) AppleWebKit/537.36 (KHTML, like Gecko) Chrome/95.0.4638.50 Mobile Safari/537.36"
45.115.113.53 - - [15/Mar/2025:13:05:36 +0300] "POST /realtime_request/ HTTP/2" 200 332 "https://network.digitalhubbd.com/jp_asher/chat/" "Mozilla/5.0 (Linux; Android 10; SM-A750F) AppleWebKit/537.36 (KHTML, like Gecko) Chrome/95.0.4638.50 Mobile Safari/537.36"
45.115.113.53 - - [15/Mar/2025:13:05:42 +0300] "POST /web_request/ HTTP/2" 200 20 "https://network.digitalhubbd.com/jp_asher/chat/" "Mozilla/5.0 (Linux; Android 10; SM-A750F) AppleWebKit/537.36 (KHTML, like Gecko) Chrome/95.0.4638.50 Mobile Safari/537.36"
45.115.113.53 - - [15/Mar/2025:13:05:42 +0300] "POST /realtime_request/ HTTP/2" 200 332 "https://network.digitalhubbd.com/jp_asher/chat/" "Mozilla/5.0 (Linux; Android 10; SM-A750F) AppleWebKit/537.36 (KHTML, like Gecko) Chrome/95.0.4638.50 Mobile Safari/537.36"
45.115.113.53 - - [15/Mar/2025:13:05:47 +0300] "POST /realtime_request/ HTTP/2" 200 332 "https://network.digitalhubbd.com/jp_asher/chat/" "Mozilla/5.0 (Linux; Android 10; SM-A750F) AppleWebKit/537.36 (KHTML, like Gecko) Chrome/95.0.4638.50 Mobile Safari/537.36"
45.115.113.53 - - [15/Mar/2025:13:05:54 +0300] "POST /web_request/ HTTP/2" 200 20 "https://network.digitalhubbd.com/jp_asher/chat/" "Mozilla/5.0 (Linux; Android 10; SM-A750F) AppleWebKit/537.36 (KHTML, like Gecko) Chrome/95.0.4638.50 Mobile Safari/537.36"
45.115.113.53 - - [15/Mar/2025:13:05:53 +0300] "POST /realtime_request/ HTTP/2" 200 332 "https://network.digitalhubbd.com/jp_asher/chat/" "Mozilla/5.0 (Linux; Android 10; SM-A750F) AppleWebKit/537.36 (KHTML, like Gecko) Chrome/95.0.4638.50 Mobile Safari/537.36"
45.115.113.53 - - [15/Mar/2025:13:05:58 +0300] "POST /realtime_request/ HTTP/2" 200 332 "https://network.digitalhubbd.com/jp_asher/chat/" "Mozilla/5.0 (Linux; Android 10; SM-A750F) AppleWebKit/537.36 (KHTML, like Gecko) Chrome/95.0.4638.50 Mobile Safari/537.36"
45.115.113.53 - - [15/Mar/2025:13:06:04 +0300] "POST /web_request/ HTTP/2" 200 20 "https://network.digitalhubbd.com/jp_asher/chat/" "Mozilla/5.0 (Linux; Android 10; SM-A750F) AppleWebKit/537.36 (KHTML, like Gecko) Chrome/95.0.4638.50 Mobile Safari/537.36"
45.115.113.53 - - [15/Mar/2025:13:06:04 +0300] "POST /realtime_request/ HTTP/2" 200 332 "https://network.digitalhubbd.com/jp_asher/chat/" "Mozilla/5.0 (Linux; Android 10; SM-A750F) AppleWebKit/537.36 (KHTML, like Gecko) Chrome/95.0.4638.50 Mobile Safari/537.36"
45.115.113.53 - - [15/Mar/2025:13:06:10 +0300] "POST /realtime_request/ HTTP/2" 200 332 "https://network.digitalhubbd.com/jp_asher/chat/" "Mozilla/5.0 (Linux; Android 10; SM-A750F) AppleWebKit/537.36 (KHTML, like Gecko) Chrome/95.0.4638.50 Mobile Safari/537.36"
45.115.113.53 - - [15/Mar/2025:13:06:16 +0300] "POST /web_request/ HTTP/2" 200 883 "https://network.digitalhubbd.com/jp_asher/chat/" "Mozilla/5.0 (Linux; Android 10; SM-A750F) AppleWebKit/537.36 (KHTML, like Gecko) Chrome/95.0.4638.50 Mobile Safari/537.36"
45.115.113.53 - - [15/Mar/2025:13:06:15 +0300] "POST /realtime_request/ HTTP/2" 200 885 "https://network.digitalhubbd.com/jp_asher/chat/" "Mozilla/5.0 (Linux; Android 10; SM-A750F) AppleWebKit/537.36 (KHTML, like Gecko) Chrome/95.0.4638.50 Mobile Safari/537.36"
45.115.113.53 - - [15/Mar/2025:13:06:17 +0300] "POST /web_request/ HTTP/2" 200 20 "https://network.digitalhubbd.com/jp_asher/chat/" "Mozilla/5.0 (Linux; Android 10; SM-A750F) AppleWebKit/537.36 (KHTML, like Gecko) Chrome/95.0.4638.50 Mobile Safari/537.36"
45.115.113.53 - - [15/Mar/2025:13:06:20 +0300] "POST /realtime_request/ HTTP/2" 200 332 "https://network.digitalhubbd.com/jp_asher/chat/" "Mozilla/5.0 (Linux; Android 10; SM-A750F) AppleWebKit/537.36 (KHTML, like Gecko) Chrome/95.0.4638.50 Mobile Safari/537.36"
45.115.113.53 - - [15/Mar/2025:13:06:25 +0300] "POST /realtime_request/ HTTP/2" 200 332 "https://network.digitalhubbd.com/jp_asher/chat/" "Mozilla/5.0 (Linux; Android 10; SM-A750F) AppleWebKit/537.36 (KHTML, like Gecko) Chrome/95.0.4638.50 Mobile Safari/537.36"
45.115.113.53 - - [15/Mar/2025:13:06:27 +0300] "POST /web_request/ HTTP/2" 200 20 "https://network.digitalhubbd.com/jp_asher/chat/" "Mozilla/5.0 (Linux; Android 10; SM-A750F) AppleWebKit/537.36 (KHTML, like Gecko) Chrome/95.0.4638.50 Mobile Safari/537.36"
45.115.113.53 - - [15/Mar/2025:13:06:31 +0300] "POST /realtime_request/ HTTP/2" 200 332 "https://network.digitalhubbd.com/jp_asher/chat/" "Mozilla/5.0 (Linux; Android 10; SM-A750F) AppleWebKit/537.36 (KHTML, like Gecko) Chrome/95.0.4638.50 Mobile Safari/537.36"
45.115.113.53 - - [15/Mar/2025:13:06:38 +0300] "POST /web_request/ HTTP/2" 200 20 "https://network.digitalhubbd.com/jp_asher/chat/" "Mozilla/5.0 (Linux; Android 10; SM-A750F) AppleWebKit/537.36 (KHTML, like Gecko) Chrome/95.0.4638.50 Mobile Safari/537.36"
45.115.113.53 - - [15/Mar/2025:13:06:36 +0300] "POST /realtime_request/ HTTP/2" 200 332 "https://network.digitalhubbd.com/jp_asher/chat/" "Mozilla/5.0 (Linux; Android 10; SM-A750F) AppleWebKit/537.36 (KHTML, like Gecko) Chrome/95.0.4638.50 Mobile Safari/537.36"
45.115.113.53 - - [15/Mar/2025:13:06:41 +0300] "POST /realtime_request/ HTTP/2" 200 332 "https://network.digitalhubbd.com/jp_asher/chat/" "Mozilla/5.0 (Linux; Android 10; SM-A750F) AppleWebKit/537.36 (KHTML, like Gecko) Chrome/95.0.4638.50 Mobile Safari/537.36"
45.115.113.53 - - [15/Mar/2025:13:06:48 +0300] "POST /web_request/ HTTP/2" 200 20 "https://network.digitalhubbd.com/jp_asher/chat/" "Mozilla/5.0 (Linux; Android 10; SM-A750F) AppleWebKit/537.36 (KHTML, like Gecko) Chrome/95.0.4638.50 Mobile Safari/537.36"
45.115.113.53 - - [15/Mar/2025:13:06:47 +0300] "POST /realtime_request/ HTTP/2" 200 332 "https://network.digitalhubbd.com/jp_asher/chat/" "Mozilla/5.0 (Linux; Android 10; SM-A750F) AppleWebKit/537.36 (KHTML, like Gecko) Chrome/95.0.4638.50 Mobile Safari/537.36"
45.115.113.53 - - [15/Mar/2025:13:06:53 +0300] "POST /realtime_request/ HTTP/2" 200 332 "https://network.digitalhubbd.com/jp_asher/chat/" "Mozilla/5.0 (Linux; Android 10; SM-A750F) AppleWebKit/537.36 (KHTML, like Gecko) Chrome/95.0.4638.50 Mobile Safari/537.36"
45.115.113.53 - - [15/Mar/2025:13:06:59 +0300] "POST /web_request/ HTTP/2" 200 20 "https://network.digitalhubbd.com/jp_asher/chat/" "Mozilla/5.0 (Linux; Android 10; SM-A750F) AppleWebKit/537.36 (KHTML, like Gecko) Chrome/95.0.4638.50 Mobile Safari/537.36"
45.115.113.53 - - [15/Mar/2025:13:06:58 +0300] "POST /realtime_request/ HTTP/2" 200 332 "https://network.digitalhubbd.com/jp_asher/chat/" "Mozilla/5.0 (Linux; Android 10; SM-A750F) AppleWebKit/537.36 (KHTML, like Gecko) Chrome/95.0.4638.50 Mobile Safari/537.36"
45.115.113.53 - - [15/Mar/2025:13:07:04 +0300] "POST /realtime_request/ HTTP/2" 200 332 "https://network.digitalhubbd.com/jp_asher/chat/" "Mozilla/5.0 (Linux; Android 10; SM-A750F) AppleWebKit/537.36 (KHTML, like Gecko) Chrome/95.0.4638.50 Mobile Safari/537.36"
45.115.113.53 - - [15/Mar/2025:13:07:10 +0300] "POST /web_request/ HTTP/2" 200 20 "https://network.digitalhubbd.com/jp_asher/chat/" "Mozilla/5.0 (Linux; Android 10; SM-A750F) AppleWebKit/537.36 (KHTML, like Gecko) Chrome/95.0.4638.50 Mobile Safari/537.36"
45.115.113.53 - - [15/Mar/2025:13:07:09 +0300] "POST /realtime_request/ HTTP/2" 200 332 "https://network.digitalhubbd.com/jp_asher/chat/" "Mozilla/5.0 (Linux; Android 10; SM-A750F) AppleWebKit/537.36 (KHTML, like Gecko) Chrome/95.0.4638.50 Mobile Safari/537.36"
45.115.113.53 - - [15/Mar/2025:13:07:15 +0300] "POST /realtime_request/ HTTP/2" 200 332 "https://network.digitalhubbd.com/jp_asher/chat/" "Mozilla/5.0 (Linux; Android 10; SM-A750F) AppleWebKit/537.36 (KHTML, like Gecko) Chrome/95.0.4638.50 Mobile Safari/537.36"
45.115.113.53 - - [15/Mar/2025:13:07:20 +0300] "POST /web_request/ HTTP/2" 200 20 "https://network.digitalhubbd.com/jp_asher/chat/" "Mozilla/5.0 (Linux; Android 10; SM-A750F) AppleWebKit/537.36 (KHTML, like Gecko) Chrome/95.0.4638.50 Mobile Safari/537.36"
45.115.113.53 - - [15/Mar/2025:13:07:20 +0300] "POST /realtime_request/ HTTP/2" 200 332 "https://network.digitalhubbd.com/jp_asher/chat/" "Mozilla/5.0 (Linux; Android 10; SM-A750F) AppleWebKit/537.36 (KHTML, like Gecko) Chrome/95.0.4638.50 Mobile Safari/537.36"
45.115.113.53 - - [15/Mar/2025:13:07:26 +0300] "POST /realtime_request/ HTTP/2" 200 332 "https://network.digitalhubbd.com/jp_asher/chat/" "Mozilla/5.0 (Linux; Android 10; SM-A750F) AppleWebKit/537.36 (KHTML, like Gecko) Chrome/95.0.4638.50 Mobile Safari/537.36"
45.115.113.53 - - [15/Mar/2025:13:08:10 +0300] "GET / HTTP/2" 200 23350 "-" "Mozilla/5.0 (Linux; Android 10; SM-A750F) AppleWebKit/537.36 (KHTML, like Gecko) Chrome/95.0.4638.50 Mobile Safari/537.36"
45.115.113.53 - - [15/Mar/2025:13:08:12 +0300] "GET /assets/js/chat_page/audio_message_record_rtc.js?_=1742032719463 HTTP/2" 200 1701 "https://network.digitalhubbd.com/" "Mozilla/5.0 (Linux; Android 10; SM-A750F) AppleWebKit/537.36 (KHTML, like Gecko) Chrome/95.0.4638.50 Mobile Safari/537.36"
45.115.113.53 - - [15/Mar/2025:13:08:13 +0300] "POST /entry/user_online_status/ HTTP/2" 200 0 "https://network.digitalhubbd.com/" "Mozilla/5.0 (Linux; Android 10; SM-A750F) AppleWebKit/537.36 (KHTML, like Gecko) Chrome/95.0.4638.50 Mobile Safari/537.36"
45.115.113.53 - - [15/Mar/2025:13:08:13 +0300] "POST /web_request/ HTTP/2" 200 217 "https://network.digitalhubbd.com/" "Mozilla/5.0 (Linux; Android 10; SM-A750F) AppleWebKit/537.36 (KHTML, like Gecko) Chrome/95.0.4638.50 Mobile Safari/537.36"
45.115.113.53 - - [15/Mar/2025:13:08:13 +0300] "GET /assets/js/combined_js_chat_page_after_load.js?_=1742032719464 HTTP/2" 200 184763 "https://network.digitalhubbd.com/" "Mozilla/5.0 (Linux; Android 10; SM-A750F) AppleWebKit/537.36 (KHTML, like Gecko) Chrome/95.0.4638.50 Mobile Safari/537.36"
45.115.113.53 - - [15/Mar/2025:13:08:15 +0300] "GET /assets/thirdparty/recordrtc/recordrtc.min.js?_=1742032719465 HTTP/2" 200 17527 "https://network.digitalhubbd.com/" "Mozilla/5.0 (Linux; Android 10; SM-A750F) AppleWebKit/537.36 (KHTML, like Gecko) Chrome/95.0.4638.50 Mobile Safari/537.36"
45.115.113.53 - - [15/Mar/2025:13:08:16 +0300] "POST /web_request/ HTTP/2" 200 97 "https://network.digitalhubbd.com/" "Mozilla/5.0 (Linux; Android 10; SM-A750F) AppleWebKit/537.36 (KHTML, like Gecko) Chrome/95.0.4638.50 Mobile Safari/537.36"
45.115.113.53 - - [15/Mar/2025:13:08:16 +0300] "POST /web_request/ HTTP/2" 200 654 "https://network.digitalhubbd.com/" "Mozilla/5.0 (Linux; Android 10; SM-A750F) AppleWebKit/537.36 (KHTML, like Gecko) Chrome/95.0.4638.50 Mobile Safari/537.36"
45.115.113.53 - - [15/Mar/2025:13:08:18 +0300] "POST /web_request/ HTTP/2" 200 6 "https://network.digitalhubbd.com/" "Mozilla/5.0 (Linux; Android 10; SM-A750F) AppleWebKit/537.36 (KHTML, like Gecko) Chrome/95.0.4638.50 Mobile Safari/537.36"
45.115.113.53 - - [15/Mar/2025:13:08:18 +0300] "POST /web_request/ HTTP/2" 200 2994 "https://network.digitalhubbd.com/" "Mozilla/5.0 (Linux; Android 10; SM-A750F) AppleWebKit/537.36 (KHTML, like Gecko) Chrome/95.0.4638.50 Mobile Safari/537.36"
45.115.113.53 - - [15/Mar/2025:13:08:18 +0300] "POST /realtime_request/ HTTP/2" 200 6 "https://network.digitalhubbd.com/" "Mozilla/5.0 (Linux; Android 10; SM-A750F) AppleWebKit/537.36 (KHTML, like Gecko) Chrome/95.0.4638.50 Mobile Safari/537.36"
45.115.113.53 - - [15/Mar/2025:13:08:20 +0300] "POST /web_request/ HTTP/2" 200 20 "https://network.digitalhubbd.com/jp_asher/chat/" "Mozilla/5.0 (Linux; Android 10; SM-A750F) AppleWebKit/537.36 (KHTML, like Gecko) Chrome/95.0.4638.50 Mobile Safari/537.36"
45.115.113.53 - - [15/Mar/2025:13:08:23 +0300] "POST /realtime_request/ HTTP/2" 200 332 "https://network.digitalhubbd.com/jp_asher/chat/" "Mozilla/5.0 (Linux; Android 10; SM-A750F) AppleWebKit/537.36 (KHTML, like Gecko) Chrome/95.0.4638.50 Mobile Safari/537.36"
45.115.113.53 - - [15/Mar/2025:13:08:27 +0300] "POST /entry/user_online_status/ HTTP/2" 200 0 "https://network.digitalhubbd.com/jp_asher/chat/" "Mozilla/5.0 (Linux; Android 10; SM-A750F) AppleWebKit/537.36 (KHTML, like Gecko) Chrome/95.0.4638.50 Mobile Safari/537.36"
45.115.113.53 - - [15/Mar/2025:13:08:27 +0300] "GET / HTTP/2" 200 23424 "-" "Mozilla/5.0 (Linux; Android 10; SM-A750F) AppleWebKit/537.36 (KHTML, like Gecko) Chrome/95.0.4638.50 Mobile Safari/537.36"
45.115.113.53 - - [15/Mar/2025:13:08:27 +0300] "POST /entry/user_online_status/ HTTP/2" 200 0 "https://network.digitalhubbd.com/jp_asher/chat/" "Mozilla/5.0 (Linux; Android 10; SM-A750F) AppleWebKit/537.36 (KHTML, like Gecko) Chrome/95.0.4638.50 Mobile Safari/537.36"
45.115.113.53 - - [15/Mar/2025:13:08:29 +0300] "GET /assets/js/chat_page/audio_message_record_rtc.js?_=1742032736526 HTTP/2" 200 1701 "https://network.digitalhubbd.com/" "Mozilla/5.0 (Linux; Android 10; SM-A750F) AppleWebKit/537.36 (KHTML, like Gecko) Chrome/95.0.4638.50 Mobile Safari/537.36"
45.115.113.53 - - [15/Mar/2025:13:08:29 +0300] "POST /entry/user_online_status/ HTTP/2" 200 0 "https://network.digitalhubbd.com/" "Mozilla/5.0 (Linux; Android 10; SM-A750F) AppleWebKit/537.36 (KHTML, like Gecko) Chrome/95.0.4638.50 Mobile Safari/537.36"
45.115.113.53 - - [15/Mar/2025:13:08:29 +0300] "POST /web_request/ HTTP/2" 200 217 "https://network.digitalhubbd.com/" "Mozilla/5.0 (Linux; Android 10; SM-A750F) AppleWebKit/537.36 (KHTML, like Gecko) Chrome/95.0.4638.50 Mobile Safari/537.36"
45.115.113.53 - - [15/Mar/2025:13:08:29 +0300] "GET /assets/js/combined_js_chat_page_after_load.js?_=1742032736527 HTTP/2" 200 184763 "https://network.digitalhubbd.com/" "Mozilla/5.0 (Linux; Android 10; SM-A750F) AppleWebKit/537.36 (KHTML, like Gecko) Chrome/95.0.4638.50 Mobile Safari/537.36"
45.115.113.53 - - [15/Mar/2025:13:08:30 +0300] "GET /assets/thirdparty/recordrtc/recordrtc.min.js?_=1742032736528 HTTP/2" 200 17527 "https://network.digitalhubbd.com/" "Mozilla/5.0 (Linux; Android 10; SM-A750F) AppleWebKit/537.36 (KHTML, like Gecko) Chrome/95.0.4638.50 Mobile Safari/537.36"
45.115.113.53 - - [15/Mar/2025:13:08:32 +0300] "POST /web_request/ HTTP/2" 200 97 "https://network.digitalhubbd.com/" "Mozilla/5.0 (Linux; Android 10; SM-A750F) AppleWebKit/537.36 (KHTML, like Gecko) Chrome/95.0.4638.50 Mobile Safari/537.36"
45.115.113.53 - - [15/Mar/2025:13:08:32 +0300] "POST /web_request/ HTTP/2" 200 654 "https://network.digitalhubbd.com/" "Mozilla/5.0 (Linux; Android 10; SM-A750F) AppleWebKit/537.36 (KHTML, like Gecko) Chrome/95.0.4638.50 Mobile Safari/537.36"
45.115.113.53 - - [15/Mar/2025:13:08:34 +0300] "POST /web_request/ HTTP/2" 200 6 "https://network.digitalhubbd.com/" "Mozilla/5.0 (Linux; Android 10; SM-A750F) AppleWebKit/537.36 (KHTML, like Gecko) Chrome/95.0.4638.50 Mobile Safari/537.36"
45.115.113.53 - - [15/Mar/2025:13:08:34 +0300] "POST /web_request/ HTTP/2" 200 2994 "https://network.digitalhubbd.com/" "Mozilla/5.0 (Linux; Android 10; SM-A750F) AppleWebKit/537.36 (KHTML, like Gecko) Chrome/95.0.4638.50 Mobile Safari/537.36"
45.115.113.53 - - [15/Mar/2025:13:08:36 +0300] "POST /web_request/ HTTP/2" 200 20 "https://network.digitalhubbd.com/jp_asher/chat/" "Mozilla/5.0 (Linux; Android 10; SM-A750F) AppleWebKit/537.36 (KHTML, like Gecko) Chrome/95.0.4638.50 Mobile Safari/537.36"
45.115.113.53 - - [15/Mar/2025:13:08:34 +0300] "POST /realtime_request/ HTTP/2" 200 332 "https://network.digitalhubbd.com/jp_asher/chat/" "Mozilla/5.0 (Linux; Android 10; SM-A750F) AppleWebKit/537.36 (KHTML, like Gecko) Chrome/95.0.4638.50 Mobile Safari/537.36"
45.115.113.53 - - [15/Mar/2025:13:08:40 +0300] "POST /realtime_request/ HTTP/2" 200 332 "https://network.digitalhubbd.com/jp_asher/chat/" "Mozilla/5.0 (Linux; Android 10; SM-A750F) AppleWebKit/537.36 (KHTML, like Gecko) Chrome/95.0.4638.50 Mobile Safari/537.36"
45.115.113.53 - - [15/Mar/2025:13:08:46 +0300] "POST /web_request/ HTTP/2" 200 20 "https://network.digitalhubbd.com/jp_asher/chat/" "Mozilla/5.0 (Linux; Android 10; SM-A750F) AppleWebKit/537.36 (KHTML, like Gecko) Chrome/95.0.4638.50 Mobile Safari/537.36"
45.115.113.53 - - [15/Mar/2025:13:08:45 +0300] "POST /realtime_request/ HTTP/2" 200 332 "https://network.digitalhubbd.com/jp_asher/chat/" "Mozilla/5.0 (Linux; Android 10; SM-A750F) AppleWebKit/537.36 (KHTML, like Gecko) Chrome/95.0.4638.50 Mobile Safari/537.36"
45.115.113.53 - - [15/Mar/2025:13:08:51 +0300] "POST /realtime_request/ HTTP/2" 200 332 "https://network.digitalhubbd.com/jp_asher/chat/" "Mozilla/5.0 (Linux; Android 10; SM-A750F) AppleWebKit/537.36 (KHTML, like Gecko) Chrome/95.0.4638.50 Mobile Safari/537.36"
45.115.113.53 - - [15/Mar/2025:13:08:56 +0300] "POST /web_request/ HTTP/2" 200 20 "https://network.digitalhubbd.com/jp_asher/chat/" "Mozilla/5.0 (Linux; Android 10; SM-A750F) AppleWebKit/537.36 (KHTML, like Gecko) Chrome/95.0.4638.50 Mobile Safari/537.36"
45.115.113.53 - - [15/Mar/2025:13:08:56 +0300] "POST /realtime_request/ HTTP/2" 200 332 "https://network.digitalhubbd.com/jp_asher/chat/" "Mozilla/5.0 (Linux; Android 10; SM-A750F) AppleWebKit/537.36 (KHTML, like Gecko) Chrome/95.0.4638.50 Mobile Safari/537.36"
37.111.207.218 - - [15/Mar/2025:13:08:59 +0300] "POST /entry/user_online_status/ HTTP/1.1" 200 0 "https://network.digitalhubbd.com/prio/chat/" "Mozilla/5.0 (iPhone; CPU iPhone OS 16_7_10 like Mac OS X) AppleWebKit/605.1.15 (KHTML, like Gecko) CriOS/134.0.6998.33 Mobile/15E148 Safari/604.1"
37.111.207.218 - - [15/Mar/2025:13:08:59 +0300] "POST /realtime_request/ HTTP/1.1" 200 998 "https://network.digitalhubbd.com/prio/chat/" "Mozilla/5.0 (iPhone; CPU iPhone OS 16_7_10 like Mac OS X) AppleWebKit/605.1.15 (KHTML, like Gecko) CriOS/134.0.6998.33 Mobile/15E148 Safari/604.1"
37.111.207.218 - - [15/Mar/2025:13:08:59 +0300] "POST /realtime_request/ HTTP/1.1" 200 998 "https://network.digitalhubbd.com/prio/chat/" "Mozilla/5.0 (iPhone; CPU iPhone OS 16_7_10 like Mac OS X) AppleWebKit/605.1.15 (KHTML, like Gecko) CriOS/134.0.6998.33 Mobile/15E148 Safari/604.1"
45.115.113.53 - - [15/Mar/2025:13:09:02 +0300] "POST /realtime_request/ HTTP/2" 200 359 "https://network.digitalhubbd.com/jp_asher/chat/" "Mozilla/5.0 (Linux; Android 10; SM-A750F) AppleWebKit/537.36 (KHTML, like Gecko) Chrome/95.0.4638.50 Mobile Safari/537.36"
37.111.207.218 - - [15/Mar/2025:13:09:03 +0300] "POST /realtime_request/ HTTP/1.1" 200 344 "https://network.digitalhubbd.com/prio/chat/" "Mozilla/5.0 (iPhone; CPU iPhone OS 16_7_10 like Mac OS X) AppleWebKit/605.1.15 (KHTML, like Gecko) CriOS/134.0.6998.33 Mobile/15E148 Safari/604.1"
37.111.207.218 - - [15/Mar/2025:13:09:03 +0300] "POST /realtime_request/ HTTP/1.1" 200 344 "https://network.digitalhubbd.com/prio/chat/" "Mozilla/5.0 (iPhone; CPU iPhone OS 16_7_10 like Mac OS X) AppleWebKit/605.1.15 (KHTML, like Gecko) CriOS/134.0.6998.33 Mobile/15E148 Safari/604.1"
45.115.113.53 - - [15/Mar/2025:13:09:07 +0300] "POST /web_request/ HTTP/2" 200 20 "https://network.digitalhubbd.com/jp_asher/chat/" "Mozilla/5.0 (Linux; Android 10; SM-A750F) AppleWebKit/537.36 (KHTML, like Gecko) Chrome/95.0.4638.50 Mobile Safari/537.36"
45.115.113.53 - - [15/Mar/2025:13:09:05 +0300] "POST /realtime_request/ HTTP/2" 200 332 "https://network.digitalhubbd.com/jp_asher/chat/" "Mozilla/5.0 (Linux; Android 10; SM-A750F) AppleWebKit/537.36 (KHTML, like Gecko) Chrome/95.0.4638.50 Mobile Safari/537.36"
37.111.207.218 - - [15/Mar/2025:13:09:08 +0300] "POST /realtime_request/ HTTP/1.1" 200 344 "https://network.digitalhubbd.com/prio/chat/" "Mozilla/5.0 (iPhone; CPU iPhone OS 16_7_10 like Mac OS X) AppleWebKit/605.1.15 (KHTML, like Gecko) CriOS/134.0.6998.33 Mobile/15E148 Safari/604.1"
37.111.207.218 - - [15/Mar/2025:13:09:08 +0300] "POST /realtime_request/ HTTP/1.1" 200 344 "https://network.digitalhubbd.com/prio/chat/" "Mozilla/5.0 (iPhone; CPU iPhone OS 16_7_10 like Mac OS X) AppleWebKit/605.1.15 (KHTML, like Gecko) CriOS/134.0.6998.33 Mobile/15E148 Safari/604.1"
45.115.113.53 - - [15/Mar/2025:13:09:11 +0300] "POST /realtime_request/ HTTP/2" 200 332 "https://network.digitalhubbd.com/jp_asher/chat/" "Mozilla/5.0 (Linux; Android 10; SM-A750F) AppleWebKit/537.36 (KHTML, like Gecko) Chrome/95.0.4638.50 Mobile Safari/537.36"
45.115.113.53 - - [15/Mar/2025:13:09:14 +0300] "POST /web_request/ HTTP/2" 200 808 "https://network.digitalhubbd.com/jp_asher/chat/" "Mozilla/5.0 (Linux; Android 10; SM-A750F) AppleWebKit/537.36 (KHTML, like Gecko) Chrome/95.0.4638.50 Mobile Safari/537.36"
37.111.207.218 - - [15/Mar/2025:13:09:14 +0300] "POST /realtime_request/ HTTP/1.1" 200 837 "https://network.digitalhubbd.com/prio/chat/" "Mozilla/5.0 (iPhone; CPU iPhone OS 16_7_10 like Mac OS X) AppleWebKit/605.1.15 (KHTML, like Gecko) CriOS/134.0.6998.33 Mobile/15E148 Safari/604.1"
37.111.207.218 - - [15/Mar/2025:13:09:14 +0300] "POST /realtime_request/ HTTP/1.1" 200 837 "https://network.digitalhubbd.com/prio/chat/" "Mozilla/5.0 (iPhone; CPU iPhone OS 16_7_10 like Mac OS X) AppleWebKit/605.1.15 (KHTML, like Gecko) CriOS/134.0.6998.33 Mobile/15E148 Safari/604.1"
45.115.113.53 - - [15/Mar/2025:13:09:16 +0300] "POST /realtime_request/ HTTP/2" 200 359 "https://network.digitalhubbd.com/jp_asher/chat/" "Mozilla/5.0 (Linux; Android 10; SM-A750F) AppleWebKit/537.36 (KHTML, like Gecko) Chrome/95.0.4638.50 Mobile Safari/537.36"
37.111.207.218 - - [15/Mar/2025:13:09:17 +0300] "POST /realtime_request/ HTTP/1.1" 200 344 "https://network.digitalhubbd.com/prio/chat/" "Mozilla/5.0 (iPhone; CPU iPhone OS 16_7_10 like Mac OS X) AppleWebKit/605.1.15 (KHTML, like Gecko) CriOS/134.0.6998.33 Mobile/15E148 Safari/604.1"
37.111.207.218 - - [15/Mar/2025:13:09:19 +0300] "POST /web_request/ HTTP/1.1" 200 20 "https://network.digitalhubbd.com/prio/chat/" "Mozilla/5.0 (iPhone; CPU iPhone OS 16_7_10 like Mac OS X) AppleWebKit/605.1.15 (KHTML, like Gecko) CriOS/134.0.6998.33 Mobile/15E148 Safari/604.1"
37.111.207.218 - - [15/Mar/2025:13:09:17 +0300] "POST /realtime_request/ HTTP/1.1" 200 344 "https://network.digitalhubbd.com/prio/chat/" "Mozilla/5.0 (iPhone; CPU iPhone OS 16_7_10 like Mac OS X) AppleWebKit/605.1.15 (KHTML, like Gecko) CriOS/134.0.6998.33 Mobile/15E148 Safari/604.1"
45.115.113.53 - - [15/Mar/2025:13:09:20 +0300] "POST /realtime_request/ HTTP/2" 200 366 "https://network.digitalhubbd.com/jp_asher/chat/" "Mozilla/5.0 (Linux; Android 10; SM-A750F) AppleWebKit/537.36 (KHTML, like Gecko) Chrome/95.0.4638.50 Mobile Safari/537.36"
37.111.207.218 - - [15/Mar/2025:13:09:22 +0300] "POST /realtime_request/ HTTP/1.1" 200 344 "https://network.digitalhubbd.com/prio/chat/" "Mozilla/5.0 (iPhone; CPU iPhone OS 16_7_10 like Mac OS X) AppleWebKit/605.1.15 (KHTML, like Gecko) CriOS/134.0.6998.33 Mobile/15E148 Safari/604.1"
37.111.207.218 - - [15/Mar/2025:13:09:23 +0300] "POST /realtime_request/ HTTP/1.1" 200 344 "https://network.digitalhubbd.com/prio/chat/" "Mozilla/5.0 (iPhone; CPU iPhone OS 16_7_10 like Mac OS X) AppleWebKit/605.1.15 (KHTML, like Gecko) CriOS/134.0.6998.33 Mobile/15E148 Safari/604.1"
37.111.207.218 - - [15/Mar/2025:13:09:25 +0300] "POST /web_request/ HTTP/1.1" 200 860 "https://network.digitalhubbd.com/prio/chat/" "Mozilla/5.0 (iPhone; CPU iPhone OS 16_7_10 like Mac OS X) AppleWebKit/605.1.15 (KHTML, like Gecko) CriOS/134.0.6998.33 Mobile/15E148 Safari/604.1"
45.115.113.53 - - [15/Mar/2025:13:09:23 +0300] "POST /realtime_request/ HTTP/2" 200 332 "https://network.digitalhubbd.com/jp_asher/chat/" "Mozilla/5.0 (Linux; Android 10; SM-A750F) AppleWebKit/537.36 (KHTML, like Gecko) Chrome/95.0.4638.50 Mobile Safari/537.36"
37.111.207.218 - - [15/Mar/2025:13:09:27 +0300] "POST /realtime_request/ HTTP/1.1" 200 869 "https://network.digitalhubbd.com/prio/chat/" "Mozilla/5.0 (iPhone; CPU iPhone OS 16_7_10 like Mac OS X) AppleWebKit/605.1.15 (KHTML, like Gecko) CriOS/134.0.6998.33 Mobile/15E148 Safari/604.1"
45.115.113.53 - - [15/Mar/2025:13:09:29 +0300] "POST /realtime_request/ HTTP/2" 200 733 "https://network.digitalhubbd.com/jp_asher/chat/" "Mozilla/5.0 (Linux; Android 10; SM-A750F) AppleWebKit/537.36 (KHTML, like Gecko) Chrome/95.0.4638.50 Mobile Safari/537.36"
37.111.207.218 - - [15/Mar/2025:13:09:28 +0300] "POST /realtime_request/ HTTP/1.1" 200 369 "https://network.digitalhubbd.com/prio/chat/" "Mozilla/5.0 (iPhone; CPU iPhone OS 16_7_10 like Mac OS X) AppleWebKit/605.1.15 (KHTML, like Gecko) CriOS/134.0.6998.33 Mobile/15E148 Safari/604.1"
37.111.207.218 - - [15/Mar/2025:13:09:31 +0300] "POST /realtime_request/ HTTP/1.1" 200 369 "https://network.digitalhubbd.com/prio/chat/" "Mozilla/5.0 (iPhone; CPU iPhone OS 16_7_10 like Mac OS X) AppleWebKit/605.1.15 (KHTML, like Gecko) CriOS/134.0.6998.33 Mobile/15E148 Safari/604.1"
37.111.207.218 - - [15/Mar/2025:13:09:32 +0300] "POST /realtime_request/ HTTP/1.1" 200 344 "https://network.digitalhubbd.com/prio/chat/" "Mozilla/5.0 (iPhone; CPU iPhone OS 16_7_10 like Mac OS X) AppleWebKit/605.1.15 (KHTML, like Gecko) CriOS/134.0.6998.33 Mobile/15E148 Safari/604.1"
45.115.113.53 - - [15/Mar/2025:13:09:32 +0300] "POST /realtime_request/ HTTP/2" 200 332 "https://network.digitalhubbd.com/jp_asher/chat/" "Mozilla/5.0 (Linux; Android 10; SM-A750F) AppleWebKit/537.36 (KHTML, like Gecko) Chrome/95.0.4638.50 Mobile Safari/537.36"
37.111.207.218 - - [15/Mar/2025:13:09:35 +0300] "POST /realtime_request/ HTTP/1.1" 200 344 "https://network.digitalhubbd.com/prio/chat/" "Mozilla/5.0 (iPhone; CPU iPhone OS 16_7_10 like Mac OS X) AppleWebKit/605.1.15 (KHTML, like Gecko) CriOS/134.0.6998.33 Mobile/15E148 Safari/604.1"
37.111.207.218 - - [15/Mar/2025:13:09:37 +0300] "POST /realtime_request/ HTTP/1.1" 200 344 "https://network.digitalhubbd.com/prio/chat/" "Mozilla/5.0 (iPhone; CPU iPhone OS 16_7_10 like Mac OS X) AppleWebKit/605.1.15 (KHTML, like Gecko) CriOS/134.0.6998.33 Mobile/15E148 Safari/604.1"
45.115.113.53 - - [15/Mar/2025:13:09:38 +0300] "POST /realtime_request/ HTTP/2" 200 332 "https://network.digitalhubbd.com/jp_asher/chat/" "Mozilla/5.0 (Linux; Android 10; SM-A750F) AppleWebKit/537.36 (KHTML, like Gecko) Chrome/95.0.4638.50 Mobile Safari/537.36"
37.111.207.218 - - [15/Mar/2025:13:09:40 +0300] "POST /realtime_request/ HTTP/1.1" 200 344 "https://network.digitalhubbd.com/prio/chat/" "Mozilla/5.0 (iPhone; CPU iPhone OS 16_7_10 like Mac OS X) AppleWebKit/605.1.15 (KHTML, like Gecko) CriOS/134.0.6998.33 Mobile/15E148 Safari/604.1"
37.111.207.218 - - [15/Mar/2025:13:09:42 +0300] "POST /realtime_request/ HTTP/1.1" 200 344 "https://network.digitalhubbd.com/prio/chat/" "Mozilla/5.0 (iPhone; CPU iPhone OS 16_7_10 like Mac OS X) AppleWebKit/605.1.15 (KHTML, like Gecko) CriOS/134.0.6998.33 Mobile/15E148 Safari/604.1"
45.115.113.53 - - [15/Mar/2025:13:09:43 +0300] "POST /realtime_request/ HTTP/2" 200 332 "https://network.digitalhubbd.com/jp_asher/chat/" "Mozilla/5.0 (Linux; Android 10; SM-A750F) AppleWebKit/537.36 (KHTML, like Gecko) Chrome/95.0.4638.50 Mobile Safari/537.36"
37.111.207.218 - - [15/Mar/2025:13:09:47 +0300] "POST /entry/user_online_status/ HTTP/1.1" 200 0 "https://network.digitalhubbd.com/prio/chat/" "Mozilla/5.0 (iPhone; CPU iPhone OS 16_7_10 like Mac OS X) AppleWebKit/605.1.15 (KHTML, like Gecko) CriOS/134.0.6998.33 Mobile/15E148 Safari/604.1"
37.111.207.218 - - [15/Mar/2025:13:09:45 +0300] "POST /realtime_request/ HTTP/1.1" 200 344 "https://network.digitalhubbd.com/prio/chat/" "Mozilla/5.0 (iPhone; CPU iPhone OS 16_7_10 like Mac OS X) AppleWebKit/605.1.15 (KHTML, like Gecko) CriOS/134.0.6998.33 Mobile/15E148 Safari/604.1"
37.111.207.218 - - [15/Mar/2025:13:09:48 +0300] "POST /realtime_request/ HTTP/1.1" 200 344 "https://network.digitalhubbd.com/prio/chat/" "Mozilla/5.0 (iPhone; CPU iPhone OS 16_7_10 like Mac OS X) AppleWebKit/605.1.15 (KHTML, like Gecko) CriOS/134.0.6998.33 Mobile/15E148 Safari/604.1"
37.111.207.218 - - [15/Mar/2025:13:09:51 +0300] "POST /realtime_request/ HTTP/1.1" 200 344 "https://network.digitalhubbd.com/prio/chat/" "Mozilla/5.0 (iPhone; CPU iPhone OS 16_7_10 like Mac OS X) AppleWebKit/605.1.15 (KHTML, like Gecko) CriOS/134.0.6998.33 Mobile/15E148 Safari/604.1"
37.111.207.218 - - [15/Mar/2025:13:10:33 +0300] "POST /entry/user_online_status/ HTTP/1.1" 200 0 "https://network.digitalhubbd.com/prio/chat/" "Mozilla/5.0 (iPhone; CPU iPhone OS 16_7_10 like Mac OS X) AppleWebKit/605.1.15 (KHTML, like Gecko) CriOS/134.0.6998.33 Mobile/15E148 Safari/604.1"
37.111.207.218 - - [15/Mar/2025:13:10:33 +0300] "POST /realtime_request/ HTTP/1.1" 200 344 "https://network.digitalhubbd.com/prio/chat/" "Mozilla/5.0 (iPhone; CPU iPhone OS 16_7_10 like Mac OS X) AppleWebKit/605.1.15 (KHTML, like Gecko) CriOS/134.0.6998.33 Mobile/15E148 Safari/604.1"
37.111.207.218 - - [15/Mar/2025:13:10:35 +0300] "POST /realtime_request/ HTTP/1.1" 200 344 "https://network.digitalhubbd.com/prio/chat/" "Mozilla/5.0 (iPhone; CPU iPhone OS 16_7_10 like Mac OS X) AppleWebKit/605.1.15 (KHTML, like Gecko) CriOS/134.0.6998.33 Mobile/15E148 Safari/604.1"
37.111.207.218 - - [15/Mar/2025:13:10:38 +0300] "POST /realtime_request/ HTTP/1.1" 200 344 "https://network.digitalhubbd.com/prio/chat/" "Mozilla/5.0 (iPhone; CPU iPhone OS 16_7_10 like Mac OS X) AppleWebKit/605.1.15 (KHTML, like Gecko) CriOS/134.0.6998.33 Mobile/15E148 Safari/604.1"
37.111.207.218 - - [15/Mar/2025:13:10:41 +0300] "POST /realtime_request/ HTTP/1.1" 200 344 "https://network.digitalhubbd.com/prio/chat/" "Mozilla/5.0 (iPhone; CPU iPhone OS 16_7_10 like Mac OS X) AppleWebKit/605.1.15 (KHTML, like Gecko) CriOS/134.0.6998.33 Mobile/15E148 Safari/604.1"
37.111.207.218 - - [15/Mar/2025:13:10:44 +0300] "POST /web_request/ HTTP/1.1" 200 20 "https://network.digitalhubbd.com/prio/chat/" "Mozilla/5.0 (iPhone; CPU iPhone OS 16_7_10 like Mac OS X) AppleWebKit/605.1.15 (KHTML, like Gecko) CriOS/134.0.6998.33 Mobile/15E148 Safari/604.1"
37.111.207.218 - - [15/Mar/2025:13:10:43 +0300] "POST /realtime_request/ HTTP/1.1" 200 344 "https://network.digitalhubbd.com/prio/chat/" "Mozilla/5.0 (iPhone; CPU iPhone OS 16_7_10 like Mac OS X) AppleWebKit/605.1.15 (KHTML, like Gecko) CriOS/134.0.6998.33 Mobile/15E148 Safari/604.1"
37.111.207.218 - - [15/Mar/2025:13:10:46 +0300] "POST /realtime_request/ HTTP/1.1" 200 344 "https://network.digitalhubbd.com/prio/chat/" "Mozilla/5.0 (iPhone; CPU iPhone OS 16_7_10 like Mac OS X) AppleWebKit/605.1.15 (KHTML, like Gecko) CriOS/134.0.6998.33 Mobile/15E148 Safari/604.1"
37.111.207.218 - - [15/Mar/2025:13:10:49 +0300] "POST /realtime_request/ HTTP/1.1" 200 344 "https://network.digitalhubbd.com/prio/chat/" "Mozilla/5.0 (iPhone; CPU iPhone OS 16_7_10 like Mac OS X) AppleWebKit/605.1.15 (KHTML, like Gecko) CriOS/134.0.6998.33 Mobile/15E148 Safari/604.1"
37.111.207.218 - - [15/Mar/2025:13:10:52 +0300] "POST /realtime_request/ HTTP/1.1" 200 350 "https://network.digitalhubbd.com/prio/chat/" "Mozilla/5.0 (iPhone; CPU iPhone OS 16_7_10 like Mac OS X) AppleWebKit/605.1.15 (KHTML, like Gecko) CriOS/134.0.6998.33 Mobile/15E148 Safari/604.1"
37.111.207.218 - - [15/Mar/2025:13:10:54 +0300] "POST /realtime_request/ HTTP/1.1" 200 0 "https://network.digitalhubbd.com/prio/chat/" "Mozilla/5.0 (iPhone; CPU iPhone OS 16_7_10 like Mac OS X) AppleWebKit/605.1.15 (KHTML, like Gecko) CriOS/134.0.6998.33 Mobile/15E148 Safari/604.1"
37.111.207.218 - - [15/Mar/2025:13:10:54 +0300] "POST /web_request/ HTTP/1.1" 200 20 "https://network.digitalhubbd.com/prio/chat/" "Mozilla/5.0 (iPhone; CPU iPhone OS 16_7_10 like Mac OS X) AppleWebKit/605.1.15 (KHTML, like Gecko) CriOS/134.0.6998.33 Mobile/15E148 Safari/604.1"
37.111.207.218 - - [15/Mar/2025:13:10:54 +0300] "POST /realtime_request/ HTTP/1.1" 200 344 "https://network.digitalhubbd.com/prio/chat/" "Mozilla/5.0 (iPhone; CPU iPhone OS 16_7_10 like Mac OS X) AppleWebKit/605.1.15 (KHTML, like Gecko) CriOS/134.0.6998.33 Mobile/15E148 Safari/604.1"
37.111.207.218 - - [15/Mar/2025:13:10:58 +0300] "POST /web_request/ HTTP/1.1" 200 890 "https://network.digitalhubbd.com/prio/chat/" "Mozilla/5.0 (iPhone; CPU iPhone OS 16_7_10 like Mac OS X) AppleWebKit/605.1.15 (KHTML, like Gecko) CriOS/134.0.6998.33 Mobile/15E148 Safari/604.1"
37.111.207.218 - - [15/Mar/2025:13:10:57 +0300] "POST /realtime_request/ HTTP/1.1" 200 893 "https://network.digitalhubbd.com/prio/chat/" "Mozilla/5.0 (iPhone; CPU iPhone OS 16_7_10 like Mac OS X) AppleWebKit/605.1.15 (KHTML, like Gecko) CriOS/134.0.6998.33 Mobile/15E148 Safari/604.1"
37.111.207.218 - - [15/Mar/2025:13:11:00 +0300] "POST /realtime_request/ HTTP/1.1" 200 344 "https://network.digitalhubbd.com/prio/chat/" "Mozilla/5.0 (iPhone; CPU iPhone OS 16_7_10 like Mac OS X) AppleWebKit/605.1.15 (KHTML, like Gecko) CriOS/134.0.6998.33 Mobile/15E148 Safari/604.1"
37.111.207.218 - - [15/Mar/2025:13:11:02 +0300] "POST /realtime_request/ HTTP/1.1" 200 344 "https://network.digitalhubbd.com/prio/chat/" "Mozilla/5.0 (iPhone; CPU iPhone OS 16_7_10 like Mac OS X) AppleWebKit/605.1.15 (KHTML, like Gecko) CriOS/134.0.6998.33 Mobile/15E148 Safari/604.1"
37.111.207.218 - - [15/Mar/2025:13:11:05 +0300] "POST /realtime_request/ HTTP/1.1" 200 344 "https://network.digitalhubbd.com/prio/chat/" "Mozilla/5.0 (iPhone; CPU iPhone OS 16_7_10 like Mac OS X) AppleWebKit/605.1.15 (KHTML, like Gecko) CriOS/134.0.6998.33 Mobile/15E148 Safari/604.1"
37.111.207.218 - - [15/Mar/2025:13:11:08 +0300] "POST /realtime_request/ HTTP/1.1" 200 344 "https://network.digitalhubbd.com/prio/chat/" "Mozilla/5.0 (iPhone; CPU iPhone OS 16_7_10 like Mac OS X) AppleWebKit/605.1.15 (KHTML, like Gecko) CriOS/134.0.6998.33 Mobile/15E148 Safari/604.1"
37.111.207.218 - - [15/Mar/2025:13:11:11 +0300] "POST /realtime_request/ HTTP/1.1" 200 344 "https://network.digitalhubbd.com/prio/chat/" "Mozilla/5.0 (iPhone; CPU iPhone OS 16_7_10 like Mac OS X) AppleWebKit/605.1.15 (KHTML, like Gecko) CriOS/134.0.6998.33 Mobile/15E148 Safari/604.1"
37.111.207.218 - - [15/Mar/2025:13:11:13 +0300] "POST /realtime_request/ HTTP/1.1" 200 344 "https://network.digitalhubbd.com/prio/chat/" "Mozilla/5.0 (iPhone; CPU iPhone OS 16_7_10 like Mac OS X) AppleWebKit/605.1.15 (KHTML, like Gecko) CriOS/134.0.6998.33 Mobile/15E148 Safari/604.1"
37.111.207.218 - - [15/Mar/2025:13:11:16 +0300] "POST /realtime_request/ HTTP/1.1" 200 344 "https://network.digitalhubbd.com/prio/chat/" "Mozilla/5.0 (iPhone; CPU iPhone OS 16_7_10 like Mac OS X) AppleWebKit/605.1.15 (KHTML, like Gecko) CriOS/134.0.6998.33 Mobile/15E148 Safari/604.1"
37.111.207.218 - - [15/Mar/2025:13:11:19 +0300] "POST /realtime_request/ HTTP/1.1" 200 344 "https://network.digitalhubbd.com/prio/chat/" "Mozilla/5.0 (iPhone; CPU iPhone OS 16_7_10 like Mac OS X) AppleWebKit/605.1.15 (KHTML, like Gecko) CriOS/134.0.6998.33 Mobile/15E148 Safari/604.1"
37.111.207.218 - - [15/Mar/2025:13:11:21 +0300] "POST /web_request/ HTTP/1.1" 200 20 "https://network.digitalhubbd.com/prio/chat/" "Mozilla/5.0 (iPhone; CPU iPhone OS 16_7_10 like Mac OS X) AppleWebKit/605.1.15 (KHTML, like Gecko) CriOS/134.0.6998.33 Mobile/15E148 Safari/604.1"
37.111.207.218 - - [15/Mar/2025:13:11:21 +0300] "POST /realtime_request/ HTTP/1.1" 200 344 "https://network.digitalhubbd.com/prio/chat/" "Mozilla/5.0 (iPhone; CPU iPhone OS 16_7_10 like Mac OS X) AppleWebKit/605.1.15 (KHTML, like Gecko) CriOS/134.0.6998.33 Mobile/15E148 Safari/604.1"
37.111.207.218 - - [15/Mar/2025:13:11:25 +0300] "POST /realtime_request/ HTTP/1.1" 200 344 "https://network.digitalhubbd.com/prio/chat/" "Mozilla/5.0 (iPhone; CPU iPhone OS 16_7_10 like Mac OS X) AppleWebKit/605.1.15 (KHTML, like Gecko) CriOS/134.0.6998.33 Mobile/15E148 Safari/604.1"
37.111.207.218 - - [15/Mar/2025:13:11:27 +0300] "POST /realtime_request/ HTTP/1.1" 200 344 "https://network.digitalhubbd.com/prio/chat/" "Mozilla/5.0 (iPhone; CPU iPhone OS 16_7_10 like Mac OS X) AppleWebKit/605.1.15 (KHTML, like Gecko) CriOS/134.0.6998.33 Mobile/15E148 Safari/604.1"
37.111.207.218 - - [15/Mar/2025:13:11:32 +0300] "POST /web_request/ HTTP/1.1" 200 20 "https://network.digitalhubbd.com/prio/chat/" "Mozilla/5.0 (iPhone; CPU iPhone OS 16_7_10 like Mac OS X) AppleWebKit/605.1.15 (KHTML, like Gecko) CriOS/134.0.6998.33 Mobile/15E148 Safari/604.1"
37.111.207.218 - - [15/Mar/2025:13:11:30 +0300] "POST /realtime_request/ HTTP/1.1" 200 344 "https://network.digitalhubbd.com/prio/chat/" "Mozilla/5.0 (iPhone; CPU iPhone OS 16_7_10 like Mac OS X) AppleWebKit/605.1.15 (KHTML, like Gecko) CriOS/134.0.6998.33 Mobile/15E148 Safari/604.1"
37.111.207.218 - - [15/Mar/2025:13:11:32 +0300] "POST /realtime_request/ HTTP/1.1" 200 344 "https://network.digitalhubbd.com/prio/chat/" "Mozilla/5.0 (iPhone; CPU iPhone OS 16_7_10 like Mac OS X) AppleWebKit/605.1.15 (KHTML, like Gecko) CriOS/134.0.6998.33 Mobile/15E148 Safari/604.1"
37.111.207.218 - - [15/Mar/2025:13:11:36 +0300] "POST /realtime_request/ HTTP/1.1" 200 344 "https://network.digitalhubbd.com/prio/chat/" "Mozilla/5.0 (iPhone; CPU iPhone OS 16_7_10 like Mac OS X) AppleWebKit/605.1.15 (KHTML, like Gecko) CriOS/134.0.6998.33 Mobile/15E148 Safari/604.1"
37.111.207.218 - - [15/Mar/2025:13:11:38 +0300] "POST /realtime_request/ HTTP/1.1" 200 344 "https://network.digitalhubbd.com/prio/chat/" "Mozilla/5.0 (iPhone; CPU iPhone OS 16_7_10 like Mac OS X) AppleWebKit/605.1.15 (KHTML, like Gecko) CriOS/134.0.6998.33 Mobile/15E148 Safari/604.1"
37.111.207.218 - - [15/Mar/2025:13:11:42 +0300] "POST /web_request/ HTTP/1.1" 200 892 "https://network.digitalhubbd.com/prio/chat/" "Mozilla/5.0 (iPhone; CPU iPhone OS 16_7_10 like Mac OS X) AppleWebKit/605.1.15 (KHTML, like Gecko) CriOS/134.0.6998.33 Mobile/15E148 Safari/604.1"
37.111.207.218 - - [15/Mar/2025:13:11:41 +0300] "POST /realtime_request/ HTTP/1.1" 200 344 "https://network.digitalhubbd.com/prio/chat/" "Mozilla/5.0 (iPhone; CPU iPhone OS 16_7_10 like Mac OS X) AppleWebKit/605.1.15 (KHTML, like Gecko) CriOS/134.0.6998.33 Mobile/15E148 Safari/604.1"
37.111.207.218 - - [15/Mar/2025:13:11:43 +0300] "POST /realtime_request/ HTTP/1.1" 200 344 "https://network.digitalhubbd.com/prio/chat/" "Mozilla/5.0 (iPhone; CPU iPhone OS 16_7_10 like Mac OS X) AppleWebKit/605.1.15 (KHTML, like Gecko) CriOS/134.0.6998.33 Mobile/15E148 Safari/604.1"
37.111.207.218 - - [15/Mar/2025:13:11:47 +0300] "POST /realtime_request/ HTTP/1.1" 200 895 "https://network.digitalhubbd.com/prio/chat/" "Mozilla/5.0 (iPhone; CPU iPhone OS 16_7_10 like Mac OS X) AppleWebKit/605.1.15 (KHTML, like Gecko) CriOS/134.0.6998.33 Mobile/15E148 Safari/604.1"
37.111.207.218 - - [15/Mar/2025:13:11:51 +0300] "POST /entry/user_online_status/ HTTP/1.1" 200 0 "https://network.digitalhubbd.com/prio/chat/" "Mozilla/5.0 (iPhone; CPU iPhone OS 16_7_10 like Mac OS X) AppleWebKit/605.1.15 (KHTML, like Gecko) CriOS/134.0.6998.33 Mobile/15E148 Safari/604.1"
37.111.207.218 - - [15/Mar/2025:13:11:51 +0300] "POST /entry/user_online_status/ HTTP/1.1" 200 0 "https://network.digitalhubbd.com/prio/chat/" "Mozilla/5.0 (iPhone; CPU iPhone OS 16_7_10 like Mac OS X) AppleWebKit/605.1.15 (KHTML, like Gecko) CriOS/134.0.6998.33 Mobile/15E148 Safari/604.1"
37.111.207.218 - - [15/Mar/2025:13:11:49 +0300] "POST /realtime_request/ HTTP/1.1" 200 344 "https://network.digitalhubbd.com/prio/chat/" "Mozilla/5.0 (iPhone; CPU iPhone OS 16_7_10 like Mac OS X) AppleWebKit/605.1.15 (KHTML, like Gecko) CriOS/134.0.6998.33 Mobile/15E148 Safari/604.1"
37.111.207.218 - - [15/Mar/2025:13:11:51 +0300] "GET /assets/files/sound_notifications/to-the-point.mp3 HTTP/1.1" 206 2 "https://network.digitalhubbd.com/prio/chat/" "Mozilla/5.0 (iPhone; CPU iPhone OS 16_7_10 like Mac OS X) AppleWebKit/605.1.15 (KHTML, like Gecko) CriOS/134.0.6998.33 Mobile/15E148 Safari/604.1"
37.111.207.218 - - [15/Mar/2025:13:11:51 +0300] "GET /assets/files/defaults/call_notification.mp3 HTTP/1.1" 206 2 "https://network.digitalhubbd.com/prio/chat/" "Mozilla/5.0 (iPhone; CPU iPhone OS 16_7_10 like Mac OS X) AppleWebKit/605.1.15 (KHTML, like Gecko) CriOS/134.0.6998.33 Mobile/15E148 Safari/604.1"
37.111.207.218 - - [15/Mar/2025:13:11:51 +0300] "GET /assets/files/sound_notifications/to-the-point.mp3 HTTP/1.1" 206 75054 "https://network.digitalhubbd.com/prio/chat/" "Mozilla/5.0 (iPhone; CPU iPhone OS 16_7_10 like Mac OS X) AppleWebKit/605.1.15 (KHTML, like Gecko) CriOS/134.0.6998.33 Mobile/15E148 Safari/604.1"
37.111.207.218 - - [15/Mar/2025:13:11:51 +0300] "GET /assets/files/defaults/call_notification.mp3 HTTP/1.1" 206 109689 "https://network.digitalhubbd.com/prio/chat/" "Mozilla/5.0 (iPhone; CPU iPhone OS 16_7_10 like Mac OS X) AppleWebKit/605.1.15 (KHTML, like Gecko) CriOS/134.0.6998.33 Mobile/15E148 Safari/604.1"
37.111.207.218 - - [15/Mar/2025:13:11:52 +0300] "POST /entry/user_online_status/ HTTP/1.1" 200 0 "https://network.digitalhubbd.com/prio/chat/" "Mozilla/5.0 (iPhone; CPU iPhone OS 16_7_10 like Mac OS X) AppleWebKit/605.1.15 (KHTML, like Gecko) CriOS/134.0.6998.33 Mobile/15E148 Safari/604.1"
37.111.207.218 - - [15/Mar/2025:13:11:50 +0300] "POST /realtime_request/ HTTP/1.1" 200 344 "https://network.digitalhubbd.com/prio/chat/" "Mozilla/5.0 (iPhone; CPU iPhone OS 16_7_10 like Mac OS X) AppleWebKit/605.1.15 (KHTML, like Gecko) CriOS/134.0.6998.33 Mobile/15E148 Safari/604.1"
37.111.207.218 - - [15/Mar/2025:13:11:54 +0300] "POST /realtime_request/ HTTP/1.1" 200 344 "https://network.digitalhubbd.com/prio/chat/" "Mozilla/5.0 (iPhone; CPU iPhone OS 16_7_10 like Mac OS X) AppleWebKit/605.1.15 (KHTML, like Gecko) CriOS/134.0.6998.33 Mobile/15E148 Safari/604.1"
